-- Table structure for table `employee_daily_reports`
--

CREATE TABLE `employee_daily_reports` (
  `id` bigint(20) UNSIGNED NOT NULL,
  `date` date NOT NULL,
  `employee_id` varchar(255) NOT NULL,
  `shift` varchar(255) DEFAULT NULL,
  `in_spfid_1` varchar(255) DEFAULT NULL,
  `out_spfid_1` varchar(255) DEFAULT NULL,
  `in_spfid_2` varchar(255) DEFAULT NULL,
  `out_spfid_2` varchar(255) DEFAULT NULL,
  `first_half` varchar(255) DEFAULT NULL,
  `second_half` varchar(255) DEFAULT NULL,
  `late_in` varchar(255) DEFAULT NULL,
  `early_out` varchar(255) DEFAULT NULL,
  `hourly_paid_leave` varchar(255) DEFAULT NULL,
  `hourly_unpaid_leave` varchar(255) DEFAULT NULL,
  `over_time` varchar(255) DEFAULT NULL,
  `auth_ot` varchar(255) DEFAULT NULL,
  `auth_coff` varchar(255) DEFAULT NULL,
  `work_hours` varchar(255) DEFAULT NULL,
  `man_entry` varchar(255) DEFAULT NULL,
  `reason` varchar(255) DEFAULT NULL,
  `created_at` timestamp NULL DEFAULT NULL,
  `updated_at` timestamp NULL DEFAULT NULL
) ENGINE=InnoDB DEFAULT CHARSET=utf8mb4 COLLATE=utf8mb4_unicode_ci;

--
-- Dumping data for table `employee_daily_reports`
--

INSERT INTO `employee_daily_reports` (`id`, `date`, `employee_id`, `shift`, `in_spfid_1`, `out_spfid_1`, `in_spfid_2`, `out_spfid_2`, `first_half`, `second_half`, `late_in`, `early_out`, `hourly_paid_leave`, `hourly_unpaid_leave`, `over_time`, `auth_ot`, `auth_coff`, `work_hours`, `man_entry`, `reason`, `created_at`, `updated_at`) VALUES
(1, '2025-05-10', 'EMP1001', 'GS', '08:00', '12:00', '13:00', '17:00', 'Present', 'Present', 'No', 'No', '0', '0', '2', '1', '0', '8', 'No', '-', '2025-05-12 14:00:49', '2025-05-12 14:00:49'),
(3, '2025-05-10', '1003', 'GS', '08:00', '12:00', '13:00', '17:00', 'Present', 'Present', 'No', 'No', '0', '0', '2', '1', '0', '8', 'No', '-', '2025-06-14 13:13:35', '2025-06-14 13:13:35'),
(4, '2025-05-11', '1004', 'NS', '09:00', '13:00', '14:00', '18:00', 'Present', 'Present', 'Yes', 'No', '1', '0', '1.5', '0', '0', '7.5', 'Yes', 'Traffic', '2025-06-14 13:13:35', '2025-06-14 13:13:35');

-- --------------------------------------------------------

--
-- Table structure for table `employee_leaves`
--

CREATE TABLE `employee_leaves` (
  `id` bigint(20) UNSIGNED NOT NULL,
  `employee_id` varchar(255) NOT NULL,
  `employee_name` varchar(255) NOT NULL,
  `department` varchar(255) NOT NULL,
  `leave_type` varchar(255) NOT NULL,
  `leave_from` date NOT NULL,
  `leave_to` date NOT NULL,
  `number_of_days` decimal(5,2) NOT NULL,
  `duration_type` varchar(255) NOT NULL,
  `status` varchar(255) NOT NULL,
  `reason` text NOT NULL,
  `requested_on` datetime DEFAULT NULL,
  `approved_by` varchar(255) DEFAULT NULL,
  `approval_date` datetime DEFAULT NULL,
  `created_at` timestamp NULL DEFAULT NULL,
  `updated_at` timestamp NULL DEFAULT NULL
) ENGINE=InnoDB DEFAULT CHARSET=utf8mb4 COLLATE=utf8mb4_unicode_ci;

--
-- Dumping data for table `employee_leaves`
--

INSERT INTO `employee_leaves` (`id`, `employee_id`, `employee_name`, `department`, `leave_type`, `leave_from`, `leave_to`, `number_of_days`, `duration_type`, `status`, `reason`, `requested_on`, `approved_by`, `approval_date`, `created_at`, `updated_at`) VALUES
(5, '8', 'MUNIRATHNAM D', 'MACHINING', 'SL', '2025-06-16', '2025-06-16', 1.00, 'Full Day', 'Approved', 'asd', '2025-06-14 07:47:32', 'Admin', '2025-06-14 00:00:00', '2025-06-14 02:17:32', '2025-06-16 00:41:25'),
(6, '9', 'YOGESH', 'FABRICATION', 'CL', '2025-06-15', '2025-06-16', 1.00, 'Full Day', 'Approved', 'Personal', '2025-06-14 18:37:10', 'Admin', '2025-06-15 00:00:00', '2025-06-14 13:07:10', '2025-06-14 13:07:10'),
(8, '9', 'YOGESH', 'FABRICATION', 'LOP', '2025-06-18', '2025-06-22', 3.00, 'Full Day', 'Approved', 'Personal', '2025-06-15 08:40:24', 'Admin', '2025-06-15 00:00:00', '2025-06-15 03:10:24', '2025-06-20 06:46:58'),
(15, '17', 'VENUGOPAL CR', 'MACHINING', 'LOP', '2023-07-08', '2025-05-02', 4.00, 'Half Day', 'Pending', 'Quo est rerum hic ut (Excess CL auto-converted to LOP)', '2025-06-20 12:10:03', 'Cillum labore sint m', '2005-05-29 00:00:00', '2025-06-20 06:40:03', '2025-06-20 06:46:27');

-- --------------------------------------------------------

--
-- Table structure for table `employee_salary_details`
--

CREATE TABLE `employee_salary_details` (
  `id` bigint(20) UNSIGNED NOT NULL,
  `employee_id` bigint(20) UNSIGNED NOT NULL,
  `month_year` varchar(255) NOT NULL,
  `basic_da` decimal(10,2) DEFAULT NULL,
  `hra` decimal(10,2) DEFAULT NULL,
  `conveyance` decimal(10,2) DEFAULT NULL,
  `washing_allowance` decimal(10,2) DEFAULT NULL,
  `fixed_salary` decimal(10,2) DEFAULT NULL,
  `no_of_days_worked` int(11) DEFAULT NULL,
  `leave_given` int(11) DEFAULT NULL,
  `total_days_for_salary` int(11) DEFAULT NULL,
  `drawn_salary` decimal(10,2) DEFAULT NULL,
  `incentive_hrs` decimal(10,2) DEFAULT NULL,
  `incentive_rate` decimal(10,2) DEFAULT NULL,
  `incentive_amount` decimal(10,2) DEFAULT NULL,
  `attendance_bonus` decimal(10,2) DEFAULT NULL,
  `gross_salary` decimal(10,2) DEFAULT NULL,
  `esi` decimal(10,2) DEFAULT NULL,
  `pf` decimal(10,2) DEFAULT NULL,
  `pt` decimal(10,2) DEFAULT NULL,
  `advance_deduction` decimal(10,2) DEFAULT NULL,
  `net_salary` decimal(10,2) DEFAULT NULL,
  `payment_mode` varchar(255) DEFAULT NULL,
  `created_at` timestamp NULL DEFAULT NULL,
  `updated_at` timestamp NULL DEFAULT NULL
) ENGINE=InnoDB DEFAULT CHARSET=utf8mb4 COLLATE=utf8mb4_unicode_ci;

--
-- Dumping data for table `employee_salary_details`
--

INSERT INTO `employee_salary_details` (`id`, `employee_id`, `month_year`, `basic_da`, `hra`, `conveyance`, `washing_allowance`, `fixed_salary`, `no_of_days_worked`, `leave_given`, `total_days_for_salary`, `drawn_salary`, `incentive_hrs`, `incentive_rate`, `incentive_amount`, `attendance_bonus`, `gross_salary`, `esi`, `pf`, `pt`, `advance_deduction`, `net_salary`, `payment_mode`, `created_at`, `updated_at`) VALUES
(4, 6, '2025-05', 8000.00, 10000.00, 1000.00, 500.00, 15000.00, 22, 4, 26, 18000.00, 5.00, 1000.00, 5000.00, 2000.00, 25000.00, 1500.00, 1800.00, 200.00, NULL, 30000.00, 'Cash', '2025-05-26 07:34:56', '2025-05-26 07:34:56'),
(5, 6, '2025-06', 20000.00, 5000.00, 500.00, 208.00, 15000.00, 26, 3, 30, 20000.00, 2.00, 500.00, 500.00, 3000.00, 25000.00, 200.00, 200.00, 300.00, 3000.00, 25000.00, 'Cash', '2025-06-15 06:30:07', '2025-06-15 06:30:07'),
(6, 6, '2025-06', 20000.00, 5000.00, 500.00, 208.00, 15000.00, 26, 3, 30, 20000.00, 2.00, 500.00, 500.00, 3000.00, 25000.00, 200.00, 200.00, 300.00, 3000.00, 25000.00, 'Cash', '2025-06-15 06:30:07', '2025-06-15 06:30:07');

-- --------------------------------------------------------

--
-- Table structure for table `failed_jobs`
--

CREATE TABLE `failed_jobs` (
  `id` bigint(20) UNSIGNED NOT NULL,
  `uuid` varchar(255) NOT NULL,
  `connection` text NOT NULL,
  `queue` text NOT NULL,
  `payload` longtext NOT NULL,
  `exception` longtext NOT NULL,
  `failed_at` timestamp NOT NULL DEFAULT current_timestamp()
) ENGINE=InnoDB DEFAULT CHARSET=utf8mb4 COLLATE=utf8mb4_unicode_ci;

-- --------------------------------------------------------

--
-- Table structure for table `grns`
--

CREATE TABLE `grns` (
  `id` bigint(20) UNSIGNED NOT NULL,
  `grn_no` varchar(255) NOT NULL,
  `grn_date` date NOT NULL,
  `order_no` varchar(255) NOT NULL,
  `order_date` date NOT NULL,
  `order_ref_no` varchar(255) DEFAULT NULL,
  `company_name` varchar(255) NOT NULL,
  `company_address` varchar(255) DEFAULT NULL,
  `company_gst` varchar(255) DEFAULT NULL,
  `company_phone` varchar(255) DEFAULT NULL,
  `company_email` varchar(255) DEFAULT NULL,
  `quotation_no` varchar(255) DEFAULT NULL,
  `quotation_date` date DEFAULT NULL,
  `rfq_no` varchar(255) DEFAULT NULL,
  `rfq_date` date DEFAULT NULL,
  `part_no` varchar(255) DEFAULT NULL,
  `project_material_no` varchar(255) DEFAULT NULL,
  `drawing_no` varchar(255) DEFAULT NULL,
  `drawing_rev` varchar(255) DEFAULT NULL,
  `description` text DEFAULT NULL,
  `product_type` varchar(255) DEFAULT NULL,
  `challan_file` varchar(255) DEFAULT NULL,
  `created_at` timestamp NULL DEFAULT NULL,
  `updated_at` timestamp NULL DEFAULT NULL
) ENGINE=InnoDB DEFAULT CHARSET=utf8mb4 COLLATE=utf8mb4_unicode_ci;

-- --------------------------------------------------------

--
-- Table structure for table `grn_product_details`
--

CREATE TABLE `grn_product_details` (
  `id` bigint(20) UNSIGNED NOT NULL,
  `grn_id` bigint(20) UNSIGNED NOT NULL,
  `sl_no` int(10) UNSIGNED NOT NULL,
  `description` varchar(255) DEFAULT NULL,
  `quantity` decimal(8,2) DEFAULT NULL,
  `unit` varchar(255) DEFAULT NULL,
  `date` date DEFAULT NULL,
  `supplier` varchar(255) DEFAULT NULL,
  `remarks` varchar(255) DEFAULT NULL,
  `created_at` timestamp NULL DEFAULT NULL,
  `updated_at` timestamp NULL DEFAULT NULL
) ENGINE=InnoDB DEFAULT CHARSET=utf8mb4 COLLATE=utf8mb4_unicode_ci;

-- --------------------------------------------------------

--
-- Table structure for table `jobs`
--

CREATE TABLE `jobs` (
  `id` bigint(20) UNSIGNED NOT NULL,
  `queue` varchar(255) NOT NULL,
  `payload` longtext NOT NULL,
  `attempts` tinyint(3) UNSIGNED NOT NULL,
  `reserved_at` int(10) UNSIGNED DEFAULT NULL,
  `available_at` int(10) UNSIGNED NOT NULL,
  `created_at` int(10) UNSIGNED NOT NULL
) ENGINE=InnoDB DEFAULT CHARSET=utf8mb4 COLLATE=utf8mb4_unicode_ci;

-- --------------------------------------------------------

--
-- Table structure for table `job_batches`
--

CREATE TABLE `job_batches` (
  `id` varchar(255) NOT NULL,
  `name` varchar(255) NOT NULL,
  `total_jobs` int(11) NOT NULL,
  `pending_jobs` int(11) NOT NULL,
  `failed_jobs` int(11) NOT NULL,
  `failed_job_ids` longtext NOT NULL,
  `options` mediumtext DEFAULT NULL,
  `cancelled_at` int(11) DEFAULT NULL,
  `created_at` int(11) NOT NULL,
  `finished_at` int(11) DEFAULT NULL
) ENGINE=InnoDB DEFAULT CHARSET=utf8mb4 COLLATE=utf8mb4_unicode_ci;

-- --------------------------------------------------------

--
-- Table structure for table `machines`
--

CREATE TABLE `machines` (
  `id` bigint(20) UNSIGNED NOT NULL,
  `machine_id` varchar(255) NOT NULL,
  `machine_name` varchar(255) DEFAULT NULL,
  `machine_sl_no` varchar(255) NOT NULL,
  `make` varchar(255) DEFAULT NULL,
  `model_type` varchar(255) DEFAULT NULL,
  `diameter` varchar(255) DEFAULT NULL,
  `length` varchar(255) DEFAULT NULL,
  `weight` varchar(255) DEFAULT NULL,
  `remarks` text DEFAULT NULL,
  `created_at` timestamp NULL DEFAULT NULL,
  `updated_at` timestamp NULL DEFAULT NULL
) ENGINE=InnoDB DEFAULT CHARSET=utf8mb4 COLLATE=utf8mb4_unicode_ci;

--
-- Dumping data for table `machines`
--

INSERT INTO `machines` (`id`, `machine_id`, `machine_name`, `machine_sl_no`, `make`, `model_type`, `diameter`, `length`, `weight`, `remarks`, `created_at`, `updated_at`) VALUES
(7, 'MOGM1', 'MANUAL GRINDING  MACHINE', '43281', 'MOGM1 HMT', 'G17U', '350', '1500', '500', '', '2025-05-26 02:48:44', '2025-05-26 02:48:44'),
(8, 'MOGM2', 'MANUAL GRINDING  MACHINE', '4215', 'MOGM2 HMT', 'G22/U', '450', '2 MTR /4MTR EXTENSION', '1.25 TON', '', '2025-05-26 02:48:44', '2025-05-26 02:48:44'),
(9, 'MOGM3', 'MANUAL GRINDING  MACHINE', '44080', 'MOGM3 HMT', 'G22P', '450', '2 MTR /4MTR  4.5', '1.25', '', '2025-05-26 02:48:44', '2025-05-26 02:48:44'),
(10, 'COGM1', 'CNC GRINDING  MACHINE', 'F0557', 'COGM1 HMT', 'HCG55', '600/500', '3MTR', '', '', '2025-05-26 02:48:44', '2025-05-26 02:48:44'),
(11, 'MOGM4', 'MANUAL GRINDING  MACHINE', '2870', 'MOGM4 HMT', 'G22/U', '450', '1800MM', '', '', '2025-05-26 02:48:44', '2025-05-26 02:48:44'),
(12, 'VTL1', 'VERTICAL TURNING LATHE', '2148', 'VTL 1 W&B-SCHAESS', '', '', '', '', '', '2025-05-26 02:48:44', '2025-05-26 02:48:44'),
(13, 'VTL2', 'VERTICAL TURNING LATHE', '983', 'VTL-2W&B-SCHAESS', '', '', '', '', '', '2025-05-26 02:48:44', '2025-05-26 02:48:44'),
(14, 'CL1', 'CENTRE LATHE', '2293', 'CL-1 HINDUSTAN', 'LB25', '300', '2MTR', '', '', '2025-05-26 02:48:44', '2025-05-26 02:48:44'),
(15, 'CL2', 'CENTRE LATHE', '2497', 'CL-2MADURAS M/C TOOL', '275 N2', '300', '1.5 MTR', '', '', '2025-05-26 02:48:44', '2025-05-26 02:48:44'),
(16, 'HB1', 'HORIZENTAL BORING MACHINE', 'LOW 388', 'HB1 VMF', 'MCP.D46', '800', 'BASED ON REQUIRED', '', '', '2025-05-26 02:48:44', '2025-05-26 02:48:44'),
(17, 'CL3', 'CENTRE LATHE', '3759', 'CL3 HMT', 'NH22', '250', '2.8 MTR', '600 KG', '', '2025-05-26 02:48:44', '2025-05-26 02:48:44'),
(18, 'CL4', 'CENTRE LATHE', '', 'CL4 HMT', 'NH26', '350', '2.9 MTR', '1 TON', '', '2025-05-26 02:48:44', '2025-05-26 02:48:44'),
(19, 'CL5', 'CENTRE LATHE', '4536', 'CL5 HMT', 'H26', '300', '800', '200 KG', '', '2025-05-26 02:48:44', '2025-05-26 02:48:44'),
(20, 'UM1', 'UNIVERSAL MILLING MACHINE', '1177', 'UM1 HMT', 'FN3V', '', '', '', '', '2025-05-26 02:48:44', '2025-05-26 02:48:44'),
(21, 'CMM1', 'CONVENTIONAL MILLING MACHINE', '3801', 'CM1 HMT', 'FN2U', '', '', '', '', '2025-05-26 02:48:44', '2025-05-26 02:48:44'),
(22, 'RD1', 'RADIAL DRILLING', '33896', 'RD1 HMT', 'RM63', '', '', '', '', '2025-05-26 02:48:44', '2025-05-26 02:48:44'),
(23, 'CL6', 'CENTRE LATHE', '1431155', 'CL6 WMW', 'PL2630', '450', '7 MTR', '', '', '2025-05-26 02:48:44', '2025-05-26 02:48:44'),
(24, 'CL7', 'CENTRE LATHE', '2036', 'CL7 HMT', 'H801', '250', '5 MTR', '', '', '2025-05-26 02:48:44', '2025-05-26 02:48:44'),
(25, 'FB1', 'FLOOR BOARING MACHINE', 'D1012', 'FB1 COLLET', 'BF130', '', '', '', '', '2025-05-26 02:48:44', '2025-05-26 02:48:44'),
(26, 'CL8', 'CENTRE LATHE', '14285', 'CL8 HMT L45', 'L-45', '850', '6MTR(7MTR)', '', '', '2025-05-26 02:48:44', '2025-05-26 02:48:44'),
(27, 'CL9', 'CENTRE LATHE', '14261', 'CL9 HMT L45', 'L-45', '850', '3MTR(4MTR)', '', '', '2025-05-26 02:48:44', '2025-05-26 02:48:44'),
(28, 'PM1', 'PLANO MILLING MACHINE', '22301', 'PM-1 KOLLMANN', 'L-45', '', '', '', '', '2025-05-26 02:48:44', '2025-05-26 02:48:44'),
(29, 'UM2', 'MILLING', '53637', 'UM-2 NIGATA', '2UMB', '', '', '', '', '2025-05-26 02:48:44', '2025-05-26 02:48:44'),
(30, 'UM3', 'UNIVERSAL MILLING MACHINE', 'N2P 983', 'UM3 VARNAMO(VMP)', '', '', '', '', '', '2025-05-26 02:48:44', '2025-05-26 02:48:44'),
(31, 'TM1', 'HMD  TAPPING MACHINE', '1041', 'TM1 GAMOR', 'MT-M45', '', '', '', '', '2025-05-26 02:48:44', '2025-05-26 02:48:44'),
(32, 'CL10', 'LATHE', '2551', 'CL10 VDF', 'W35', '300', '3MTR', '', '', '2025-05-26 02:48:44', '2025-05-26 02:48:44'),
(33, 'CL11', 'LATHE', '5033', 'CL11 WMW', 'DW500', '1350', '9MTR', '35 TON', '', '2025-05-26 02:48:44', '2025-05-26 02:48:44'),
(34, 'CNCL1', 'CNC LATHE', '', 'CNCL1  HEC', '', 'CHECK', '', '', '', '2025-05-26 02:48:44', '2025-05-26 02:48:44'),
(35, 'MRGM1', 'ROLL GRINDING MACHINE', '', 'MRGM -1 WALDRICH SIEGEN', '', '1050', '9MTR', '', '', '2025-05-26 02:48:44', '2025-05-26 02:48:44'),
(36, 'MRGM2', 'UNDER INSTALLATION', '104801001', 'MRGM-2 WMW', 'SAXW 1000/2', '1200', '5.5 MTR', '', '', '2025-05-26 02:48:44', '2025-05-26 02:48:44'),
(37, 'TC1', '', 'MLO171-000070', 'TC1PUMA 800XXLY II', '', '', '', '', '', '2025-05-26 02:48:44', '2025-05-26 02:48:44'),
(38, 'TC2', '', 'CNC 4000M', 'TC2 PROTECK PL-600UR', '7/20/2087', '', '', '', '', '2025-05-26 02:48:44', '2025-05-26 02:48:44'),
(39, 'VMC1', 'VMC', 'K0142', 'VMC1 TAKUMI', 'V32', '1750', '3MTR', '', '', '2025-05-26 02:48:44', '2025-05-26 02:48:44'),
(40, 'CNCL2', 'CNC LATHE', '', 'CNCL2 VDF', '', '', '', '', '', '2025-05-26 02:48:44', '2025-05-26 02:48:44'),
(41, 'TC3', 'CNC', '', 'TC3 PROTECK PL-600UR', '', '580', '4.600 MTR', '', '', '2025-05-26 02:48:44', '2025-05-26 02:48:44'),
(42, 'TC4', 'CNC', 'PL-45 LY', 'TC-4 SAM SUNG', '', '350', '2.100 MTR', '', '', '2025-05-26 02:48:44', '2025-05-26 02:48:44'),
(43, '5AM1', 'UNDER MAINTAINCE', '430288240569', '5AM1 JOBS', 'JOMACH-243', '', '', '', '', '2025-05-26 02:48:44', '2025-05-26 02:48:44'),
(44, 'VTL3', 'VTL', 'XTA-452', 'VTL3 CINCINNATI HYPRO', '', '', '', '', '', '2025-05-26 02:48:44', '2025-05-26 02:48:44'),
(45, 'RD2', 'RADIAL  DRILLING MACHINE', '35649', 'RD2 HMT', 'RM 65', '', '', '', '', '2025-05-26 02:48:44', '2025-05-26 02:48:44'),
(46, 'JB1', 'JIG BOARING M/C', '599685-01', 'JB1 HENNING', '', '', '', '', '', '2025-05-26 02:48:44', '2025-05-26 02:48:44'),
(47, 'CM1', 'CUTTING MACHINE', '', 'CM1 BEHRINGER HBP-340', '', '350', '', '', '', '2025-05-26 02:48:44', '2025-05-26 02:48:44'),
(48, 'FCM1', 'FACING CENTERING MACHINE', '', 'FCM1 MICROTECH MACHINES', '', '200', '1900', '', '', '2025-05-26 02:48:44', '2025-05-26 02:48:44'),
(49, 'RD3', 'RADIAL DRILLING', '7-225', 'RD3 HMT', '', '', 'Z=1300', '', '', '2025-05-26 02:48:44', '2025-05-26 02:48:44'),
(50, 'CNCFC1', 'GAS CUTTING', '', 'CNCFC1 BALAJI', '', '', '', '', '', '2025-05-26 02:48:44', '2025-05-26 02:48:44'),
(51, 'COGM2', 'GRINDING', 'GN3215026', 'COGM2  PALMARY', 'OCD-32150', '250', '1200', '500-700', '', '2025-05-26 02:48:44', '2025-05-26 02:48:44'),
(52, 'PTM1', 'SPM', 'F-1008', 'PTMI BFW', 'PTM 200-BY', '250', '1200', '500-700', '', '2025-05-26 02:48:44', '2025-05-26 02:48:44'),
(53, 'TC5', 'CNC', 'H-1130', 'TC5 BFW', 'PL-500 S-1500', '250', '1200', '500-700', '', '2025-05-26 02:48:44', '2025-05-26 02:48:44'),
(54, 'RH1', 'ROBO HAND', 'R2 1145-514-3', 'RH1 YASKAVA', 'MOTOMAN-GP225', '200', '2700', '', '', '2025-05-26 02:48:44', '2025-05-26 02:48:44'),
(55, 'CMM2', 'CMM', '', 'CMM1 ACCURATE', '', '', '', '', '', '2025-05-26 02:48:44', '2025-05-26 02:48:44');

-- --------------------------------------------------------

--
-- Table structure for table `machine_operator`
--

CREATE TABLE `machine_operator` (
  `id` bigint(20) UNSIGNED NOT NULL,
  `machine_id` bigint(20) UNSIGNED NOT NULL,
  `employee_id` bigint(20) UNSIGNED NOT NULL,
  `created_at` timestamp NULL DEFAULT current_timestamp(),
  `updated_at` timestamp NULL DEFAULT current_timestamp() ON UPDATE current_timestamp()
) ENGINE=InnoDB DEFAULT CHARSET=latin1 COLLATE=latin1_swedish_ci;

--
-- Dumping data for table `machine_operator`
--

INSERT INTO `machine_operator` (`id`, `machine_id`, `employee_id`, `created_at`, `updated_at`) VALUES
(1, 10, 9, '2025-07-06 21:25:42', '2025-07-06 21:25:42'),
(2, 18, 6, '2025-07-06 23:31:40', '2025-07-06 23:31:40'),
(6, 18, 13, '2025-07-06 23:31:58', '2025-07-06 23:31:58'),
(7, 18, 14, '2025-07-06 23:31:58', '2025-07-06 23:31:58'),
(8, 18, 15, '2025-07-06 23:31:58', '2025-07-06 23:31:58'),
(9, 18, 16, '2025-07-06 23:31:58', '2025-07-06 23:31:58'),
(10, 8, 6, '2025-07-09 08:11:33', '2025-07-09 08:11:33');

-- --------------------------------------------------------

--
-- Table structure for table `manufacturing_plans`
--

CREATE TABLE `manufacturing_plans` (
  `id` bigint(20) UNSIGNED NOT NULL,
  `rc_id` varchar(255) NOT NULL,
  `company_name` varchar(255) NOT NULL,
  `status` varchar(255) NOT NULL DEFAULT 'Ready to plan',
  `rc_date` date DEFAULT NULL,
  `approved_by` varchar(255) DEFAULT NULL,
  `plan_by` varchar(255) DEFAULT NULL,
  `plan_date` date DEFAULT NULL,
  `machine` varchar(255) DEFAULT NULL,
  `process` varchar(255) DEFAULT NULL,
  `operator` varchar(255) DEFAULT NULL,
  `ct_hours` varchar(255) DEFAULT NULL,
  `ct_minutes` varchar(255) DEFAULT NULL,
  `start_date` datetime DEFAULT NULL,
  `end_date` datetime DEFAULT NULL,
  `created_at` timestamp NULL DEFAULT NULL,
  `updated_at` timestamp NULL DEFAULT NULL
) ENGINE=InnoDB DEFAULT CHARSET=utf8mb4 COLLATE=utf8mb4_unicode_ci;

-- --------------------------------------------------------

--
-- Table structure for table `migrations`
--

CREATE TABLE `migrations` (
  `id` int(10) UNSIGNED NOT NULL,
  `migration` varchar(255) NOT NULL,
  `batch` int(11) NOT NULL
) ENGINE=InnoDB DEFAULT CHARSET=utf8mb4 COLLATE=utf8mb4_unicode_ci;

--
-- Dumping data for table `migrations`
--

INSERT INTO `migrations` (`id`, `migration`, `batch`) VALUES
(1, '0001_01_01_000000_create_users_table', 1),
(2, '0001_01_01_000001_create_cache_table', 1),
(3, '0001_01_01_000002_create_jobs_table', 1),
(4, '2025_03_07_115615_add_role_to_users_table', 2),
(5, '2025_03_07_171535_create_customer_vendors_table', 3),
(6, '2025_03_11_175223_create_contact_persons_table', 4),
(7, '2025_04_27_150738_create_rfqs_table', 5),
(8, '2025_04_27_175325_create_quotations_table', 6),
(10, '2025_05_04_164820_create_tax_invoice_table', 7),
(11, '2025_05_04_170501_create_tax_invoice_items_table', 7),
(12, '2025_05_11_193431_create_employees_table', 8),
(13, '2025_05_12_170913_create_employee_attendances_table', 9),
(14, '2025_05_12_191523_create_employee_daily_reports_table', 10),
(15, '2025_05_12_202406_create_employee_employee_leaves_table', 11),
(16, '2025_05_13_165014_create_grns_table', 12),
(17, '2025_05_13_165035_create_grn_product_details_table', 12),
(18, '2025_05_13_185613_create_machines_table', 13),
(19, '2025_05_12_090001_create_skumaster_table', 14),
(21, '2025_05_16_173147_create_route_cards_table', 15),
(22, '2025_05_16_173316_create_route_card_processes_table', 15),
(23, '2025_05_17_173230_create_raw_materials_table', 16),
(24, '2025_05_17_211843_create_purchase_orders_table', 17),
(25, '2025_05_17_212104_create_purchase_order_items_table', 18),
(26, '2025_05_18_064141_create_product_types_table', 19),
(27, '2025_05_18_064222_create_processes_table', 19),
(28, '2025_05_18_075005_create_sku_approvals_table', 20),
(29, '2025_05_18_101405_create_sku_movements_table', 21),
(30, '2025_05_18_105832_create_quality_controls_table', 22),
(31, '2025_05_18_111132_create_manufacturing_plans_table', 23),
(32, '2025_05_18_113033_add_status_approval_to_route_cards_table', 23),
(33, '2025_05_19_041919_add_description_and_dates_to_route_card_processes', 24),
(34, '2025_05_19_044717_add_previous_process_id_to_route_card_processes', 25),
(35, '2025_05_19_080656_add_actual_start_to_route_card_processes', 26),
(36, '2025_05_19_080741_create_qc_approvals_table', 27),
(37, '2025_05_19_172750_create_employee_salary_details_table', 28),
(38, '2025_05_23_073153_create_company_types_table', 29),
(39, '2025_05_23_090524_create_account_types_table', 30),
(40, '2025_05_23_105536_create_rfq_types_table', 31),
(41, '2025_05_23_115248_add_chemical_properties_to_raw_materials_table', 32),
(42, '2025_05_24_054955_create_conversion_processes_table', 33),
(43, '2025_05_24_071823_alter_table_customer_vendor', 34),
(44, '2025_05_29_080551_2025_05_29_141145_create_categories_table', 35),
(45, '2025_05_29_141144_create_stock_items_table', 35),
(46, '2025_06_01_180458_create_purchases_table', 36),
(47, '2025_06_02_192542_create_credit_notes_table', 37),
(48, '2025_06_04_102840_add_remarks_to_purchases_table', 38),
(49, '2025_06_04_103252_add_remarks_column_to_purchases_table', 39),
(50, '2025_06_28_052105_create_purchase_files_table', 40),
(51, '2025_07_10_114653_create_rfq_files_table', 41),
(52, '2025_07_16_125749_create_purchase_rfqs_table', 42),
(53, '2025_07_16_125750_create_purchase_rfq_items_table', 43),
(54, '2025_07_16_132318_create_purchase_rfq_files_table', 44),
(55, '2025_07_20_053945_create_raw_material_files_table', 45);

-- --------------------------------------------------------

--
-- Table structure for table `processes`
--

CREATE TABLE `processes` (
  `id` bigint(20) UNSIGNED NOT NULL,
  `product_type_id` bigint(20) UNSIGNED NOT NULL,
  `name` varchar(255) NOT NULL,
  `order` int(11) NOT NULL DEFAULT 0,
  `created_at` timestamp NULL DEFAULT NULL,
  `updated_at` timestamp NULL DEFAULT NULL
) ENGINE=InnoDB DEFAULT CHARSET=utf8mb4 COLLATE=utf8mb4_unicode_ci;

--
-- Dumping data for table `processes`
--

INSERT INTO `processes` (`id`, `product_type_id`, `name`, `order`, `created_at`, `updated_at`) VALUES
(4, 1, 'Pre Turning', 4, '2025-05-18 06:47:29', '2025-05-18 06:47:29'),
(5, 1, 'CNC Turning', 5, '2025-05-18 06:47:29', '2025-05-18 06:47:29'),
(6, 1, 'Face Hole', 6, '2025-05-18 06:47:29', '2025-05-18 06:47:29'),
(7, 1, 'Cross Hole', 7, '2025-05-18 06:47:29', '2025-05-18 06:47:29'),
(8, 1, 'Deep Hole Drilling', 8, '2025-05-18 06:47:29', '2025-05-18 06:47:29'),
(9, 1, 'Re Centring', 9, '2025-05-18 06:47:29', '2025-05-18 06:47:29'),
(10, 1, 'Key Way Milling', 10, '2025-05-18 06:47:29', '2025-05-18 06:47:29'),
(11, 1, 'Grinding', 11, '2025-05-18 06:47:29', '2025-05-18 06:47:29'),
(12, 1, 'Burnishing', 12, '2025-05-18 06:47:29', '2025-05-18 06:47:29'),
(13, 1, 'Face Hole tapping', 13, '2025-05-18 06:47:29', '2025-05-18 06:47:29'),
(14, 1, 'Deburring & Cleaning', 14, '2025-05-18 06:47:29', '2025-05-18 06:47:29'),
(15, 1, 'Final Inspection', 15, '2025-05-18 06:47:29', '2025-05-18 06:47:29'),
(16, 1, 'Packing', 16, '2025-05-18 06:47:29', '2025-05-18 06:47:29'),
(17, 2, 'RM Testing', 1, '2025-05-18 06:47:40', '2025-05-18 06:47:40'),
(18, 2, 'RM Cutting', 2, '2025-05-18 06:47:40', '2025-05-18 06:47:40'),
(19, 2, 'Facing & Centering', 3, '2025-05-18 06:47:40', '2025-05-18 06:47:40'),
(20, 2, 'Pre Turning', 4, '2025-05-18 06:47:40', '2025-05-18 06:47:40'),
(21, 2, 'Plate Cutting', 5, '2025-05-18 06:47:40', '2025-05-18 06:47:40'),
(22, 2, 'Plate Drilling', 6, '2025-05-18 06:47:40', '2025-05-18 06:47:40'),
(23, 2, 'Chamfering', 7, '2025-05-18 06:47:40', '2025-05-18 06:47:40'),
(24, 2, 'RIB Setting', 8, '2025-05-18 06:47:40', '2025-05-18 06:47:40'),
(25, 2, 'Root Welding', 9, '2025-05-18 06:47:40', '2025-05-18 06:47:40'),
(26, 2, 'SAW Welding', 10, '2025-05-18 06:47:40', '2025-05-18 06:47:40'),
(27, 2, 'DP Testing 1', 11, '2025-05-18 06:47:40', '2025-05-18 06:47:40'),
(28, 2, 'Face Welding', 12, '2025-05-18 06:47:40', '2025-05-18 06:47:40'),
(29, 2, 'Grinding', 13, '2025-05-18 06:47:40', '2025-05-18 06:47:40'),
(30, 2, 'Stress Relieving', 14, '2025-05-18 06:47:40', '2025-05-18 06:47:40'),
(31, 2, 'Shot Blasting', 15, '2025-05-18 06:47:40', '2025-05-18 06:47:40'),
(32, 2, 'DP Testing 2', 16, '2025-05-18 06:47:40', '2025-05-18 06:47:40'),
(33, 2, 'CNC Turning', 17, '2025-05-18 06:47:40', '2025-05-18 06:47:40'),
(34, 2, 'Face Hole', 18, '2025-05-18 06:47:40', '2025-05-18 06:47:40'),
(35, 2, 'Cross Hole', 19, '2025-05-18 06:47:40', '2025-05-18 06:47:40'),
(36, 2, 'Deep Hole Drilling', 20, '2025-05-18 06:47:40', '2025-05-18 06:47:40'),
(37, 2, 'Re Centring', 21, '2025-05-18 06:47:40', '2025-05-18 06:47:40'),
(38, 2, 'Key Way Milling', 22, '2025-05-18 06:47:40', '2025-05-18 06:47:40'),
(39, 2, 'Grinding', 23, '2025-05-18 06:47:40', '2025-05-18 06:47:40'),
(40, 2, 'Burnishing', 24, '2025-05-18 06:47:40', '2025-05-18 06:47:40'),
(41, 2, 'Face Hole tapping', 25, '2025-05-18 06:47:40', '2025-05-18 06:47:40'),
(42, 2, 'Deburring & Cleaning', 26, '2025-05-18 06:47:40', '2025-05-18 06:47:40'),
(43, 2, 'Final Inspection', 27, '2025-05-18 06:47:40', '2025-05-18 06:47:40'),
(44, 2, 'Packing', 28, '2025-05-18 06:47:40', '2025-05-18 06:47:40'),
(50, 1, 'RM Testing', 1, '2025-06-19 08:39:57', '2025-06-19 08:39:57'),
(55, 1, 'RM Cutting', 2, '2025-07-25 03:36:17', '2025-07-25 03:36:17'),
(57, 1, 'Facing & Centering', 3, '2025-07-25 03:36:32', '2025-07-25 03:36:32');

-- --------------------------------------------------------

--
-- Table structure for table `process_machine`
--

CREATE TABLE `process_machine` (
  `id` bigint(20) UNSIGNED NOT NULL,
  `process_id` bigint(20) UNSIGNED NOT NULL,
  `machine_id` bigint(20) UNSIGNED NOT NULL,
  `created_at` timestamp NULL DEFAULT current_timestamp(),
  `updated_at` timestamp NULL DEFAULT current_timestamp()
) ENGINE=InnoDB DEFAULT CHARSET=latin1 COLLATE=latin1_swedish_ci;

--
-- Dumping data for table `process_machine`
--

INSERT INTO `process_machine` (`id`, `process_id`, `machine_id`, `created_at`, `updated_at`) VALUES
(1, 4, 17, NULL, NULL),
(4, 6, 17, '2025-06-07 19:34:29', '2025-06-07 19:34:29'),
(9, 50, 12, '2025-06-21 06:27:59', '2025-06-21 06:27:59'),
(10, 18, 12, '2025-06-30 08:04:57', '2025-06-30 08:04:57'),
(12, 11, 10, '2025-07-01 05:25:45', '2025-07-01 05:25:45'),
(14, 5, 14, '2025-07-01 07:06:36', '2025-07-01 07:06:36'),
(15, 18, 14, '2025-07-06 23:31:40', '2025-07-06 23:31:40'),
(16, 18, 15, '2025-07-06 23:31:40', '2025-07-06 23:31:40'),
(17, 18, 16, '2025-07-06 23:31:40', '2025-07-06 23:31:40'),
(18, 8, 7, '2025-07-09 08:11:33', '2025-07-09 08:11:33'),
(19, 8, 8, '2025-07-09 08:11:33', '2025-07-09 08:11:33'),
(20, 8, 9, '2025-07-09 08:11:33', '2025-07-09 08:11:33'),
(21, 8, 10, '2025-07-09 08:11:33', '2025-07-09 08:11:33'),
(22, 8, 13, '2025-07-09 08:11:33', '2025-07-09 08:11:33'),
(23, 8, 24, '2025-07-09 08:11:33', '2025-07-09 08:11:33'),
(24, 8, 25, '2025-07-09 08:11:33', '2025-07-09 08:11:33'),
(25, 8, 26, '2025-07-09 08:11:33', '2025-07-09 08:11:33'),
(26, 8, 27, '2025-07-09 08:11:33', '2025-07-09 08:11:33'),
(27, 8, 28, '2025-07-09 08:11:33', '2025-07-09 08:11:33'),
(28, 8, 45, '2025-07-09 08:11:33', '2025-07-09 08:11:33'),
(29, 8, 46, '2025-07-09 08:11:33', '2025-07-09 08:11:33'),
(30, 8, 47, '2025-07-09 08:11:33', '2025-07-09 08:11:33'),
(31, 8, 48, '2025-07-09 08:11:33', '2025-07-09 08:11:33'),
(32, 8, 49, '2025-07-09 08:11:33', '2025-07-09 08:11:33'),
(33, 8, 51, '2025-07-09 08:11:33', '2025-07-09 08:11:33'),
(34, 8, 52, '2025-07-09 08:11:33', '2025-07-09 08:11:33'),
(35, 8, 53, '2025-07-09 08:11:33', '2025-07-09 08:11:33');

-- --------------------------------------------------------

--
-- Table structure for table `process_operator`
--

CREATE TABLE `process_operator` (
  `id` bigint(20) UNSIGNED NOT NULL,
  `process_id` bigint(20) UNSIGNED NOT NULL,
  `employee_id` bigint(20) UNSIGNED NOT NULL,
  `created_at` timestamp NULL DEFAULT NULL,
  `updated_at` timestamp NULL DEFAULT NULL
) ENGINE=InnoDB DEFAULT CHARSET=latin1 COLLATE=latin1_swedish_ci;

--
-- Dumping data for table `process_operator`
--

INSERT INTO `process_operator` (`id`, `process_id`, `employee_id`, `created_at`, `updated_at`) VALUES
(1, 4, 7, NULL, NULL),
(4, 6, 19, NULL, NULL),
(6, 1, 19, NULL, NULL),
(7, 3, 15, NULL, NULL),
(9, 50, 15, NULL, NULL),
(10, 18, 65, NULL, NULL),
(11, 11, 14, NULL, NULL),
(13, 5, 18, NULL, NULL);

-- --------------------------------------------------------

--
-- Table structure for table `product_types`
--

CREATE TABLE `product_types` (
  `id` bigint(20) UNSIGNED NOT NULL,
  `name` varchar(255) NOT NULL,
  `created_at` timestamp NULL DEFAULT NULL,
  `updated_at` timestamp NULL DEFAULT NULL
) ENGINE=InnoDB DEFAULT CHARSET=utf8mb4 COLLATE=utf8mb4_unicode_ci;

--
-- Dumping data for table `product_types`
--

INSERT INTO `product_types` (`id`, `name`, `created_at`, `updated_at`) VALUES
(1, 'Round Shaft', '2025-05-18 06:47:10', '2025-05-18 06:47:10'),
(2, 'Rib Shaft', '2025-05-18 06:47:10', '2025-05-18 06:47:10');

-- --------------------------------------------------------

--
-- Table structure for table `purchases`
--

CREATE TABLE `purchases` (
  `id` bigint(20) UNSIGNED NOT NULL,
  `purchase_id` varchar(255) NOT NULL,
  `purchase_date` date NOT NULL,
  `invoice_no` varchar(255) NOT NULL,
  `invoice_date` date NOT NULL,
  `party_id` bigint(20) UNSIGNED NOT NULL,
  `sub_total` decimal(15,2) NOT NULL DEFAULT 0.00,
  `additional_charges` decimal(15,2) NOT NULL DEFAULT 0.00,
  `tds` decimal(15,2) NOT NULL DEFAULT 0.00,
  `total_amount` decimal(15,2) NOT NULL DEFAULT 0.00,
  `paid_amount` decimal(15,2) DEFAULT 0.00,
  `balance_amount` decimal(15,2) NOT NULL DEFAULT 0.00,
  `status` varchar(20) NOT NULL DEFAULT 'unpaid',
  `payment_mode` varchar(255) DEFAULT NULL,
  `remarks` text DEFAULT NULL,
  `reference` varchar(255) DEFAULT NULL,
  `note` text DEFAULT NULL,
  `payment_terms` varchar(255) DEFAULT NULL,
  `created_at` timestamp NULL DEFAULT NULL,
  `updated_at` timestamp NULL DEFAULT NULL,
  `purchase_order_id` int(11) NOT NULL,
  `purchase_order_date` date NOT NULL,
  `purchase_no` varchar(255) NOT NULL,
  `vendor_email` varchar(255) NOT NULL,
  `vendor_reference_no` varchar(255) NOT NULL,
  `company_gstn` decimal(15,2) NOT NULL,
  `company_address` varchar(255) NOT NULL,
  `company_phone` varchar(255) NOT NULL,
  `description` varchar(255) NOT NULL,
  `delivery_terms` varchar(255) NOT NULL,
  `total_tds` decimal(15,2) NOT NULL,
  `payment_reference` varchar(255) NOT NULL,
  `payment_reason` varchar(255) NOT NULL,
  `gst` varchar(255) NOT NULL
) ENGINE=InnoDB DEFAULT CHARSET=utf8mb4 COLLATE=utf8mb4_unicode_ci;

--
-- Dumping data for table `purchases`
--

INSERT INTO `purchases` (`id`, `purchase_id`, `purchase_date`, `invoice_no`, `invoice_date`, `party_id`, `sub_total`, `additional_charges`, `tds`, `total_amount`, `paid_amount`, `balance_amount`, `status`, `payment_mode`, `remarks`, `reference`, `note`, `payment_terms`, `created_at`, `updated_at`, `purchase_order_id`, `purchase_order_date`, `purchase_no`, `vendor_email`, `vendor_reference_no`, `company_gstn`, `company_address`, `company_phone`, `description`, `delivery_terms`, `total_tds`, `payment_reference`, `payment_reason`, `gst`) VALUES
(30, '2025-26/01572', '2025-07-22', 'UEPL/P/INV/0001', '2025-07-22', 21, 6240.00, 0.00, 124.80, 6988.80, 988.80, 6000.00, 'unpaid', NULL, NULL, NULL, NULL, NULL, '2025-07-22 02:29:18', '2025-07-22 02:29:18', 0, '0000-00-00', '', '', '', 0.00, '', '', '', '', 0.00, '', '', ''),
(31, 'F25261146', '2025-07-22', 'UEPL/P/INV/0002', '2025-07-22', 1432, 24150.00, 0.00, 0.00, 28497.00, 0.00, 28497.00, 'unpaid', NULL, NULL, NULL, NULL, NULL, '2025-07-22 02:53:38', '2025-07-22 02:53:38', 0, '0000-00-00', '', '', '', 0.00, '', '', '', '', 0.00, '', '', '');

-- --------------------------------------------------------

--
-- Table structure for table `purchasesv1`
--

CREATE TABLE `purchasesv1` (
  `id` bigint(20) UNSIGNED NOT NULL,
  `purchase_no` varchar(255) NOT NULL,
  `purchase_date` date NOT NULL,
  `purchase_order_no` varchar(255) DEFAULT NULL,
  `purchase_order_date` date DEFAULT NULL,
  `vendor_ref_no` varchar(255) DEFAULT NULL,
  `vendor_invoice_no` varchar(255) DEFAULT NULL,
  `vendor_id` int(11) DEFAULT NULL,
  `company_name` varchar(255) DEFAULT NULL,
  `company_address` varchar(255) DEFAULT NULL,
  `company_gstn` varchar(255) DEFAULT NULL,
  `company_phone` varchar(255) DEFAULT NULL,
  `company_email` varchar(255) DEFAULT NULL,
  `payment_terms` varchar(255) DEFAULT NULL,
  `bill_address` text DEFAULT NULL,
  `ship_address` text DEFAULT NULL,
  `inr_in_words` varchar(255) DEFAULT NULL,
  `subtotal` decimal(15,2) NOT NULL DEFAULT 0.00,
  `sgst_amount` decimal(15,2) NOT NULL DEFAULT 0.00,
  `cgst_amount` decimal(15,2) NOT NULL DEFAULT 0.00,
  `igst_amount` decimal(15,2) NOT NULL DEFAULT 0.00,
  `round_up` decimal(15,2) NOT NULL DEFAULT 0.00,
  `grand_total` decimal(15,2) NOT NULL DEFAULT 0.00,
  `paid_amount` decimal(15,2) DEFAULT 0.00,
  `balance_amount` decimal(15,2) NOT NULL DEFAULT 0.00,
  `payment_status` varchar(255) DEFAULT 'unpaid',
  `payment_method` varchar(255) DEFAULT NULL,
  `payment_reference_no` varchar(255) DEFAULT NULL,
  `payment_delay_reason` varchar(255) DEFAULT NULL,
  `tds_amount` decimal(15,2) NOT NULL,
  `net_payable_amount` decimal(15,2) NOT NULL,
  `quotation_no` varchar(255) DEFAULT NULL,
  `quotation_date` date DEFAULT NULL,
  `description` text DEFAULT NULL,
  `delivery_terms` varchar(255) DEFAULT NULL COMMENT 'Delivery Terms',
  `additional_charges` varchar(255) DEFAULT NULL COMMENT 'Additional charges',
  `note` text DEFAULT NULL COMMENT 'Notes about the PO',
  `status` varchar(255) NOT NULL DEFAULT 'pending',
  `created_at` timestamp NULL DEFAULT NULL,
  `updated_at` timestamp NULL DEFAULT NULL
) ENGINE=InnoDB DEFAULT CHARSET=latin1 COLLATE=latin1_swedish_ci;

--
-- Dumping data for table `purchasesv1`
--

INSERT INTO `purchasesv1` (`id`, `purchase_no`, `purchase_date`, `purchase_order_no`, `purchase_order_date`, `vendor_ref_no`, `vendor_invoice_no`, `vendor_id`, `company_name`, `company_address`, `company_gstn`, `company_phone`, `company_email`, `payment_terms`, `bill_address`, `ship_address`, `inr_in_words`, `subtotal`, `sgst_amount`, `cgst_amount`, `igst_amount`, `round_up`, `grand_total`, `paid_amount`, `balance_amount`, `payment_status`, `payment_method`, `payment_reference_no`, `payment_delay_reason`, `tds_amount`, `net_payable_amount`, `quotation_no`, `quotation_date`, `description`, `delivery_terms`, `additional_charges`, `note`, `status`, `created_at`, `updated_at`) VALUES
(13, 'UEPL/P/INV/0001', '2025-07-28', 'UEPL/PO/0001', '2025-07-28', 'aaa', 'aaaaaaaaaaaaa', 1325, 'ADISHWAR INDIA LIMITED', 'NO 22, 2, B4, 80 FEET ROAD, KENGERI SATELLITE TOWN, BANGALORE - 560020', '29AABCA4663P1Z5', '8040833999', 'KENGERI@ADISHWARINDIA.COM', NULL, 'NO 22, 2, B4, 80 FEET ROAD, KENGERI SATELLITE TOWN, BANGALORE - 560020', 'NO 22, 2, B4, 80 FEET ROAD, KENGERI SATELLITE TOWN, BANGALORE - 560020', 'Four Hundred Thirty Five Only', 384.12, 34.57, 34.57, 0.00, 0.00, 576.26, 123.00, 435.00, 'partial', 'Bank Transfer NEFT', '123asd', 'asd', 19.21, 558.00, 'UEPL/P/QT/0001', '2025-07-28', 'aaaaa', 'aaaa', '123', 'aaaaa', 'approved', '2025-07-28 01:27:51', '2025-07-28 07:10:26'),
(14, 'UEPL/P/INV/0002', '2024-12-31', 'UEPL/PO/0002', '2025-07-29', NULL, '7555', 1766, 'UNIVERSAL AIR PRODUCTS PVT LTD', 'PLOT NO 22A, 3RD STAGE, PEENYA INDUSTRIAL AREA, BANGALORE 560058', '29AAACU6978L1ZG', '9900562316', 'accts.uappl@gmail.com', NULL, 'PLOT NO 22A, 3RD STAGE, PEENYA INDUSTRIAL AREA, BANGALORE 560058', 'PLOT NO 22A, 3RD STAGE, PEENYA INDUSTRIAL AREA, BANGALORE 560058', 'Twenty Four Thousand Seventy Two Only', 20400.00, 1836.00, 1836.00, 0.00, 0.00, 24072.00, 0.00, 24072.00, 'unpaid', 'Credit', NULL, NULL, 0.00, 24072.00, 'UEPL/P/QT/0002', '2025-07-29', NULL, NULL, '0', NULL, 'approved', '2025-07-28 22:50:02', '2025-07-28 22:50:43'),
(15, 'UEPL/P/INV/0003', '2025-01-04', NULL, '2025-01-04', NULL, '2218', 1702, 'SRI BHAVANI BEARING COMPANY', NULL, '29CDHPG5647K1Z2', '9900593865', 'naikbearing2017@gmail.com', NULL, '#48, 3rd cross ganapati nagara, rajagopala nagara main road, opp ganesh temple peenya 3rd stage bangalore - 560058', NULL, 'Fifteen Thousand Nine Hundred Thirty Only', 13500.00, 1215.00, 1215.00, 0.00, 0.00, 15930.00, 0.00, 15930.00, 'unpaid', 'Credit', NULL, NULL, 0.00, 15930.00, NULL, NULL, NULL, NULL, '0', NULL, 'approved', '2025-07-28 22:54:11', '2025-07-28 22:54:39'),
(17, 'UEPL/P/INV/0004', '2025-01-06', NULL, '2025-01-06', NULL, '1586', 1418, 'DURGA BEARING CO PVT LTD', NULL, '29AAECD6516B1ZW', '7259101336', 'durgaban@durgabrgs.com', '45', '#10/26c,UTSAV, 1st Floor 20th Main, 1st R Block, West Chord Road, Rajaji Nagar Bangalore 560010', NULL, 'Twenty Six Thousand Five Hundred Fifty Only', 22500.00, 2025.00, 2025.00, 0.00, 0.00, 26550.00, 0.00, 26550.00, 'unpaid', 'Credit', NULL, NULL, 0.00, 26550.00, NULL, NULL, NULL, NULL, '0', NULL, 'pending', '2025-07-28 23:24:58', '2025-07-29 01:32:32'),
(18, 'UEPL/P/INV/0005', '2024-12-18', 'UEPL/PO/0003', '2024-12-01', NULL, '1368', 1783, 'VINASS HEAT TREATERS', 'PLOT NO M-2/1 5TH CROSS, 1ST STAGE, PEENYA INDUSTRIAL ESTATE, BANGALORE 560058', '29AASFV7531P1Z0', '9449232142', 'vhtbng@gmail.com', NULL, 'PLOT NO M-2/1 5TH CROSS, 1ST STAGE, PEENYA INDUSTRIAL ESTATE, BANGALORE 560058', 'PLOT NO M-2/1 5TH CROSS, 1ST STAGE, PEENYA INDUSTRIAL ESTATE, BANGALORE 560058', NULL, 2422.00, 145.32, 145.32, 0.00, 0.00, 2712.64, 2713.00, 0.00, 'paid', 'Cash', 'cash 18/12/2024/Rangappa', NULL, 0.00, 2713.00, 'UEPL/P/QT/0003', '2024-11-30', NULL, NULL, '0', NULL, 'approved', '2025-07-28 23:31:42', '2025-07-28 23:56:38');

-- --------------------------------------------------------

--
-- Table structure for table `purchase_files`
--

CREATE TABLE `purchase_files` (
  `id` bigint(20) UNSIGNED NOT NULL,
  `purchase_id` bigint(20) UNSIGNED NOT NULL,
  `file_path` varchar(255) NOT NULL,
  `file_name` varchar(255) NOT NULL,
  `created_at` timestamp NULL DEFAULT NULL,
  `updated_at` timestamp NULL DEFAULT NULL
) ENGINE=InnoDB DEFAULT CHARSET=latin1 COLLATE=latin1_swedish_ci;

--
-- Dumping data for table `purchase_files`
--

INSERT INTO `purchase_files` (`id`, `purchase_id`, `file_path`, `file_name`, `created_at`, `updated_at`) VALUES
(2, 6, 'purchase_files/cZOfs5fSTV7rmViCo6C8teCeR0bUxOb0qlwcH3v7.png', 'Dalbag.png', '2025-07-24 09:22:23', '2025-07-24 09:22:23'),
(4, 7, 'purchase_files/hyukaJYIBNV71kX8HchyFAlrOi6TnK0wxoIjbb6T.png', 'Untitled.png', '2025-07-25 01:20:01', '2025-07-25 01:20:01'),
(5, 11, 'purchase_files/22Zjjix6uCofGSFRacFdfT6OFLbLAmucSVQ7aKgx.png', 'URL QR Code.png', '2025-07-26 12:15:37', '2025-07-26 12:15:37'),
(6, 11, 'purchase_files/ttUY0BwUDeZWsTs3o8oa6ogWTXI0oCRwKPELneX1.png', 'Untitled.png', '2025-07-26 12:15:37', '2025-07-26 12:15:37'),
(7, 11, 'purchase_files/1avOWsCrhJQz6WInAM9L1uEBri6vt7H5FKYyvfAV.jpg', 'WhatsApp Image 2025-07-12 at 2.44.10 PM.jpeg', '2025-07-26 12:15:37', '2025-07-26 12:15:37'),
(9, 13, 'purchase_files/SCkwxe98dNJWjDIxftzmXjY6CC4i30zBN2CZ0629.png', 'Untitled.png', '2025-07-28 01:27:51', '2025-07-28 01:27:51'),
(10, 14, 'purchase_files/g8c0EruV1Gonxa7Y5ScFlmvL5TPr2eztGSEjbOXd.pdf', 'DECEMBER 2024 - 31 - UNIVERSAL AIR PRODUCTS - 7555 - 24730.00.PDF', '2025-07-28 22:50:02', '2025-07-28 22:50:02'),
(11, 15, 'purchase_files/NC4QU6X113bcFBVffzvEH0LbuoqIQTuKZJn0i2H2.pdf', 'JANUARY 2025 - 04 - SRI BHAVANI BEARING COMPANY - 2218 - 15930.00.PDF', '2025-07-28 22:54:11', '2025-07-28 22:54:11'),
(12, 18, 'purchase_files/lfKEkbHun4y4axWETgVjPFznfXLTFWu8mfSRS8is.pdf', 'DECEMBER 2024 - 18 - VINASS HEAT TREATERS - 1368 - 2712.00.PDF', '2025-07-28 23:31:42', '2025-07-28 23:31:42');

-- --------------------------------------------------------

--
-- Table structure for table `purchase_items`
--

CREATE TABLE `purchase_items` (
  `id` bigint(20) NOT NULL,
  `purchase_id` varchar(50) NOT NULL,
  `stock_item_id` varchar(50) NOT NULL,
  `stock_item_name` varchar(255) NOT NULL,
  `description` text DEFAULT NULL,
  `quantity` decimal(10,2) NOT NULL,
  `uom` varchar(20) NOT NULL,
  `unit_rate` decimal(10,2) NOT NULL,
  `tds` decimal(10,2) DEFAULT 0.00,
  `discount` decimal(10,2) DEFAULT 0.00,
  `value` decimal(10,2) NOT NULL,
  `sgst` decimal(10,2) DEFAULT 0.00,
  `cgst` decimal(10,2) DEFAULT 0.00,
  `igst` decimal(10,2) DEFAULT 0.00,
  `amount` decimal(10,2) NOT NULL,
  `created_at` timestamp NULL DEFAULT current_timestamp(),
  `updated_at` timestamp NULL DEFAULT current_timestamp() ON UPDATE current_timestamp()
) ENGINE=InnoDB DEFAULT CHARSET=latin1 COLLATE=latin1_swedish_ci;

--
-- Dumping data for table `purchase_items`
--

INSERT INTO `purchase_items` (`id`, `purchase_id`, `stock_item_id`, `stock_item_name`, `description`, `quantity`, `uom`, `unit_rate`, `tds`, `discount`, `value`, `sgst`, `cgst`, `igst`, `amount`, `created_at`, `updated_at`) VALUES
(6, '6', '58', 'D C WHEELS 100', NULL, 25.00, 'we', 4.00, 3.00, 3.00, 97.00, 2.50, 2.50, 0.00, 101.85, '2025-07-24 09:17:42', '2025-07-24 09:17:42'),
(7, '7', '45', 'ABRESSIVE BELT 50X2000X120 GRIT', NULL, 12.00, 'NOS', 21.00, 5.00, 3.00, 244.44, 9.00, 9.00, 0.00, 288.44, '2025-07-25 00:39:17', '2025-07-25 00:39:17'),
(8, '7', '173', 'BEARING BALL 6204 SKF', NULL, 21.00, 'NOS', 12.00, 7.00, 2.00, 246.96, 9.00, 9.00, 0.00, 291.41, '2025-07-25 00:39:17', '2025-07-25 00:39:17'),
(9, '8', '1696', 'OIL FRICON COOLKUTT G', NULL, 210.00, 'ltr', 115.00, 0.00, 0.00, 24150.00, 9.00, 9.00, 0.00, 28497.00, '2025-07-25 06:18:27', '2025-07-25 06:18:27'),
(10, '9', '47', 'ABRESSIVE BELTS 80 GRIT', 'aa', 25.00, 'dcsd', 24.00, 5.00, 2.00, 588.00, 2.50, 2.50, 0.00, 617.40, '2025-07-26 07:06:22', '2025-07-26 07:24:31'),
(11, '10', '2796', 'STRESS RELEIVING & SHOT BLASTING', 'rotor shaft drwg no 6237941', 1560.00, 'kg', 4.00, 2.00, 12.00, 5491.20, 6.00, 6.00, 0.00, 6150.14, '2025-07-26 07:26:23', '2025-07-26 07:26:23'),
(12, '10', '44', 'ABRESSIVE BELT 120 GRIT', 'aaasd', 23.00, 'NOS', 12.00, 12.00, 12.00, 242.88, 12.00, 12.00, NULL, 301.17, '2025-07-26 07:26:23', '2025-07-26 07:27:22'),
(13, '11', '2796', 'STRESS RELEIVING & SHOT BLASTING', 'rotor shaft drwg no 6237941', 1560.00, 'kg', 20.00, 10.00, 10.00, 28080.00, 6.00, 6.00, 5.00, 32853.60, '2025-07-26 12:15:37', '2025-07-26 12:15:37'),
(16, '13', '46', 'ABRESSIVE BELT 50X2000X320 GRIT', 'aaa', 12.00, 'NOS', 12.00, 5.00, 3.00, 139.68, 9.00, 9.00, 0.00, 164.82, '2025-07-28 01:27:51', '2025-07-28 01:27:51'),
(17, '13', '59', 'D C WHEELS 125', 'aaaa', 12.00, 'NOS', 21.00, 5.00, 3.00, 244.44, 9.00, 9.00, 0.00, 288.44, '2025-07-28 01:27:51', '2025-07-28 01:27:51'),
(18, '14', '1251', 'GAS ACM', 'null', 16.00, 'Cum', 700.00, 0.00, 0.00, 11200.00, 9.00, 9.00, 0.00, 13216.00, '2025-07-28 22:50:02', '2025-07-28 22:50:02'),
(19, '14', '1260', 'GAS OXYGEN COMMERCIAL GAS', 'null', 32.00, 'CuM', 250.00, 0.00, 0.00, 8000.00, 9.00, 9.00, 0.00, 9440.00, '2025-07-28 22:50:02', '2025-07-28 22:50:02'),
(20, '14', '2785', 'LOX FASCILITY CHARGES', 'null', 1.00, 'Time', 1200.00, 0.00, 0.00, 1200.00, 9.00, 9.00, 0.00, 1416.00, '2025-07-28 22:50:02', '2025-07-28 22:50:02'),
(21, '15', '217', 'BEARING ROLLER NUTR3072-A  INA', NULL, 4.00, 'no', 3375.00, NULL, NULL, 13500.00, 9.00, 9.00, NULL, 15930.00, '2025-07-28 22:54:11', '2025-07-28 22:54:11'),
(22, '17', '392', 'NUT SETTER', NULL, 10.00, 'no', 2250.00, NULL, NULL, 22500.00, 9.00, 9.00, NULL, 26550.00, '2025-07-28 23:24:58', '2025-07-28 23:24:58'),
(23, '18', '3209', 'HEAT TREATMENT CHARGES', 'null', 1.00, 'no', 2422.00, 0.00, 0.00, 2422.00, 6.00, 6.00, 0.00, 2712.64, '2025-07-28 23:31:42', '2025-07-28 23:31:42');

-- --------------------------------------------------------

--
-- Table structure for table `purchase_orders`
--

CREATE TABLE `purchase_orders` (
  `id` bigint(20) UNSIGNED NOT NULL,
  `purchase_order_no` varchar(255) NOT NULL,
  `purchase_order_date` date NOT NULL,
  `quotation_no` varchar(255) DEFAULT NULL,
  `quotation_date` date DEFAULT NULL,
  `customer_ref_no` varchar(255) DEFAULT NULL,
  `vendor_id` int(11) DEFAULT NULL,
  `company_name` varchar(255) NOT NULL,
  `company_address` varchar(255) DEFAULT NULL,
  `company_gstn` varchar(255) DEFAULT NULL,
  `company_phone` varchar(255) DEFAULT NULL,
  `company_email` varchar(255) DEFAULT NULL,
  `bill_address` text DEFAULT NULL,
  `ship_address` text DEFAULT NULL,
  `inr_in_words` varchar(255) DEFAULT NULL,
  `subtotal` decimal(15,2) NOT NULL DEFAULT 0.00,
  `sgst_amount` decimal(15,2) NOT NULL DEFAULT 0.00,
  `cgst_amount` decimal(15,2) NOT NULL DEFAULT 0.00,
  `igst_amount` decimal(15,2) NOT NULL DEFAULT 0.00,
  `round_up` decimal(15,2) NOT NULL DEFAULT 0.00,
  `grand_total` decimal(15,2) NOT NULL DEFAULT 0.00,
  `rfq_no` varchar(255) DEFAULT NULL,
  `rfq_date` date DEFAULT NULL,
  `description` text DEFAULT NULL,
  `delivery_terms` varchar(255) DEFAULT NULL COMMENT 'Delivery Terms',
  `additional_charges` varchar(255) DEFAULT NULL COMMENT 'Additional charges',
  `note` text DEFAULT NULL COMMENT 'Notes about the PO',
  `status` varchar(255) NOT NULL DEFAULT 'pending',
  `created_at` timestamp NULL DEFAULT NULL,
  `updated_at` timestamp NULL DEFAULT NULL
) ENGINE=InnoDB DEFAULT CHARSET=utf8mb4 COLLATE=utf8mb4_unicode_ci;

--
-- Dumping data for table `purchase_orders`
--

INSERT INTO `purchase_orders` (`id`, `purchase_order_no`, `purchase_order_date`, `quotation_no`, `quotation_date`, `customer_ref_no`, `vendor_id`, `company_name`, `company_address`, `company_gstn`, `company_phone`, `company_email`, `bill_address`, `ship_address`, `inr_in_words`, `subtotal`, `sgst_amount`, `cgst_amount`, `igst_amount`, `round_up`, `grand_total`, `rfq_no`, `rfq_date`, `description`, `delivery_terms`, `additional_charges`, `note`, `status`, `created_at`, `updated_at`) VALUES
(49, 'UEPL/PO/0001', '2025-07-28', 'UEPL/P/QT/0001', '2025-07-28', 'aaa', 1325, 'ADISHWAR INDIA LIMITED', 'NO 22, 2, B4, 80 FEET ROAD, KENGERI SATELLITE TOWN, BANGALORE - 560020', '29AABCA4663P1Z5', '8040833999', 'KENGERI@ADISHWARINDIA.COM', 'NO 22, 2, B4, 80 FEET ROAD, KENGERI SATELLITE TOWN, BANGALORE - 560020', 'NO 22, 2, B4, 80 FEET ROAD, KENGERI SATELLITE TOWN, BANGALORE - 560020', 'Four hundred and thirty five', 384.12, 34.57, 34.57, 0.00, 0.94, 435.00, 'UEPL/P/RFQ/0001', '2025-07-28', 'aaaaa', 'aaaa', '123', 'aaaaa', 'approved', '2025-07-28 00:45:28', '2025-07-28 00:46:34'),
(50, 'UEPL/PO/0002', '2025-07-29', 'UEPL/P/QT/0002', '2025-07-29', NULL, 1766, 'UNIVERSAL AIR PRODUCTS PVT LTD', 'PLOT NO 22A, 3RD STAGE, PEENYA INDUSTRIAL AREA, BANGALORE 560058', '29AAACU6978L1ZG', '9900562316', 'accts.uappl@gmail.com', 'PLOT NO 22A, 3RD STAGE, PEENYA INDUSTRIAL AREA, BANGALORE 560058', 'PLOT NO 22A, 3RD STAGE, PEENYA INDUSTRIAL AREA, BANGALORE 560058', 'Twenty four thousand and seventy two', 20400.00, 1836.00, 1836.00, 0.00, 0.00, 24072.00, 'UEPL/P/RFQ/0002', '2024-12-25', NULL, NULL, '0', NULL, 'approved', '2025-07-28 22:46:35', '2025-07-28 22:47:25'),
(51, 'UEPL/PO/0003', '2024-12-01', 'UEPL/P/QT/0003', '2024-11-30', NULL, 1783, 'VINASS HEAT TREATERS', 'PLOT NO M-2/1 5TH CROSS, 1ST STAGE, PEENYA INDUSTRIAL ESTATE, BANGALORE 560058', '29AASFV7531P1Z0', '9449232142', 'vhtbng@gmail.com', 'PLOT NO M-2/1 5TH CROSS, 1ST STAGE, PEENYA INDUSTRIAL ESTATE, BANGALORE 560058', 'PLOT NO M-2/1 5TH CROSS, 1ST STAGE, PEENYA INDUSTRIAL ESTATE, BANGALORE 560058', 'Two thousand seven hundred and thirteen', 2422.00, 145.32, 145.32, 0.00, 0.36, 2713.00, 'UEPL/P/RFQ/0003', '2024-11-29', NULL, NULL, '0', NULL, 'approved', '2025-07-28 23:29:12', '2025-07-28 23:29:30');

-- --------------------------------------------------------

--
-- Table structure for table `purchase_order_items`
--

CREATE TABLE `purchase_order_items` (
  `id` bigint(20) UNSIGNED NOT NULL,
  `purchase_order_id` bigint(20) UNSIGNED NOT NULL,
  `sl_no` int(255) DEFAULT NULL,
  `item` varchar(255) DEFAULT NULL,
  `description` text DEFAULT NULL,
  `req_by_date` date DEFAULT NULL,
  `quantity` decimal(15,2) DEFAULT 0.00,
  `uom` varchar(255) DEFAULT NULL,
  `unit_rate` decimal(15,2) DEFAULT 0.00,
  `tds` decimal(5,2) DEFAULT 0.00,
  `discount` decimal(15,2) DEFAULT 0.00,
  `value` decimal(15,2) DEFAULT 0.00,
  `sgst` decimal(8,2) DEFAULT 0.00,
  `cgst` decimal(8,2) DEFAULT 0.00,
  `igst` decimal(8,2) DEFAULT 0.00,
  `amount` decimal(15,2) DEFAULT 0.00,
  `created_at` timestamp NULL DEFAULT NULL,
  `updated_at` timestamp NULL DEFAULT NULL
) ENGINE=InnoDB DEFAULT CHARSET=utf8mb4 COLLATE=utf8mb4_unicode_ci;

--
-- Dumping data for table `purchase_order_items`
--

INSERT INTO `purchase_order_items` (`id`, `purchase_order_id`, `sl_no`, `item`, `description`, `req_by_date`, `quantity`, `uom`, `unit_rate`, `tds`, `discount`, `value`, `sgst`, `cgst`, `igst`, `amount`, `created_at`, `updated_at`) VALUES
(137, 49, NULL, '46', 'aaa', '2025-08-03', 12.00, 'NOS', 12.00, 5.00, 3.00, 139.68, 9.00, 9.00, 0.00, 157.84, '2025-07-28 00:45:28', '2025-07-28 00:45:28'),
(138, 49, NULL, '59', 'aaaa', '2025-08-03', 12.00, 'NOS', 21.00, 5.00, 3.00, 244.44, 9.00, 9.00, 0.00, 276.22, '2025-07-28 00:45:28', '2025-07-28 00:45:28'),
(139, 50, NULL, '1251', 'null', NULL, 16.00, 'Cum', 700.00, 0.00, 0.00, 11200.00, 9.00, 9.00, 0.00, 13216.00, '2025-07-28 22:46:35', '2025-07-28 22:46:35'),
(140, 50, NULL, '1260', 'null', NULL, 32.00, 'CuM', 250.00, 0.00, 0.00, 8000.00, 9.00, 9.00, 0.00, 9440.00, '2025-07-28 22:46:35', '2025-07-28 22:46:35'),
(141, 50, NULL, '2785', 'null', NULL, 1.00, 'Time', 1200.00, 0.00, 0.00, 1200.00, 9.00, 9.00, 0.00, 1416.00, '2025-07-28 22:46:35', '2025-07-28 22:46:35'),
(142, 51, NULL, '3209', 'null', NULL, 1.00, 'no', 2422.00, 0.00, 0.00, 2422.00, 6.00, 6.00, 0.00, 2712.64, '2025-07-28 23:29:12', '2025-07-28 23:29:12');

-- --------------------------------------------------------

--
-- Table structure for table `purchase_quotations`
--

CREATE TABLE `purchase_quotations` (
  `id` bigint(20) UNSIGNED NOT NULL,
  `quotation_no` varchar(255) NOT NULL,
  `quotation_date` date NOT NULL,
  `vendor_name` varchar(255) NOT NULL,
  `vendor_id` bigint(20) UNSIGNED DEFAULT NULL,
  `address` text DEFAULT NULL,
  `gst` varchar(255) DEFAULT NULL,
  `phone` varchar(255) DEFAULT NULL,
  `email` varchar(255) DEFAULT NULL,
  `rfq_no` varchar(255) DEFAULT NULL,
  `rfq_date` date DEFAULT NULL,
  `part_no` varchar(255) DEFAULT NULL,
  `project_material_no` varchar(255) DEFAULT NULL,
  `drawing_no` varchar(255) DEFAULT NULL,
  `drawing_rev` varchar(255) DEFAULT NULL,
  `quantity` decimal(15,2) DEFAULT NULL,
  `quantity_uom` varchar(255) DEFAULT NULL,
  `description` text DEFAULT NULL,
  `product_type` varchar(255) DEFAULT NULL,
  `note` text DEFAULT NULL,
  `sub_total` decimal(15,2) DEFAULT NULL,
  `discount` decimal(8,2) DEFAULT NULL,
  `round_up` decimal(15,2) DEFAULT NULL,
  `grand_total` decimal(15,2) DEFAULT NULL,
  `inr_in_words` varchar(255) DEFAULT NULL,
  `created_at` timestamp NULL DEFAULT NULL,
  `updated_at` timestamp NULL DEFAULT NULL,
  `status` varchar(255) NOT NULL DEFAULT 'pending',
  `vendor_reference_no` varchar(255) DEFAULT NULL,
  `delivery_terms` varchar(255) DEFAULT NULL,
  `additional_charges` decimal(15,0) DEFAULT 0
) ENGINE=InnoDB DEFAULT CHARSET=utf8mb4 COLLATE=utf8mb4_unicode_ci;

--
-- Dumping data for table `purchase_quotations`
--

INSERT INTO `purchase_quotations` (`id`, `quotation_no`, `quotation_date`, `vendor_name`, `vendor_id`, `address`, `gst`, `phone`, `email`, `rfq_no`, `rfq_date`, `part_no`, `project_material_no`, `drawing_no`, `drawing_rev`, `quantity`, `quantity_uom`, `description`, `product_type`, `note`, `sub_total`, `discount`, `round_up`, `grand_total`, `inr_in_words`, `created_at`, `updated_at`, `status`, `vendor_reference_no`, `delivery_terms`, `additional_charges`) VALUES
(59, 'UEPL/P/QT/0001', '2025-07-28', 'ADISHWAR INDIA LIMITED', 1325, 'NO 22, 2, B4, 80 FEET ROAD, KENGERI SATELLITE TOWN, BANGALORE - 560020', '29AABCA4663P1Z5', '8040833999', 'KENGERI@ADISHWARINDIA.COM', 'UEPL/P/RFQ/0001', '2025-07-28', NULL, NULL, NULL, NULL, NULL, NULL, 'aaaaa', NULL, 'aaaaa', 384.12, NULL, 0.54, 557.00, 'Five Hundred Fifty Seven Only', '2025-07-28 00:43:45', '2025-07-28 00:43:49', 'approved', 'aaa', 'aaaa', 123),
(60, 'UEPL/P/QT/0002', '2025-07-29', 'UNIVERSAL AIR PRODUCTS PVT LTD', 1766, 'PLOT NO 22A, 3RD STAGE, PEENYA INDUSTRIAL AREA, BANGALORE 560058', '29AAACU6978L1ZG', '9900562316', 'accts.uappl@gmail.com', 'UEPL/P/RFQ/0002', '2024-12-25', NULL, NULL, NULL, NULL, NULL, NULL, NULL, NULL, NULL, 20400.00, NULL, 0.00, 24072.00, 'Twenty Four Thousand Seventy Two Only', '2025-07-28 22:45:57', '2025-07-28 22:46:01', 'approved', NULL, NULL, 0),
(61, 'UEPL/P/QT/0003', '2024-11-30', 'VINASS HEAT TREATERS', 1783, 'PLOT NO M-2/1 5TH CROSS, 1ST STAGE, PEENYA INDUSTRIAL ESTATE, BANGALORE 560058', '29AASFV7531P1Z0', '9449232142', 'vhtbng@gmail.com', 'UEPL/P/RFQ/0003', '2024-11-29', NULL, NULL, NULL, NULL, NULL, NULL, NULL, NULL, NULL, 2422.00, NULL, 0.36, 2713.00, 'Two Thousand Seven Hundred Thirteen Only', '2025-07-28 23:28:22', '2025-07-28 23:28:32', 'approved', NULL, NULL, 0);

-- --------------------------------------------------------

--
-- Table structure for table `purchase_quotation_files`
--

CREATE TABLE `purchase_quotation_files` (
  `id` bigint(20) NOT NULL,
  `purchase_quotation_id` varchar(255) CHARACTER SET utf8mb4 COLLATE utf8mb4_unicode_ci DEFAULT NULL,
  `file_path` varchar(255) CHARACTER SET utf8mb4 COLLATE utf8mb4_unicode_ci DEFAULT NULL,
  `file_name` varchar(255) CHARACTER SET utf8mb4 COLLATE utf8mb4_unicode_ci DEFAULT NULL,
  `created_at` timestamp NULL DEFAULT NULL,
  `updated_at` timestamp NULL DEFAULT NULL
) ENGINE=InnoDB DEFAULT CHARSET=latin1 COLLATE=latin1_swedish_ci;

--
-- Dumping data for table `purchase_quotation_files`
--

INSERT INTO `purchase_quotation_files` (`id`, `purchase_quotation_id`, `file_path`, `file_name`, `created_at`, `updated_at`) VALUES
(5, '40', 'vendor_quotations/OTi1XJnLJ34pX0rKvmlLACbbwFDnGiqcp8tVpINU.png', 'logo-sm.png', '2025-07-21 04:45:21', '2025-07-21 04:45:21'),
(6, '40', 'vendor_quotations/4r04NfTy0UE34BhHTZsItYAIpQT6kRE4y1yWkNQK.pdf', 'Employee Details.pdf', '2025-07-21 04:45:56', '2025-07-21 04:45:56'),
(7, '39', 'vendor_quotations/Zp3A9eDRMpOJ0XXFzgLwLukbb0iBy3saQccBcIwN.png', 'logo-sm-blue.png', '2025-07-21 04:52:59', '2025-07-21 04:52:59'),
(8, '41', 'vendor_quotations/mt3wi7IFamq18qNrc2lgbkm7lKH39jUMnqtCx4xH.png', 'logo-sm.png', '2025-07-21 06:35:38', '2025-07-21 06:35:38');

-- --------------------------------------------------------

--
-- Table structure for table `purchase_quotation_items`
--

CREATE TABLE `purchase_quotation_items` (
  `id` bigint(20) UNSIGNED NOT NULL,
  `purchase_quotation_id` bigint(20) UNSIGNED NOT NULL,
  `stock_item_name` varchar(255) DEFAULT NULL,
  `stock_item` varchar(255) DEFAULT NULL,
  `description` text DEFAULT NULL,
  `quantity` decimal(15,2) DEFAULT NULL,
  `uom` varchar(255) DEFAULT NULL,
  `supply_lead_time` varchar(50) DEFAULT NULL,
  `unit_rate` decimal(15,2) DEFAULT NULL,
  `tds` decimal(8,2) DEFAULT NULL,
  `discount` decimal(8,2) DEFAULT NULL,
  `value` decimal(15,2) DEFAULT NULL,
  `sgst` decimal(8,2) DEFAULT NULL,
  `cgst` decimal(8,2) DEFAULT NULL,
  `igst` decimal(8,2) DEFAULT NULL,
  `amount` decimal(15,2) DEFAULT NULL,
  `created_at` timestamp NULL DEFAULT NULL,
  `updated_at` timestamp NULL DEFAULT NULL
) ENGINE=InnoDB DEFAULT CHARSET=utf8mb4 COLLATE=utf8mb4_unicode_ci;

--
-- Dumping data for table `purchase_quotation_items`
--

INSERT INTO `purchase_quotation_items` (`id`, `purchase_quotation_id`, `stock_item_name`, `stock_item`, `description`, `quantity`, `uom`, `supply_lead_time`, `unit_rate`, `tds`, `discount`, `value`, `sgst`, `cgst`, `igst`, `amount`, `created_at`, `updated_at`) VALUES
(158, 59, 'ABRESSIVE BELT 50X2000X320 GRIT', '46', 'aaa', 12.00, 'NOS', '2 weeks', 12.00, 5.00, 3.00, 144.00, 9.00, 9.00, 0.00, 157.84, '2025-07-28 00:43:45', '2025-07-28 00:43:45'),
(159, 59, 'D C WHEELS 125', '59', 'aaaa', 12.00, 'NOS', '4 weeks', 21.00, 5.00, 3.00, 252.00, 9.00, 9.00, 0.00, 276.22, '2025-07-28 00:43:45', '2025-07-28 00:43:45'),
(160, 60, 'GAS ACM', '1251', 'null', 16.00, 'Cum', NULL, 700.00, 0.00, 0.00, 11200.00, 9.00, 9.00, 0.00, 13216.00, '2025-07-28 22:45:57', '2025-07-28 22:45:57'),
(161, 60, 'GAS OXYGEN COMMERCIAL GAS', '1260', 'null', 32.00, 'CuM', NULL, 250.00, 0.00, 0.00, 8000.00, 9.00, 9.00, 0.00, 9440.00, '2025-07-28 22:45:57', '2025-07-28 22:45:57'),
(162, 60, 'LOX FASCILITY CHARGES', '2785', 'null', 1.00, 'Time', NULL, 1200.00, 0.00, 0.00, 1200.00, 9.00, 9.00, 0.00, 1416.00, '2025-07-28 22:45:57', '2025-07-28 22:45:57'),
(163, 61, 'HEAT TREATMENT CHARGES', '3209', 'null', 1.00, 'no', NULL, 2422.00, 0.00, 0.00, 2422.00, 6.00, 6.00, 0.00, 2712.64, '2025-07-28 23:28:22', '2025-07-28 23:28:22');

-- --------------------------------------------------------

--
-- Table structure for table `purchase_rfqs`
--

CREATE TABLE `purchase_rfqs` (
  `id` bigint(20) UNSIGNED NOT NULL,
  `rfq_no` varchar(255) NOT NULL,
  `rfq_date` date NOT NULL,
  `vendor_id` bigint(20) UNSIGNED NOT NULL,
  `vendor_reference_no` varchar(255) DEFAULT NULL,
  `rfq_type` varchar(255) NOT NULL,
  `description` text DEFAULT NULL,
  `delivery_terms` text DEFAULT NULL,
  `quantity` int(11) DEFAULT NULL,
  `uom` varchar(255) DEFAULT NULL,
  `note` text DEFAULT NULL,
  `status` varchar(255) DEFAULT 'pending',
  `created_at` timestamp NULL DEFAULT NULL,
  `updated_at` timestamp NULL DEFAULT NULL
) ENGINE=InnoDB DEFAULT CHARSET=utf8mb4 COLLATE=utf8mb4_unicode_ci;

--
-- Dumping data for table `purchase_rfqs`
--

INSERT INTO `purchase_rfqs` (`id`, `rfq_no`, `rfq_date`, `vendor_id`, `vendor_reference_no`, `rfq_type`, `description`, `delivery_terms`, `quantity`, `uom`, `note`, `status`, `created_at`, `updated_at`) VALUES
(40, 'UEPL/P/RFQ/0001', '2025-07-28', 1325, 'aaa', 'Services', 'aaaaa', 'aaaa', NULL, NULL, 'aaaaa', 'approved', '2025-07-28 00:42:33', '2025-07-28 00:42:48'),
(41, 'UEPL/P/RFQ/0002', '2024-12-25', 1766, NULL, 'Inward Supply', NULL, NULL, NULL, NULL, NULL, 'approved', '2025-07-28 22:39:23', '2025-07-28 22:39:33'),
(42, 'UEPL/P/RFQ/0003', '2024-11-29', 1783, NULL, 'Services', 'aa', NULL, NULL, NULL, NULL, 'approved', '2025-07-28 23:27:04', '2025-08-01 06:19:49'),
(43, 'UEPL/P/RFQ/0004', '1989-09-23', 1535, 'Facere deserunt labo', 'Inward Supply', 'Perspiciatis nihil', 'Ipsum perspiciatis', NULL, NULL, 'Anim aut exercitation', 'approved', '2025-07-30 06:48:17', '2025-08-01 06:16:57');

-- --------------------------------------------------------

--
-- Table structure for table `purchase_rfq_files`
--

CREATE TABLE `purchase_rfq_files` (
  `id` bigint(20) UNSIGNED NOT NULL,
  `rfq_id` bigint(20) UNSIGNED NOT NULL,
  `file_path` varchar(255) NOT NULL,
  `file_name` varchar(255) NOT NULL,
  `file_type` varchar(255) NOT NULL,
  `created_at` timestamp NULL DEFAULT NULL,
  `updated_at` timestamp NULL DEFAULT NULL
) ENGINE=InnoDB DEFAULT CHARSET=utf8mb4 COLLATE=utf8mb4_unicode_ci;

-- --------------------------------------------------------

--
-- Table structure for table `purchase_rfq_items`
--

CREATE TABLE `purchase_rfq_items` (
  `id` bigint(20) UNSIGNED NOT NULL,
  `rfq_id` bigint(20) UNSIGNED NOT NULL,
  `item` varchar(255) DEFAULT NULL,
  `description` varchar(255) DEFAULT NULL,
  `quantity` int(11) DEFAULT NULL,
  `uom` varchar(255) DEFAULT NULL,
  `required_by` date DEFAULT NULL,
  `created_at` timestamp NULL DEFAULT NULL,
  `updated_at` timestamp NULL DEFAULT NULL
) ENGINE=InnoDB DEFAULT CHARSET=utf8mb4 COLLATE=utf8mb4_unicode_ci;

--
-- Dumping data for table `purchase_rfq_items`
--

INSERT INTO `purchase_rfq_items` (`id`, `rfq_id`, `item`, `description`, `quantity`, `uom`, `required_by`, `created_at`, `updated_at`) VALUES
(85, 40, '46', 'aaa', 12, 'NOS', '2025-08-01', '2025-07-28 00:42:33', '2025-07-28 00:42:33'),
(86, 40, '59', 'aaaa', 12, 'NOS', '2025-08-01', '2025-07-28 00:42:33', '2025-07-28 00:42:33'),
(87, 41, '1251', NULL, 112, 'Caa', '2025-08-13', '2025-07-28 22:39:23', '2025-07-28 22:39:23'),
(88, 41, '1260', NULL, 324, 'KG', NULL, '2025-07-28 22:39:23', '2025-07-28 22:39:23'),
(89, 41, '2785', NULL, 1, 'Time', NULL, '2025-07-28 22:39:23', '2025-07-28 22:39:23'),
(94, 43, '993', 'Amet voluptatem deb', 650, 'Voluptates modi sed', '2016-09-12', '2025-08-01 06:16:57', '2025-08-01 06:16:57'),
(95, 43, '51', 'sjudyhsd c', 761, 'NOS', '2025-08-01', '2025-08-01 06:16:57', '2025-08-01 06:16:57'),
(101, 42, '3209', 'asd', 1, 'no', '2025-08-04', '2025-08-01 06:43:31', '2025-08-01 06:43:31');

-- --------------------------------------------------------

--
-- Table structure for table `qc_approvals`
--

CREATE TABLE `qc_approvals` (
  `id` bigint(20) UNSIGNED NOT NULL,
  `process_id` bigint(20) UNSIGNED NOT NULL,
  `level` int(11) NOT NULL DEFAULT 1,
  `approved_by` bigint(20) UNSIGNED DEFAULT NULL,
  `approved_at` timestamp NULL DEFAULT NULL,
  `remarks` text DEFAULT NULL,
  `status` varchar(255) NOT NULL DEFAULT 'pending',
  `created_at` timestamp NULL DEFAULT NULL,
  `updated_at` timestamp NULL DEFAULT NULL
) ENGINE=InnoDB DEFAULT CHARSET=utf8mb4 COLLATE=utf8mb4_unicode_ci;

--
-- Dumping data for table `qc_approvals`
--

INSERT INTO `qc_approvals` (`id`, `process_id`, `level`, `approved_by`, `approved_at`, `remarks`, `status`, `created_at`, `updated_at`) VALUES
(28, 165, 1, NULL, NULL, NULL, 'completed', '2025-06-21 02:27:56', '2025-07-11 06:47:17'),
(29, 169, 1, NULL, NULL, NULL, 'approved', '2025-06-30 02:53:10', '2025-06-30 02:54:40'),
(30, 170, 1, NULL, NULL, NULL, 'approved', '2025-06-30 02:54:50', '2025-06-30 02:55:18');

-- --------------------------------------------------------

--
-- Table structure for table `quality_controls`
--

CREATE TABLE `quality_controls` (
  `id` bigint(20) UNSIGNED NOT NULL,
  `customer` varchar(255) NOT NULL,
  `project_no` varchar(255) NOT NULL,
  `material_no` varchar(255) NOT NULL,
  `part_no` varchar(255) NOT NULL,
  `drawing_certification` varchar(255) NOT NULL,
  `document_type` varchar(255) NOT NULL,
  `document_value` varchar(255) NOT NULL,
  `revision` varchar(255) NOT NULL,
  `sl_no` int(11) NOT NULL,
  `drawing_position` varchar(255) NOT NULL,
  `parameter` varchar(255) NOT NULL,
  `description` varchar(255) NOT NULL,
  `drawing_value` varchar(255) NOT NULL,
  `tolerance` varchar(255) NOT NULL,
  `measurement_value1` varchar(255) NOT NULL,
  `measurement_value2` varchar(255) DEFAULT NULL,
  `remarks` text DEFAULT NULL,
  `status` varchar(255) NOT NULL,
  `created_at` timestamp NULL DEFAULT NULL,
  `updated_at` timestamp NULL DEFAULT NULL
) ENGINE=InnoDB DEFAULT CHARSET=utf8mb4 COLLATE=utf8mb4_unicode_ci;

-- --------------------------------------------------------

--
-- Table structure for table `quotations`
--

CREATE TABLE `quotations` (
  `id` bigint(20) UNSIGNED NOT NULL,
  `quotation_no` varchar(255) NOT NULL,
  `quotation_date` date NOT NULL,
  `customer_name` varchar(255) NOT NULL,
  `address` text NOT NULL,
  `gst` varchar(255) DEFAULT NULL,
  `phone` varchar(255) DEFAULT NULL,
  `email` varchar(255) DEFAULT NULL,
  `cust_ref_no` varchar(255) DEFAULT NULL,
  `rfq_no` varchar(255) DEFAULT NULL,
  `rfq_date` date DEFAULT NULL,
  `part_no` varchar(255) DEFAULT NULL,
  `project_material_no` varchar(255) DEFAULT NULL,
  `drawing_no` varchar(255) DEFAULT NULL,
  `drawing_rev` varchar(255) DEFAULT NULL,
  `quantity` int(11) DEFAULT NULL,
  `quantity_uom` varchar(255) DEFAULT NULL,
  `description` text DEFAULT NULL,
  `product_type` varchar(255) DEFAULT NULL,
  `note` text DEFAULT NULL,
  `sub_total` decimal(15,2) DEFAULT NULL,
  `discount` decimal(8,2) DEFAULT NULL,
  `round_up` decimal(15,2) DEFAULT NULL,
  `grand_total` decimal(15,2) DEFAULT NULL,
  `raw_materials` longtext CHARACTER SET utf8mb4 COLLATE utf8mb4_bin DEFAULT NULL CHECK (json_valid(`raw_materials`)),
  `conversion_costs` longtext CHARACTER SET utf8mb4 COLLATE utf8mb4_bin DEFAULT NULL CHECK (json_valid(`conversion_costs`)),
  `packing_charges` longtext CHARACTER SET utf8mb4 COLLATE utf8mb4_bin DEFAULT NULL CHECK (json_valid(`packing_charges`)),
  `status` varchar(255) NOT NULL DEFAULT 'pending',
  `created_at` timestamp NULL DEFAULT NULL,
  `updated_at` timestamp NULL DEFAULT NULL
) ENGINE=InnoDB DEFAULT CHARSET=utf8mb4 COLLATE=utf8mb4_unicode_ci;

--
-- Dumping data for table `quotations`
--

INSERT INTO `quotations` (`id`, `quotation_no`, `quotation_date`, `customer_name`, `address`, `gst`, `phone`, `email`, `cust_ref_no`, `rfq_no`, `rfq_date`, `part_no`, `project_material_no`, `drawing_no`, `drawing_rev`, `quantity`, `quantity_uom`, `description`, `product_type`, `note`, `sub_total`, `discount`, `round_up`, `grand_total`, `raw_materials`, `conversion_costs`, `packing_charges`, `status`, `created_at`, `updated_at`) VALUES
(21, 'UEPL/S/QT/0001', '2025-07-30', '21', 'NO. 87/2, MUNESHWARA LAYOUT, THIGALARAPALYA MAIN ROAD, PEENYA 2ND STAGE, BENGALURU - 560058', '29ABIFA8267E1Z5', '9535372743', 'maheshadityametallizing@gmail.com', 'a', '17', '2025-07-30', 'a', 'a', 'a', 'a', 1, 'NOS', 'b', 'Round Shaft', 'casdf', 146429.73, NULL, 0.27, 146430.00, '\"[{\\\"material_id\\\":\\\"5\\\",\\\"density\\\":\\\"0.0000078\\\",\\\"rate\\\":\\\"110\\\",\\\"scrap_rate\\\":\\\"25\\\",\\\"finish_weight\\\":\\\"1115\\\",\\\"type\\\":\\\"Rod\\\",\\\"quantity\\\":\\\"1\\\",\\\"size1\\\":\\\"300\\\",\\\"size2\\\":\\\"2500\\\",\\\"size3\\\":null,\\\"rm_weight\\\":\\\"1378.55\\\",\\\"rm_cost\\\":\\\"146369.73\\\",\\\"value\\\":\\\"146369.73\\\"},{\\\"material_id\\\":\\\"15\\\",\\\"density\\\":\\\"123123\\\",\\\"rate\\\":null,\\\"scrap_rate\\\":null,\\\"finish_weight\\\":null,\\\"type\\\":\\\"Rod\\\",\\\"quantity\\\":\\\"1\\\",\\\"size1\\\":null,\\\"size2\\\":null,\\\"size3\\\":null,\\\"rm_weight\\\":\\\"0.00\\\",\\\"rm_cost\\\":\\\"0.00\\\",\\\"value\\\":null}]\"', '\"[{\\\"desc\\\":\\\"Key way milling cost\\\",\\\"quantity\\\":\\\"2\\\",\\\"unit\\\":\\\"No\\\",\\\"rate\\\":\\\"5\\\",\\\"value\\\":\\\"10.00\\\"},{\\\"desc\\\":null,\\\"quantity\\\":null,\\\"unit\\\":null,\\\"rate\\\":null,\\\"value\\\":null}]\"', '\"[{\\\"desc\\\":\\\"Packing cost\\\",\\\"quantity\\\":\\\"5\\\",\\\"unit\\\":\\\"kg\\\",\\\"rate\\\":\\\"10\\\",\\\"value\\\":\\\"50.00\\\"}]\"', 'approved', '2025-07-30 05:00:47', '2025-07-31 04:16:55'),
(23, 'UEPL/S/QT/0002', '2025-07-31', '21', 'NO. 87/2, MUNESHWARA LAYOUT, THIGALARAPALYA MAIN ROAD, PEENYA 2ND STAGE, BENGALURU - 560058', '29ABIFA8267E1Z5', '9535372743', 'maheshadityametallizing@gmail.com', 'Magnam voluptatem R', '18', '1980-01-29', 'Est quisquam amet', 'Sed culpa aut impedi', 'Ad quia doloribus ac', 'Autem ipsa quaerat', 832, 'Velit voluptates est', 'Laborum iusto cupidi', 'Rib Shaft', 'Cupiditate pariatur', 163006.68, NULL, 0.32, 163007.00, '\"[{\\\"material_id\\\":\\\"11\\\",\\\"density\\\":\\\"0.0000078\\\",\\\"rate\\\":\\\"1212\\\",\\\"scrap_rate\\\":\\\"12\\\",\\\"finish_weight\\\":\\\"1212\\\",\\\"type\\\":\\\"Plate\\\",\\\"quantity\\\":\\\"12\\\",\\\"size1\\\":\\\"12\\\",\\\"size2\\\":\\\"123\\\",\\\"size3\\\":\\\"123\\\",\\\"rm_weight\\\":\\\"1.42\\\",\\\"rm_cost\\\":\\\"13337.89\\\",\\\"value\\\":\\\"160054.68\\\"}]\"', '\"[{\\\"desc\\\":\\\"Painting cost\\\",\\\"quantity\\\":\\\"12\\\",\\\"unit\\\":\\\"no\\\",\\\"rate\\\":\\\"123\\\",\\\"value\\\":\\\"1476.00\\\"}]\"', '\"[{\\\"desc\\\":\\\"Packing cost\\\",\\\"quantity\\\":\\\"123\\\",\\\"unit\\\":\\\"no\\\",\\\"rate\\\":\\\"12\\\",\\\"value\\\":\\\"1476.00\\\"}]\"', 'approved', '2025-07-31 04:23:52', '2025-07-31 04:24:22');

-- --------------------------------------------------------

--
-- Table structure for table `raw_materials`
--

CREATE TABLE `raw_materials` (
  `id` bigint(20) UNSIGNED NOT NULL,
  `rm_grade` varchar(255) NOT NULL,
  `iso_specification` varchar(255) DEFAULT NULL,
  `density` varchar(255) NOT NULL,
  `raw_material_type` varchar(255) DEFAULT NULL,
  `created_at` timestamp NULL DEFAULT NULL,
  `updated_at` timestamp NULL DEFAULT NULL
) ENGINE=InnoDB DEFAULT CHARSET=utf8mb4 COLLATE=utf8mb4_unicode_ci;

--
-- Dumping data for table `raw_materials`
--

INSERT INTO `raw_materials` (`id`, `rm_grade`, `iso_specification`, `density`, `raw_material_type`, `created_at`, `updated_at`) VALUES
(2, 'Emmanuel', 'Qui voluptatibus et', '0.0000078', 'Omnis quis natus con', '2025-05-17 12:16:18', '2025-05-23 07:04:00'),
(3, 'Rebekah Hoover', 'Excepteur amet exer', '0.0000078', 'Sit veniam aliqua', '2025-05-17 12:18:51', '2025-05-23 06:46:41'),
(5, 'EN 8', 'qa', '0.0000078', 'steel metal', '2025-06-18 01:24:39', '2025-06-23 00:17:05'),
(6, 'Test Name1', '323123', '123123', 'aluminum extrusions', '2025-06-21 10:04:43', '2025-06-25 06:43:39'),
(7, 'Test Name 22', '323123', '123123', 'forged road bar', '2025-06-21 10:45:15', '2025-06-21 10:45:15'),
(9, 'EM', '2525', '0.0025', 'flat bars', '2025-06-21 11:34:49', '2025-06-21 11:35:04'),
(11, 'Qui ipsum est nost', 'Laborum consectetur', '0.0000078', NULL, '2025-06-26 06:46:27', '2025-07-10 00:21:49'),
(15, 'Test Name', '323123', '123123', 'Flat Bars', '2025-07-20 01:36:33', '2025-07-20 01:36:33'),
(16, 'a', 'a', '1234', 'Billets and Blooms', '2025-07-20 05:43:54', '2025-07-20 05:43:54');

-- --------------------------------------------------------

--
-- Table structure for table `raw_material_files`
--

CREATE TABLE `raw_material_files` (
  `id` bigint(20) UNSIGNED NOT NULL,
  `raw_material_id` bigint(20) UNSIGNED NOT NULL,
  `file_path` varchar(255) NOT NULL,
  `file_name` varchar(255) DEFAULT NULL,
  `created_at` timestamp NULL DEFAULT NULL,
  `updated_at` timestamp NULL DEFAULT NULL
) ENGINE=InnoDB DEFAULT CHARSET=utf8mb4 COLLATE=utf8mb4_unicode_ci;

--
-- Dumping data for table `raw_material_files`
--

INSERT INTO `raw_material_files` (`id`, `raw_material_id`, `file_path`, `file_name`, `created_at`, `updated_at`) VALUES
(3, 15, 'materials/UhMrUlYukPBbsAj5oSrndmDl04BCrPf7200MsgIj.jpg', 'innova.jpg', '2025-07-20 01:36:33', '2025-07-20 01:36:33'),
(5, 15, 'rawmaterials/syZnPVCuejKJUlA1GF8VQHwGxSBxVuL4byS7BxWg.png', 'DotNet.png', '2025-07-20 01:54:11', '2025-07-20 01:54:11'),
(6, 16, 'materials/Ja6SExywvYLmZPZWkCPdhdoh3jVVnamuqIrndQC0.png', 'logo-sm.png', '2025-07-20 05:43:54', '2025-07-20 05:43:54');

-- --------------------------------------------------------

--
-- Table structure for table `rfqs`
--

CREATE TABLE `rfqs` (
  `id` bigint(20) UNSIGNED NOT NULL,
  `rfq_no` varchar(255) NOT NULL,
  `rfq_date` date NOT NULL,
  `customer` varchar(255) NOT NULL,
  `cus_ref_no` varchar(255) DEFAULT NULL,
  `rfq_type` varchar(255) NOT NULL,
  `product_type` varchar(255) NOT NULL,
  `part_no` varchar(255) DEFAULT NULL,
  `project_material_no` varchar(255) DEFAULT NULL,
  `description` varchar(255) DEFAULT NULL,
  `drawing_no` varchar(255) DEFAULT NULL,
  `drawing_rev` varchar(255) DEFAULT NULL,
  `quantity` int(11) NOT NULL,
  `uom` varchar(255) NOT NULL,
  `note` text DEFAULT NULL,
  `raw_material` varchar(255) NOT NULL,
  `status` varchar(255) NOT NULL DEFAULT 'pending',
  `created_at` timestamp NULL DEFAULT NULL,
  `updated_at` timestamp NULL DEFAULT NULL
) ENGINE=InnoDB DEFAULT CHARSET=utf8mb4 COLLATE=utf8mb4_unicode_ci;

--
-- Dumping data for table `rfqs`
--

INSERT INTO `rfqs` (`id`, `rfq_no`, `rfq_date`, `customer`, `cus_ref_no`, `rfq_type`, `product_type`, `part_no`, `project_material_no`, `description`, `drawing_no`, `drawing_rev`, `quantity`, `uom`, `note`, `raw_material`, `status`, `created_at`, `updated_at`) VALUES
(17, 'UEPL/S/RFQ/0001', '2025-07-30', '21', 'a', 'Job Work', 'Round Shaft', 'a', 'a', 'a', 'a', 'a', 1, 'NOS', 'a', '[\"5\",\"9\"]', 'approved', '2025-07-30 01:17:15', '2025-07-30 05:33:28'),
(18, 'UEPL/S/RFQ/0002', '1980-01-29', '21', 'Magnam voluptatem R', 'Job Work', 'Rib Shaft', 'Est quisquam amet', 'Sed culpa aut impedi', 'Laborum iusto cupidi', 'Ad quia doloribus ac', 'Autem ipsa quaerat', 832, 'Velit voluptates est', 'Cupiditate pariatur', '[\"11\"]', 'approved', '2025-07-31 02:28:09', '2025-07-31 02:28:22');

-- --------------------------------------------------------

--
-- Table structure for table `rfq_files`
--

CREATE TABLE `rfq_files` (
  `id` bigint(20) UNSIGNED NOT NULL,
  `rfq_id` bigint(20) UNSIGNED NOT NULL,
  `file_type` varchar(255) NOT NULL,
  `file_path` varchar(255) NOT NULL,
  `file_name` varchar(255) DEFAULT NULL,
  `created_at` timestamp NULL DEFAULT NULL,
  `updated_at` timestamp NULL DEFAULT NULL
) ENGINE=InnoDB DEFAULT CHARSET=utf8mb4 COLLATE=utf8mb4_unicode_ci;

--
-- Dumping data for table `rfq_files`
--

INSERT INTO `rfq_files` (`id`, `rfq_id`, `file_type`, `file_path`, `file_name`, `created_at`, `updated_at`) VALUES
(13, 17, 'drawing', 'rfq_files/drawing/Yv891LTvyhOGsAuBnjvquzf4BhXIyGxMJGfu3lSm.pdf', 'Employee Details.pdf', '2025-07-30 05:26:31', '2025-07-30 05:26:31');

-- --------------------------------------------------------

--
-- Table structure for table `rfq_types`
--

CREATE TABLE `rfq_types` (
  `id` bigint(20) UNSIGNED NOT NULL,
  `rfqtype` varchar(255) NOT NULL,
  `created_at` timestamp NULL DEFAULT NULL,
  `updated_at` timestamp NULL DEFAULT NULL
) ENGINE=InnoDB DEFAULT CHARSET=utf8mb4 COLLATE=utf8mb4_unicode_ci;

--
-- Dumping data for table `rfq_types`
--

INSERT INTO `rfq_types` (`id`, `rfqtype`, `created_at`, `updated_at`) VALUES
(1, 'Manufacturing', '2025-05-23 05:38:20', '2025-06-21 06:57:48'),
(2, 'Job Work', '2025-05-24 03:31:11', '2025-07-05 00:28:21'),
(17, 'Inward Supply', '2025-07-15 07:07:29', '2025-07-15 07:07:29'),
(18, 'Services', '2025-07-15 07:08:25', '2025-07-15 07:08:25');

-- --------------------------------------------------------

--
-- Table structure for table `route_cards`
--

CREATE TABLE `route_cards` (
  `id` bigint(20) UNSIGNED NOT NULL,
  `route_no` varchar(255) NOT NULL,
  `route_date` date NOT NULL,
  `grn_no` varchar(255) DEFAULT NULL,
  `grn_date` date DEFAULT NULL,
  `order_no` varchar(255) DEFAULT NULL,
  `order_date` date DEFAULT NULL,
  `company_name` varchar(255) DEFAULT NULL,
  `company_address` varchar(255) DEFAULT NULL,
  `company_gstn` varchar(255) DEFAULT NULL,
  `company_email` varchar(255) DEFAULT NULL,
  `company_phone` varchar(255) DEFAULT NULL,
  `order_ref_no` varchar(255) DEFAULT NULL,
  `quotation_no` varchar(255) DEFAULT NULL,
  `quotation_date` date DEFAULT NULL,
  `rfq_no` varchar(255) DEFAULT NULL,
  `rfq_date` date DEFAULT NULL,
  `part_no` varchar(255) DEFAULT NULL,
  `project_material_no` varchar(255) DEFAULT NULL,
  `drawing_no` varchar(255) DEFAULT NULL,
  `drawing_rev` varchar(255) DEFAULT NULL,
  `description` text DEFAULT NULL,
  `product_type` varchar(255) DEFAULT NULL,
  `project_start_date` varchar(255) DEFAULT NULL,
  `created_by` varchar(255) DEFAULT NULL,
  `status` varchar(255) NOT NULL DEFAULT 'Pending',
  `approved_by` varchar(255) DEFAULT NULL,
  `approved_at` timestamp NULL DEFAULT NULL,
  `created_at` timestamp NULL DEFAULT NULL,
  `updated_at` timestamp NULL DEFAULT NULL
) ENGINE=InnoDB DEFAULT CHARSET=utf8mb4 COLLATE=utf8mb4_unicode_ci;

--
-- Dumping data for table `route_cards`
--

INSERT INTO `route_cards` (`id`, `route_no`, `route_date`, `grn_no`, `grn_date`, `order_no`, `order_date`, `company_name`, `company_address`, `company_gstn`, `company_email`, `company_phone`, `order_ref_no`, `quotation_no`, `quotation_date`, `rfq_no`, `rfq_date`, `part_no`, `project_material_no`, `drawing_no`, `drawing_rev`, `description`, `product_type`, `project_start_date`, `created_by`, `status`, `approved_by`, `approved_at`, `created_at`, `updated_at`) VALUES
(59, 'UEPL/RC/0001', '2025-06-19', 'UEPL/GRN/0001', '2025-06-19', 'UEPL/SO/0002', '2025-06-19', 'Stein Lynch Co', 'Et similiq', '24AAAC76806D1ZM', 'kyhydyzy@mailinator.com', '8888888888', 'Quas sit voluptatum', 'UEPL/QT/0003', '1973-08-05', 'UEPL/RFQ/0002', '1998-08-21', 'Et mollitia cupidita', 'Aut do repellendus', 'Qui obcaecati quo qu', 'Sit ipsum ipsum arc', 'Et laborum Laborios', 'Round Shaft', '2025-07-15T17:34', '15', 'In Production', 'Mahesh', '2025-06-19 06:34:41', '2025-06-19 06:34:30', '2025-06-21 00:52:34'),
(60, 'UEPL/RC/0002', '2025-05-01', 'UEPL/GRN/0002', '2025-06-19', 'UEPL/SO/0001', '2025-06-17', 'ADITYA METALLIZING SERVICES', '45, Nagarur, Huskur Road off Tumkur Road Bengaluru KA, IN 562162', '29AABCT2662D1ZG', 'ramamurthy.s@mail.nidec.com', '8067264800', 'UEPL/RFQ/0001', 'UEPL/QT/0002', '2025-06-17', 'UEPL/RFQ/0001', '2025-05-01', 'AR754312600B', 'Shaft LSA 54.2 X L11 SB', 'AR75431XX', 'B', NULL, 'Round Shaft', '2025-09-05', '15', 'Planned', 'aaa', '2025-06-20 06:51:51', '2025-06-19 06:38:53', '2025-08-19 00:15:24'),
(61, 'UEPL/RC/0003', '2025-06-30', 'UEPL/GRN/0003', '2025-06-30', 'UEPL/SO/0003', '2025-06-30', 'Nidec Industrial Automation India Pvt Ltd', '45, Nagarur, Huskur Road off Tumkur Road Bengaluru KA, IN 562162', '29AABCT2662D1ZG', 'ramamurthy.s@mail.nidec.com', '8067264800', NULL, 'UEPL/QT/0004', '2025-06-20', 'UEPL/RFQ/0001', '2025-05-01', 'AR754312600B', 'Shaft LSA 54.2 X L11 SB', 'AR75431XX', 'B', NULL, 'Round Shaft', '2025-07-15T13:36', '12', 'In Production', 'asdfg', '2025-06-30 02:38:20', '2025-06-30 02:37:36', '2025-06-30 02:53:04'),
(62, 'UEPL/RC/0004', '2025-06-30', 'UEPL/GRN/0004', '2025-06-30', 'UEPL/SO/0004', '2025-06-30', 'Nidec Industrial Automation India Pvt Ltd', '45, Nagarur, Huskur Road off Tumkur Road Bengaluru KA, IN 562162', '29AABCT2662D1ZG', 'ramamurthy.s@mail.nidec.com', '8067264800', NULL, 'UEPL/QT/0004', '2025-06-20', 'UEPL/RFQ/0001', '2025-05-01', 'AR754312600B', 'Shaft LSA 54.2 X L11 SB', 'AR75431XX', 'B', NULL, 'Round Shaft', '2025-07-31T14:03', '12', 'Planned', 'aaaaa', '2025-06-30 03:05:51', '2025-06-30 03:05:14', '2025-06-30 03:06:46'),
(63, 'UEPL/RC/0005', '2025-07-10', 'UEPL/GRN/0005', '2025-07-10', 'UEPL/SO/0006', '2025-07-10', 'Nidec Industrial Automation India Pvt Ltd', '45, Nagarur, Huskur Road off Tumkur Road Bengaluru KA, IN 562162', '29AABCT2662D1ZG', 'ramamurthy.s@mail.nidec.com', '8067264800', 'Quas sit voluptatumf', 'UEPL/QT/0004', '2025-06-20', 'UEPL/RFQ/0001', '2025-05-01', 'AR754312600B', 'Shaft LSA 54.2 X L11 SB', 'AR75431XX', 'B', NULL, 'Round Shaft', '2025-07-11T11:45', '12', 'Approved', 'Sam', '2025-07-10 00:45:33', '2025-07-10 00:45:18', '2025-07-10 00:45:33'),
(64, 'UEPL/RC/0006', '2025-05-01', 'dgdgd', NULL, 'UEPL/SO/0006', '2025-07-10', 'ADITYA METALLIZING SERVICES', '45, Nagarur, Huskur Road off Tumkur Road Bengaluru KA, IN 562162', '29AABCT2662D1ZG', 'ramamurthy.s@mail.nidec.com', '8067264800', 'UEPL/RFQ/0001', 'UEPL/QT/0004', '2025-06-20', 'UEPL/RFQ/0001', '2025-05-01', 'AR754312600B', 'Shaft LSA 54.2 X L11 SB', 'AR75431XX', 'B', 'cvxcvxv', 'Round Shaft', '2025-07-26 09:00:00', NULL, 'Pending', NULL, NULL, '2025-07-25 03:01:26', '2025-07-25 03:01:52'),
(65, 'UEPL/RC/0007', '2025-05-01', 'bxbbcxb', NULL, 'UEPL/SO/0005', '2025-07-01', 'ADITYA METALLIZING SERVICES', '45, Nagarur, Huskur Road off Tumkur Road Bengaluru KA, IN 562162', '29AABCT2662D1ZG', 'ramamurthy.s@mail.nidec.com', '8067264800', 'UEPL/RFQ/0001', 'UEPL/QT/0004', '2025-06-20', 'UEPL/RFQ/0001', '2025-05-01', 'AR754312600B', 'Shaft LSA 54.2 X L11 SB', 'AR75431XX', 'B', NULL, 'Round Shaft', '2025-07-28', NULL, 'Pending', NULL, NULL, '2025-07-25 03:03:22', '2025-07-25 03:03:47'),
(66, 'UEPL/RC/0008', '2025-05-01', 'dgdgd', NULL, 'UEPL/SO/0007', '2025-07-10', 'ADITYA METALLIZING SERVICES', '45, Nagarur, Huskur Road off Tumkur Road Bengaluru KA, IN 562162', '29AABCT2662D1ZG', 'ramamurthy.s@mail.nidec.com', '8067264800', 'UEPL/RFQ/0001', 'UEPL/QT/0004', '2025-06-20', 'UEPL/RFQ/0001', '2025-05-01', 'AR754312600B', 'Shaft LSA 54.2 X L11 SB', 'AR75431XX', 'B', NULL, 'Round Shaft', '2025-08-02', NULL, 'Pending', NULL, NULL, '2025-07-25 03:34:25', '2025-07-25 03:38:35');

-- --------------------------------------------------------

--
-- Table structure for table `route_card_processes`
--

CREATE TABLE `route_card_processes` (
  `id` bigint(20) UNSIGNED NOT NULL,
  `previous_process_id` bigint(20) UNSIGNED DEFAULT NULL,
  `route_card_id` bigint(20) UNSIGNED NOT NULL,
  `process` varchar(255) NOT NULL,
  `machine` varchar(255) DEFAULT NULL,
  `operator` varchar(255) DEFAULT NULL,
  `cycle_hours` int(11) DEFAULT NULL,
  `cycle_minutes` int(11) DEFAULT NULL,
  `source` enum('inhouse','outsourced') NOT NULL DEFAULT 'inhouse',
  `created_at` timestamp NULL DEFAULT NULL,
  `updated_at` timestamp NULL DEFAULT NULL,
  `description` text DEFAULT NULL,
  `start_date` datetime DEFAULT NULL,
  `end_date` datetime DEFAULT NULL,
  `actual_start` varchar(255) DEFAULT NULL,
  `actual_end` varchar(255) DEFAULT NULL,
  `status` varchar(255) NOT NULL DEFAULT 'pending'
) ENGINE=InnoDB DEFAULT CHARSET=utf8mb4 COLLATE=utf8mb4_unicode_ci;

--
-- Dumping data for table `route_card_processes`
--

INSERT INTO `route_card_processes` (`id`, `previous_process_id`, `route_card_id`, `process`, `machine`, `operator`, `cycle_hours`, `cycle_minutes`, `source`, `created_at`, `updated_at`, `description`, `start_date`, `end_date`, `actual_start`, `actual_end`, `status`) VALUES
(165, NULL, 59, 'RM Testing', 'CL1', '12', 14, 22, 'inhouse', '2025-06-19 06:34:30', '2025-07-11 06:47:17', NULL, '2025-07-15 17:34:00', '2025-07-17 12:56:00', '2025-06-21 07:57:56', NULL, 'completed'),
(166, 165, 59, 'Facing & Centering', 'VTL2', '15', 33, 33, 'inhouse', '2025-06-19 06:34:30', '2025-06-19 06:35:36', '', '2025-07-17 12:56:00', '2025-07-20 17:59:00', NULL, NULL, 'pending'),
(167, NULL, 60, 'RM Testing', 'CL1', '19', 125, 33, 'inhouse', '2025-06-19 06:38:53', '2025-07-11 06:48:28', NULL, '2025-08-20 18:07:00', '2025-09-03 10:40:00', NULL, NULL, 'pending'),
(168, 167, 60, 'Facing & Centering', 'VTL2', '15', 44, 44, 'inhouse', '2025-06-19 06:38:53', '2025-07-11 06:48:28', NULL, '2025-09-03 10:40:00', '2025-09-07 17:24:00', NULL, NULL, 'pending'),
(169, NULL, 61, 'Facing & Centering', 'VTL2', '12', 12, 39, 'inhouse', '2025-06-30 02:37:36', '2025-06-30 02:54:46', '', '2025-07-15 13:36:00', '2025-07-16 16:45:00', '2025-06-30 08:23:10', '2025-06-30 08:24:46', 'approved'),
(170, 169, 61, 'Pre Turning', 'CL3', '12', 32, 43, 'inhouse', '2025-06-30 02:37:36', '2025-06-30 02:55:25', '', '2025-07-16 16:45:00', '2025-07-20 11:28:00', '2025-06-30 08:24:50', '2025-06-30 08:25:25', 'approved'),
(171, NULL, 62, 'Facing & Centering', 'VTL2', '15', 323, 30, 'inhouse', '2025-06-30 03:05:14', '2025-07-11 06:48:28', NULL, '2025-09-07 17:24:00', '2025-10-11 17:54:00', NULL, NULL, 'pending'),
(172, 171, 62, 'Pre Turning', 'CL3', '7', 10, 0, 'inhouse', '2025-06-30 03:05:14', '2025-07-11 06:48:28', NULL, '2025-10-11 17:54:00', '2025-10-12 18:24:00', NULL, NULL, 'pending'),
(173, NULL, 63, 'Pre Turning', '', '', 25, 9, 'outsourced', '2025-07-10 00:45:18', '2025-07-10 00:45:18', '', '2025-07-11 11:45:00', '2025-07-13 17:54:00', NULL, NULL, 'pending'),
(175, 174, 64, 'Deep Hole Drilling', '8', '6', 25, 4, 'inhouse', '2025-07-25 03:02:10', '2025-07-25 03:02:10', 'hkhxh', '2025-07-26 09:00:00', '2025-07-28 16:04:00', NULL, NULL, 'pending'),
(176, NULL, 65, 'Grinding', '10', '9', 50, 4, 'inhouse', '2025-07-25 03:03:42', '2025-07-25 03:03:42', 'hhgg', '2025-07-28 09:00:00', '2025-08-02 14:04:00', NULL, NULL, 'pending'),
(177, NULL, 66, 'Deep Hole Drilling', '10', '9', 72, 30, 'inhouse', '2025-07-25 03:38:03', '2025-07-25 03:38:03', 'a', '2025-08-02 14:04:00', '2025-08-12 17:14:00', NULL, NULL, 'pending');

-- --------------------------------------------------------

--
-- Table structure for table `sales_orders`
--

CREATE TABLE `sales_orders` (
  `id` bigint(20) UNSIGNED NOT NULL,
  `sales_order_no` varchar(50) NOT NULL,
  `sales_order_date` date NOT NULL,
  `grn_no` varchar(50) DEFAULT NULL,
  `customer_ref_no` varchar(100) DEFAULT NULL,
  `company_name` varchar(255) DEFAULT NULL,
  `company_address` text DEFAULT NULL,
  `company_gstn` varchar(20) DEFAULT NULL,
  `company_phone` varchar(20) DEFAULT NULL,
  `company_email` varchar(100) DEFAULT NULL,
  `quotation_no` varchar(50) DEFAULT NULL,
  `quotation_date` date DEFAULT NULL,
  `rfq_no` varchar(50) DEFAULT NULL,
  `rfq_date` date DEFAULT NULL,
  `part_no` varchar(50) DEFAULT NULL,
  `project_material_no` varchar(100) DEFAULT NULL,
  `drawing_no` varchar(100) DEFAULT NULL,
  `drawing_rev` varchar(50) DEFAULT NULL,
  `description` text DEFAULT NULL,
  `bill_address` text DEFAULT NULL,
  `ship_address` text DEFAULT NULL,
  `product_type` varchar(50) DEFAULT NULL,
  `inr_in_words` text DEFAULT NULL,
  `subtotal` decimal(15,2) DEFAULT 0.00,
  `sgst_amount` decimal(15,2) DEFAULT 0.00,
  `cgst_amount` decimal(15,2) DEFAULT 0.00,
  `igst_amount` decimal(15,2) DEFAULT 0.00,
  `round_up` decimal(15,2) DEFAULT 0.00,
  `grand_total` decimal(15,2) DEFAULT 0.00,
  `status` varchar(255) NOT NULL DEFAULT 'pending',
  `created_at` timestamp NULL DEFAULT NULL,
  `updated_at` timestamp NULL DEFAULT NULL
) ENGINE=InnoDB DEFAULT CHARSET=utf8mb4 COLLATE=utf8mb4_unicode_ci;

--
-- Dumping data for table `sales_orders`
--

INSERT INTO `sales_orders` (`id`, `sales_order_no`, `sales_order_date`, `grn_no`, `customer_ref_no`, `company_name`, `company_address`, `company_gstn`, `company_phone`, `company_email`, `quotation_no`, `quotation_date`, `rfq_no`, `rfq_date`, `part_no`, `project_material_no`, `drawing_no`, `drawing_rev`, `description`, `bill_address`, `ship_address`, `product_type`, `inr_in_words`, `subtotal`, `sgst_amount`, `cgst_amount`, `igst_amount`, `round_up`, `grand_total`, `status`, `created_at`, `updated_at`) VALUES
(31, 'UEPL/SO/0001', '2025-08-02', 'Quos et doloribus ma', 'Magnam voluptatem R', '21', 'NO. 87/2, MUNESHWARA LAYOUT, THIGALARAPALYA MAIN ROAD, PEENYA 2ND STAGE, BENGALURU - 560058', '29ABIFA8267E1Z5', '9535372743', 'maheshadityametallizing@gmail.com', NULL, '2025-07-31', 'UEPL/S/RFQ/0002', '1980-01-29', 'Est quisquam amet', 'Sed culpa aut impedi', 'Ad quia doloribus ac', 'Autem ipsa quaerat', 'Cupiditate pariatur', 'NO. 87/2, MUNESHWARA LAYOUT, THIGALARAPALYA MAIN ROAD, PEENYA 2ND STAGE, BENGALURU - 560058', 'NO. 87/2, MUNESHWARA LAYOUT, THIGALARAPALYA MAIN ROAD, PEENYA 2ND STAGE, BENGALURU - 560058', 'Rib Shaft', 'One thousand eight hundred and ninety two', 744.80, 134.06, 700.11, 312.82, 0.21, 1892.00, 'approved', '2025-07-31 07:45:20', '2025-08-02 01:42:28');

-- --------------------------------------------------------

--
-- Table structure for table `sales_order_items`
--

CREATE TABLE `sales_order_items` (
  `id` bigint(20) UNSIGNED NOT NULL,
  `sales_order_id` bigint(20) UNSIGNED NOT NULL,
  `sl_no` int(11) DEFAULT NULL,
  `material_code` varchar(255) DEFAULT NULL,
  `hsn_code` varchar(255) DEFAULT NULL,
  `material_description` text DEFAULT NULL,
  `additional_details` text DEFAULT NULL,
  `required_by_date` date DEFAULT NULL,
  `quantity` int(11) DEFAULT NULL,
  `uom` varchar(50) DEFAULT NULL,
  `unit_rate` decimal(15,2) DEFAULT NULL,
  `discount` decimal(15,2) DEFAULT 0.00,
  `value` decimal(15,2) DEFAULT NULL,
  `sgst` decimal(15,2) DEFAULT 0.00,
  `cgst` decimal(15,2) DEFAULT 0.00,
  `igst` decimal(15,2) DEFAULT 0.00,
  `amount` decimal(15,2) DEFAULT NULL,
  `created_at` timestamp NULL DEFAULT NULL,
  `updated_at` timestamp NULL DEFAULT NULL
) ENGINE=InnoDB DEFAULT CHARSET=utf8mb4 COLLATE=utf8mb4_unicode_ci;

--
-- Dumping data for table `sales_order_items`
--

INSERT INTO `sales_order_items` (`id`, `sales_order_id`, `sl_no`, `material_code`, `hsn_code`, `material_description`, `additional_details`, `required_by_date`, `quantity`, `uom`, `unit_rate`, `discount`, `value`, `sgst`, `cgst`, `igst`, `amount`, `created_at`, `updated_at`) VALUES
(39, 31, 1, 'Ipsa est ab qui qua', 'Ipsa eos et pariat', 'Laborum iusto cupidi', 'Inventore dolorem no', '2006-02-09', 832, 'Velit voluptates est', 76.00, 51.00, 744.80, 18.00, 94.00, 42.00, 1891.79, '2025-08-02 01:42:28', '2025-08-02 01:42:28');

-- --------------------------------------------------------

--
-- Table structure for table `sessions`
--

CREATE TABLE `sessions` (
  `id` varchar(255) NOT NULL,
  `user_id` bigint(20) UNSIGNED DEFAULT NULL,
  `ip_address` varchar(45) DEFAULT NULL,
  `user_agent` text DEFAULT NULL,
  `payload` longtext NOT NULL,
  `last_activity` int(11) NOT NULL
) ENGINE=InnoDB DEFAULT CHARSET=utf8mb4 COLLATE=utf8mb4_unicode_ci;

--
-- Dumping data for table `sessions`
--

INSERT INTO `sessions` (`id`, `user_id`, `ip_address`, `user_agent`, `payload`, `last_activity`) VALUES
('AaEvbmkr9SnynjCrZwuYC5Xq8CySGvnBK5xWLXKE', NULL, '49.37.180.234', 'Mozilla/5.0 (Windows NT 10.0; Win64; x64) AppleWebKit/537.36 (KHTML, like Gecko) Chrome/139.0.0.0 Safari/537.36', 'YTozOntzOjY6Il90b2tlbiI7czo0MDoiWUJzZnNPRHUxcHFNSmVVQ0x6TlBTQk93MlpXaDdPRGU4SlRoQVBPVyI7czo2OiJfZmxhc2giO2E6Mjp7czozOiJvbGQiO2E6MDp7fXM6MzoibmV3IjthOjA6e319czo5OiJfcHJldmlvdXMiO2E6MTp7czozOiJ1cmwiO3M6NTE6Imh0dHBzOi8vdW1icmV5ZW5naW5lZXJpbmcuY29tL2luZHVzcHJvL3B1YmxpYy9sb2dpbiI7fX0=', 1755688182),
('dcwY3vv0SMPYhAfW8wp6KoiGMIRH5LaXN004qcqx', NULL, '42.106.161.74', 'Mozilla/5.0 (Windows NT 10.0; Win64; x64) AppleWebKit/537.36 (KHTML, like Gecko) Chrome/138.0.0.0 Safari/537.36', 'YTo0OntzOjY6Il90b2tlbiI7czo0MDoiNHJueHo0bkF5Tk9sRTU2dUpOMEpaQ005QVd6d3dmS1dxTXNBcWtEaSI7czozOiJ1cmwiO2E6MTp7czo4OiJpbnRlbmRlZCI7czo1NToiaHR0cHM6Ly91bWJyZXllbmdpbmVlcmluZy5jb20vaW5kdXNwcm8vcHVibGljL2Rhc2hib2FyZCI7fXM6OToiX3ByZXZpb3VzIjthOjE6e3M6MzoidXJsIjtzOjUxOiJodHRwczovL3VtYnJleWVuZ2luZWVyaW5nLmNvbS9pbmR1c3Byby9wdWJsaWMvbG9naW4iO31zOjY6Il9mbGFzaCI7YToyOntzOjM6Im9sZCI7YTowOnt9czozOiJuZXciO2E6MDp7fX19', 1755582349),
('DZqDpl1caii0tpYBopQwzbjWaiXqqdFJ3wxaL3eF', NULL, '160.238.94.5', 'Mozilla/5.0 (Windows NT 10.0; Win64; x64) AppleWebKit/537.36 (KHTML, like Gecko) Chrome/138.0.0.0 Safari/537.36', 'YTo0OntzOjY6Il90b2tlbiI7czo0MDoiMzhITjRHazF2eVBJMmhldmg3UVNqbjlwM0w3N0xjV1NZSGc0REZrSiI7czozOiJ1cmwiO2E6MTp7czo4OiJpbnRlbmRlZCI7czo2NjoiaHR0cHM6Ly91bWJyZXllbmdpbmVlcmluZy5jb20vaW5kdXNwcm8vcHVibGljL3N1cGVyYWRtaW4vZGFzaGJvYXJkIjt9czo5OiJfcHJldmlvdXMiO2E6MTp7czozOiJ1cmwiO3M6NTE6Imh0dHBzOi8vdW1icmV5ZW5naW5lZXJpbmcuY29tL2luZHVzcHJvL3B1YmxpYy9sb2dpbiI7fXM6NjoiX2ZsYXNoIjthOjI6e3M6Mzoib2xkIjthOjA6e31zOjM6Im5ldyI7YTowOnt9fX0=', 1755345196),
('Euh6A1B9WAZq7AHFZi5MUowNccFeBJkCjbv0htT1', 12, '49.37.180.234', 'Mozilla/5.0 (Windows NT 10.0; Win64; x64) AppleWebKit/537.36 (KHTML, like Gecko) Chrome/139.0.0.0 Safari/537.36', 'YTo0OntzOjY6Il90b2tlbiI7czo0MDoiRlVTdFRjeXRJRjdRYTd1MEdNQ1dmanZSSG1jVzFnYklNckkwcHhyQiI7czo2OiJfZmxhc2giO2E6Mjp7czozOiJvbGQiO2E6MDp7fXM6MzoibmV3IjthOjA6e319czo5OiJfcHJldmlvdXMiO2E6MTp7czozOiJ1cmwiO3M6NjY6Imh0dHBzOi8vdW1icmV5ZW5naW5lZXJpbmcuY29tL2luZHVzcHJvL3B1YmxpYy9zdXBlcmFkbWluL2Rhc2hib2FyZCI7fXM6NTA6ImxvZ2luX3dlYl81OWJhMzZhZGRjMmIyZjk0MDE1ODBmMDE0YzdmNThlYTRlMzA5ODlkIjtpOjEyO30=', 1755582342),
('fhuLFL10kpcTEWyzzcY2KWFr3OmQd2rm0swEbCYK', 12, '49.37.182.243', 'Mozilla/5.0 (Windows NT 10.0; Win64; x64) AppleWebKit/537.36 (KHTML, like Gecko) Chrome/139.0.0.0 Safari/537.36', 'YTo0OntzOjY6Il90b2tlbiI7czo0MDoiZVl3Y1h6NWtVNlhaMktvNGhEOHRnM3d5NllmOW9LWmpGdXhHSlhhbiI7czo5OiJfcHJldmlvdXMiO2E6MTp7czozOiJ1cmwiO3M6Njg6Imh0dHBzOi8vdW1icmV5ZW5naW5lZXJpbmcuY29tL2luZHVzcHJvL3B1YmxpYy9zdXBlcmFkbWluL3VzZXJkZXRhaWxzIjt9czo2OiJfZmxhc2giO2E6Mjp7czozOiJvbGQiO2E6MDp7fXM6MzoibmV3IjthOjA6e319czo1MDoibG9naW5fd2ViXzU5YmEzNmFkZGMyYjJmOTQwMTU4MGYwMTRjN2Y1OGVhNGUzMDk4OWQiO2k6MTI7fQ==', 1756731473),
('gN1NMv71tw9nj3ksro6SzuFcMaIRXD1SZzeUK6ap', NULL, '49.37.180.234', 'Mozilla/5.0 (Windows NT 10.0; Win64; x64) AppleWebKit/537.36 (KHTML, like Gecko) Chrome/138.0.0.0 Safari/537.36', 'YTozOntzOjY6Il90b2tlbiI7czo0MDoiNmV0M1duUmJXQjdBdW5VaEV0S0wzd0s2aVNaTjVHUUpTdnd0b3VlbiI7czo5OiJfcHJldmlvdXMiO2E6MTp7czozOiJ1cmwiO3M6NTE6Imh0dHBzOi8vdW1icmV5ZW5naW5lZXJpbmcuY29tL2luZHVzcHJvL3B1YmxpYy9sb2dpbiI7fXM6NjoiX2ZsYXNoIjthOjI6e3M6Mzoib2xkIjthOjA6e31zOjM6Im5ldyI7YTowOnt9fX0=', 1755514788),
('L3n7w3ttkeZF9RNhgWR8EWAvnEKmvX3DnZg4fUUo', 12, '49.37.182.150', 'Mozilla/5.0 (Windows NT 10.0; Win64; x64) AppleWebKit/537.36 (KHTML, like Gecko) Chrome/138.0.0.0 Safari/537.36', 'YTo0OntzOjY6Il90b2tlbiI7czo0MDoiWDlmVkxwQlltMUtVR1lGWnNjcHNqNk1ldlk0NXNhNkVRY3p6Nms0TCI7czo2OiJfZmxhc2giO2E6Mjp7czozOiJvbGQiO2E6MDp7fXM6MzoibmV3IjthOjA6e319czo1MDoibG9naW5fd2ViXzU5YmEzNmFkZGMyYjJmOTQwMTU4MGYwMTRjN2Y1OGVhNGUzMDk4OWQiO2k6MTI7czo5OiJfcHJldmlvdXMiO2E6MTp7czozOiJ1cmwiO3M6NjU6Imh0dHBzOi8vdW1icmV5ZW5naW5lZXJpbmcuY29tL2luZHVzcHJvL3B1YmxpYy9zdXBlcmFkbWluL3B1cmNoYXNlIjt9fQ==', 1755167908),
('OXfKHI9zyaAv8A5oUegUzEXhRQwBD2A6Cklu5ECa', 12, '49.37.180.234', 'Mozilla/5.0 (Windows NT 10.0; Win64; x64) AppleWebKit/537.36 (KHTML, like Gecko) Chrome/139.0.0.0 Safari/537.36', 'YTo0OntzOjY6Il90b2tlbiI7czo0MDoiNGxrcUpNUjdXdE12bWtkaE5kRjRTc01mQjFPTjhQYjFNWDFQSzVhaCI7czo5OiJfcHJldmlvdXMiO2E6MTp7czozOiJ1cmwiO3M6NjY6Imh0dHBzOi8vdW1icmV5ZW5naW5lZXJpbmcuY29tL2luZHVzcHJvL3B1YmxpYy9zdXBlcmFkbWluL3NhbGVzL3JmcSI7fXM6NjoiX2ZsYXNoIjthOjI6e3M6Mzoib2xkIjthOjA6e31zOjM6Im5ldyI7YTowOnt9fXM6NTA6ImxvZ2luX3dlYl81OWJhMzZhZGRjMmIyZjk0MDE1ODBmMDE0YzdmNThlYTRlMzA5ODlkIjtpOjEyO30=', 1755689104),
('oXNKYpg7YIkzMnwiFM2tmlDzbuOr7czVu965yqVG', 12, '49.37.180.234', 'Mozilla/5.0 (Windows NT 10.0; Win64; x64) AppleWebKit/537.36 (KHTML, like Gecko) Chrome/139.0.0.0 Safari/537.36', 'YTo0OntzOjY6Il90b2tlbiI7czo0MDoiNkhVR0JZRVBzdnlCUnMxRWNqdFZPUGlDc3RiUXU4Z0FHcmxMcTBSTCI7czo5OiJfcHJldmlvdXMiO2E6MTp7czozOiJ1cmwiO3M6NjY6Imh0dHBzOi8vdW1icmV5ZW5naW5lZXJpbmcuY29tL2luZHVzcHJvL3B1YmxpYy9zdXBlcmFkbWluL2Rhc2hib2FyZCI7fXM6NjoiX2ZsYXNoIjthOjI6e3M6Mzoib2xkIjthOjA6e31zOjM6Im5ldyI7YTowOnt9fXM6NTA6ImxvZ2luX3dlYl81OWJhMzZhZGRjMmIyZjk0MDE1ODBmMDE0YzdmNThlYTRlMzA5ODlkIjtpOjEyO30=', 1755520121),
('P2cZ3R1HOuuj1tKqQHvHW3caFAYFerQhSqW6O0G5', NULL, '49.37.180.234', 'Mozilla/5.0 (Windows NT 10.0; Win64; x64) AppleWebKit/537.36 (KHTML, like Gecko) Chrome/139.0.0.0 Safari/537.36', 'YTozOntzOjY6Il90b2tlbiI7czo0MDoiRFBZSEJscm4ySDBaVlp1VDkzODJTcjJaMzI4MjJlc2NmOThqcUNKaSI7czo5OiJfcHJldmlvdXMiO2E6MTp7czozOiJ1cmwiO3M6Nzk6Imh0dHBzOi8vdW1icmV5ZW5naW5lZXJpbmcuY29tL2luZHVzcHJvL3B1YmxpYy9zdXBlcmFkbWluL21hbnVmYWN0dXJpbmcvcGxhbm5pbmciO31zOjY6Il9mbGFzaCI7YToyOntzOjM6Im9sZCI7YTowOnt9czozOiJuZXciO2E6MDp7fX19', 1755682025),
('T6TJ9svLlTuM38nr1VNYCLl5GOecwOAbH14zCRKC', NULL, '49.37.180.234', 'Mozilla/5.0 (Windows NT 10.0; Win64; x64) AppleWebKit/537.36 (KHTML, like Gecko) Chrome/139.0.0.0 Safari/537.36', 'YTozOntzOjY6Il90b2tlbiI7czo0MDoieWVhVTdwUGxjNUJIdXo2dEdHUnJLNllyOElEYTNEd1pDd29FNFFUSSI7czo5OiJfcHJldmlvdXMiO2E6MTp7czozOiJ1cmwiO3M6NTE6Imh0dHBzOi8vdW1icmV5ZW5naW5lZXJpbmcuY29tL2luZHVzcHJvL3B1YmxpYy9sb2dpbiI7fXM6NjoiX2ZsYXNoIjthOjI6e3M6Mzoib2xkIjthOjA6e31zOjM6Im5ldyI7YTowOnt9fX0=', 1755607722),
('tKWhUF72WXUL5QukPkBf7t3vudztLcz1RE4dQP4p', 12, '49.37.180.234', 'Mozilla/5.0 (Windows NT 10.0; Win64; x64) AppleWebKit/537.36 (KHTML, like Gecko) Chrome/139.0.0.0 Safari/537.36', 'YTo1OntzOjY6Il90b2tlbiI7czo0MDoiaUJ6dVhOZXFMNktSV1Z4TWxIOU1wSUY0eUdSdDltTm0ydlg3TE56NSI7czozOiJ1cmwiO2E6MDp7fXM6OToiX3ByZXZpb3VzIjthOjE6e3M6MzoidXJsIjtzOjY2OiJodHRwczovL3VtYnJleWVuZ2luZWVyaW5nLmNvbS9pbmR1c3Byby9wdWJsaWMvc3VwZXJhZG1pbi9kYXNoYm9hcmQiO31zOjY6Il9mbGFzaCI7YToyOntzOjM6Im9sZCI7YTowOnt9czozOiJuZXciO2E6MDp7fX1zOjUwOiJsb2dpbl93ZWJfNTliYTM2YWRkYzJiMmY5NDAxNTgwZjAxNGM3ZjU4ZWE0ZTMwOTg5ZCI7aToxMjt9', 1755841970),
('uKo6VH71PK3wT5Rk3WXaWCXIsrfuTYzN5q7aBvob', NULL, '49.44.78.165', 'Mozilla/5.0 (Windows NT 6.1; Win64; x64) AppleWebKit/537.36 (KHTML, like Gecko) Chrome/109.0.0.0 Safari/537.36', 'YTozOntzOjY6Il90b2tlbiI7czo0MDoiVllDVFBlblo3MDN0ZURqSzFJMDlPOEU0VTAxVjV4QjR2OERjRkFnQSI7czo5OiJfcHJldmlvdXMiO2E6MTp7czozOiJ1cmwiO3M6NzI6Imh0dHBzOi8vdW1icmV5ZW5naW5lZXJpbmcuY29tL2luZHVzcHJvL3B1YmxpYy9zdXBlcmFkbWluL3JvdXRlY2FyZC9vcmRlciI7fXM6NjoiX2ZsYXNoIjthOjI6e3M6Mzoib2xkIjthOjA6e31zOjM6Im5ldyI7YTowOnt9fX0=', 1755582022),
('VayGaxH39E1bYw4eTQz4slQC6X3CJlAmM1NPTRsq', NULL, '49.37.180.234', 'Mozilla/5.0 (Windows NT 10.0; Win64; x64) AppleWebKit/537.36 (KHTML, like Gecko) Chrome/139.0.0.0 Safari/537.36', 'YTozOntzOjY6Il90b2tlbiI7czo0MDoidWJnNlNuSnJ5aThGZzVHZXAydjNMbllkZEZROExZbnFqY1htT0ZzSSI7czo5OiJfcHJldmlvdXMiO2E6MTp7czozOiJ1cmwiO3M6NTE6Imh0dHBzOi8vdW1icmV5ZW5naW5lZXJpbmcuY29tL2luZHVzcHJvL3B1YmxpYy9sb2dpbiI7fXM6NjoiX2ZsYXNoIjthOjI6e3M6Mzoib2xkIjthOjA6e31zOjM6Im5ldyI7YTowOnt9fX0=', 1755584584),
('VDdjopHkclZhOtp617KBoUknc6R2KQFDD6TLekEO', NULL, '49.37.182.150', 'Mozilla/5.0 (Windows NT 10.0; Win64; x64) AppleWebKit/537.36 (KHTML, like Gecko) Chrome/139.0.0.0 Safari/537.36', 'YTozOntzOjY6Il90b2tlbiI7czo0MDoiOGEwU0F0R3FlOHdSTmNjWnlCOFZYODNPbE54dldMR2xxVmRRWHU2bCI7czo2OiJfZmxhc2giO2E6Mjp7czozOiJvbGQiO2E6MDp7fXM6MzoibmV3IjthOjA6e319czo5OiJfcHJldmlvdXMiO2E6MTp7czozOiJ1cmwiO3M6NTE6Imh0dHBzOi8vdW1icmV5ZW5naW5lZXJpbmcuY29tL2luZHVzcHJvL3B1YmxpYy9sb2dpbiI7fX0=', 1755352644),
('Vz7oblF5t6t5WLgaklWS4w6xdWhUncsRJVRoPWRu', 12, '49.37.182.243', 'Mozilla/5.0 (Windows NT 10.0; Win64; x64) AppleWebKit/537.36 (KHTML, like Gecko) Chrome/139.0.0.0 Safari/537.36', 'YTo1OntzOjY6Il90b2tlbiI7czo0MDoiTldRTlNPUGI3QnBuYW9lbGlMRFh6eXVHNWpIblM4dGlTMmMzcWpvQiI7czozOiJ1cmwiO2E6MDp7fXM6OToiX3ByZXZpb3VzIjthOjE6e3M6MzoidXJsIjtzOjY5OiJodHRwczovL3VtYnJleWVuZ2luZWVyaW5nLmNvbS9pbmR1c3Byby9wdWJsaWMvc3VwZXJhZG1pbi9jdXN0b21lcmxpc3QiO31zOjY6Il9mbGFzaCI7YToyOntzOjM6Im9sZCI7YTowOnt9czozOiJuZXciO2E6MDp7fX1zOjUwOiJsb2dpbl93ZWJfNTliYTM2YWRkYzJiMmY5NDAxNTgwZjAxNGM3ZjU4ZWE0ZTMwOTg5ZCI7aToxMjt9', 1756713077),
('xEgNi9uHybYfXnTJuEKH0QVOuMkGxJN76ZRQSaxj', NULL, '49.37.180.234', 'Mozilla/5.0 (Windows NT 10.0; Win64; x64) AppleWebKit/537.36 (KHTML, like Gecko) Chrome/138.0.0.0 Safari/537.36', 'YTo0OntzOjY6Il90b2tlbiI7czo0MDoiR0lldU53MDBWa2VSQmdUMXNCM01CU3VWRlI0a25HVzNXb2tOQ3dLYyI7czozOiJ1cmwiO2E6MTp7czo4OiJpbnRlbmRlZCI7czo2NjoiaHR0cHM6Ly91bWJyZXllbmdpbmVlcmluZy5jb20vaW5kdXNwcm8vcHVibGljL3N1cGVyYWRtaW4vZGFzaGJvYXJkIjt9czo5OiJfcHJldmlvdXMiO2E6MTp7czozOiJ1cmwiO3M6NTE6Imh0dHBzOi8vdW1icmV5ZW5naW5lZXJpbmcuY29tL2luZHVzcHJvL3B1YmxpYy9sb2dpbiI7fXM6NjoiX2ZsYXNoIjthOjI6e3M6Mzoib2xkIjthOjA6e31zOjM6Im5ldyI7YTowOnt9fX0=', 1755500474),
('XKoAAo0N7x1QeK00n4nDAKDBbj8swniJxqXLGXwe', 12, '49.37.182.150', 'Mozilla/5.0 (Windows NT 10.0; Win64; x64) AppleWebKit/537.36 (KHTML, like Gecko) Chrome/138.0.0.0 Safari/537.36', 'YTo0OntzOjY6Il90b2tlbiI7czo0MDoiV25ab0MwWGFvbXZGRjZPSDZVOFhKZkl6OURFV2FVSGd2dVJpTG52YiI7czo5OiJfcHJldmlvdXMiO2E6MTp7czozOiJ1cmwiO3M6NjY6Imh0dHBzOi8vdW1icmV5ZW5naW5lZXJpbmcuY29tL2luZHVzcHJvL3B1YmxpYy9zdXBlcmFkbWluL2Rhc2hib2FyZCI7fXM6NjoiX2ZsYXNoIjthOjI6e3M6Mzoib2xkIjthOjA6e31zOjM6Im5ldyI7YTowOnt9fXM6NTA6ImxvZ2luX3dlYl81OWJhMzZhZGRjMmIyZjk0MDE1ODBmMDE0YzdmNThlYTRlMzA5ODlkIjtpOjEyO30=', 1755345185);

-- --------------------------------------------------------

--
-- Table structure for table `skumaster`
--

CREATE TABLE `skumaster` (
  `id` bigint(20) UNSIGNED NOT NULL,
  `item_name` varchar(255) NOT NULL,
  `category` varchar(255) NOT NULL,
  `uom` varchar(255) NOT NULL,
  `tax_rate` decimal(5,2) NOT NULL,
  `current_stock` int(11) NOT NULL,
  `default_price` decimal(10,2) NOT NULL,
  `discount_price` decimal(10,2) DEFAULT NULL,
  `tcs` decimal(5,2) DEFAULT NULL,
  `min_order_level` int(11) NOT NULL,
  `max_order_level` int(11) NOT NULL,
  `hsn_code` varchar(255) DEFAULT NULL,
  `supplier_name` varchar(255) DEFAULT NULL,
  `supplier_phone` varchar(255) DEFAULT NULL,
  `supplier_email` varchar(255) DEFAULT NULL,
  `reason` text DEFAULT NULL,
  `created_at` timestamp NULL DEFAULT NULL,
  `updated_at` timestamp NULL DEFAULT NULL
) ENGINE=InnoDB DEFAULT CHARSET=utf8mb4 COLLATE=utf8mb4_unicode_ci;

--
-- Dumping data for table `skumaster`
--

INSERT INTO `skumaster` (`id`, `item_name`, `category`, `uom`, `tax_rate`, `current_stock`, `default_price`, `discount_price`, `tcs`, `min_order_level`, `max_order_level`, `hsn_code`, `supplier_name`, `supplier_phone`, `supplier_email`, `reason`, `created_at`, `updated_at`) VALUES
(1, 'Thane Ewing', 'Libero reiciendis a', 'Deserunt sit blandi', 3.00, 66, 533.00, 722.00, 0.00, 9, 96, 'Iure suscipit velit', 'Callie Roberts', '+1 (481) 381-5612', 'bybejuno@mailinator.com', 'Consequat Et aperia', '2025-05-18 02:06:17', '2025-05-18 02:14:18'),
(3, 'Iron-pipe', 'Iron', '5', 9.00, 2000, 500.00, 5.00, 5.00, 2000, 1999, '5252', 'Uday', '7898521200', 'uday@gmail.com', NULL, '2025-05-27 07:46:39', '2025-05-27 07:46:39'),
(4, 'Ulysses Stephenson', 'Reprehenderit deleni', 'Error ducimus illo', 0.00, 78, 841.00, 873.00, 31.00, 92, 28, 'Sunt anim esse offic', 'September Vega', '+1 (274) 495-5236', 'larokyx@mailinator.com', 'Qui aute quasi magna', '2025-05-27 14:00:35', '2025-05-27 14:00:35'),
(5, 'Gemma Rowland', 'Autem ut sit porro b', 'Eu voluptate consect', 9.00, 31, 975.00, 654.00, 69.00, 29, 86, 'Ipsa iste ad consec', 'Cameron Trujillo', '+1 (533) 563-1739', 'kopexefu@mailinator.com', 'Itaque accusamus sin', '2025-05-27 14:03:52', '2025-05-27 14:03:52'),
(6, 'Amir Salazar', 'Dignissimos quasi ac', 'Ullamco lorem dicta', 9.00, 27, 254.00, 965.00, 82.00, 37, 69, 'Voluptatem iste aut', 'Echo David', '+1 (332) 733-8105', 'hyvufo@mailinator.com', 'Dignissimos eiusmod', '2025-05-27 14:05:04', '2025-05-27 14:05:04'),
(7, 'Martina Potts', 'Aspernatur alias con', 'Molestias ut facere', 3.00, 31, 170.00, 488.00, 18.00, 69, 100, 'Culpa expedita conse', 'Brynn Bright', '+1 (144) 889-1868', 'tivyjolo@mailinator.com', 'Praesentium nihil vo', '2025-05-27 14:05:44', '2025-05-27 14:05:44'),
(8, 'Allen Hubbard', 'Illum assumenda min', 'Pariatur Cum illo a', 0.00, 2, 259.00, 161.00, 54.00, 63, 0, 'In eius eum vitae do', 'Joy Knox', '78878797978', 'tuxo@mailinator.com', 'Veniam ratione Nam', '2025-05-27 14:06:33', '2025-05-27 14:06:50'),
(10, 'Quentin Farmer123', 'Dicta deserunt id do', 'Repellendus Fugit', 14.00, 15, 614.00, 742.00, 9.00, 61, 74, 'Corrupti dolorum es', 'Donovan Mann', '+1 (241) 163-3925', 'kitej@mailinator.com', 'Dolor ipsa quisquam', '2025-06-28 05:43:37', '2025-06-28 05:45:46');

-- --------------------------------------------------------

--
-- Table structure for table `sku_approvals`
--

CREATE TABLE `sku_approvals` (
  `id` bigint(20) UNSIGNED NOT NULL,
  `customer_id` varchar(255) NOT NULL,
  `items` text NOT NULL,
  `date` date NOT NULL,
  `approved_date` date DEFAULT NULL,
  `status` varchar(255) NOT NULL DEFAULT 'Pending',
  `action_date` date DEFAULT NULL,
  `action_by` varchar(255) DEFAULT NULL,
  `created_by` varchar(255) NOT NULL,
  `stock_status` varchar(255) NOT NULL DEFAULT 'In Stock',
  `created_at` timestamp NULL DEFAULT NULL,
  `updated_at` timestamp NULL DEFAULT NULL
) ENGINE=InnoDB DEFAULT CHARSET=utf8mb4 COLLATE=utf8mb4_unicode_ci;

--
-- Dumping data for table `sku_approvals`
--

INSERT INTO `sku_approvals` (`id`, `customer_id`, `items`, `date`, `approved_date`, `status`, `action_date`, `action_by`, `created_by`, `stock_status`, `created_at`, `updated_at`) VALUES
(1, '1', '\"1\"', '2025-05-18', '2025-05-18', 'Approved', '2025-05-18', 'sdfsf', 'aafafs', 'Low Stock', '2025-05-18 02:48:27', '2025-05-27 08:00:27'),
(2, '1', '\"1,3\"', '2025-05-28', '2025-05-28', 'Pending', '2025-05-29', 'Admnin', 'Admin', 'In Stock', '2025-05-27 13:53:14', '2025-05-27 13:53:14');

-- --------------------------------------------------------

--
-- Table structure for table `sku_movements`
--

CREATE TABLE `sku_movements` (
  `id` bigint(20) UNSIGNED NOT NULL,
  `reference` varchar(255) NOT NULL,
  `sku_id` bigint(20) UNSIGNED DEFAULT NULL,
  `product` varchar(255) DEFAULT NULL,
  `type` enum('inbound','outbound','transfer','adjustment') NOT NULL,
  `quantity` int(11) NOT NULL,
  `from_location` varchar(255) DEFAULT NULL,
  `to_location` varchar(255) DEFAULT NULL,
  `date` datetime DEFAULT NULL,
  `status` enum('completed','pending','cancelled') NOT NULL,
  `notes` text DEFAULT NULL,
  `created_at` timestamp NULL DEFAULT NULL,
  `updated_at` timestamp NULL DEFAULT NULL
) ENGINE=InnoDB DEFAULT CHARSET=utf8mb4 COLLATE=utf8mb4_unicode_ci;

--
-- Dumping data for table `sku_movements`
--

INSERT INTO `sku_movements` (`id`, `reference`, `sku_id`, `product`, `type`, `quantity`, `from_location`, `to_location`, `date`, `status`, `notes`, `created_at`, `updated_at`) VALUES
(1, '65', 1, 'Thane Ewing', 'inbound', 291, 'Warehouse A', 'Warehouse A', '2025-05-18 16:11:00', 'completed', 'Labore anim sunt asp', '2025-05-18 05:04:20', '2025-05-27 08:01:05'),
(2, '175', 1, NULL, 'inbound', 279, 'Store 1', 'Warehouse A', NULL, 'completed', 'Odio mollitia quam q', '2025-05-18 05:08:11', '2025-05-18 05:08:11'),
(3, '778', 1, 'Thane Ewing', 'inbound', 727, 'Warehouse A', 'Warehouse B', '2016-10-19 22:00:00', 'pending', 'Velit reprehenderit', '2025-05-18 05:11:47', '2025-05-18 05:24:15'),
(4, '215', 1, 'Thane Ewing', 'inbound', 766, 'Store 2', 'Store 1', '1986-01-09 22:36:00', 'completed', 'Recusandae Sit exe', '2025-05-18 05:14:49', '2025-05-18 05:14:49'),
(5, '582', 1, 'Thane Ewing', 'inbound', 227, 'Warehouse A', 'Warehouse A', '1977-04-12 20:29:00', 'completed', 'Sapiente eligendi mi', '2025-05-18 05:18:38', '2025-05-18 05:18:38'),
(6, '151', 1, 'Thane Ewing', 'inbound', 131, 'Warehouse A', 'Warehouse B', '2021-03-16 15:23:00', 'completed', 'Voluptates soluta fu', '2025-05-18 05:19:03', '2025-05-18 05:19:03'),
(7, '413', 1, 'Thane Ewing', 'inbound', 998, 'Store 2', 'Warehouse B', '1974-05-07 00:22:00', 'completed', 'Voluptatem Sunt con', '2025-05-18 05:21:08', '2025-05-18 05:21:08'),
(8, '121', 1, 'Thane Ewing', 'inbound', 480, 'Warehouse A', 'Warehouse A', '2010-11-03 15:44:00', 'completed', 'Natus incidunt magn', '2025-05-18 05:21:58', '2025-05-18 05:21:58'),
(9, '851', 3, NULL, 'adjustment', 557, 'Store 2', 'Warehouse A', '2021-11-07 23:22:00', 'completed', 'Voluptas molestiae q', '2025-05-27 14:27:12', '2025-05-27 14:41:16'),
(10, '1', 3, NULL, 'inbound', 12, NULL, 'Warehouse A', '2025-05-29 16:54:00', 'pending', 'as', '2025-06-28 05:56:02', '2025-06-28 05:56:02'),
(12, '220', 3, NULL, 'transfer', 678, 'Warehouse B', 'Warehouse B', '1985-10-16 07:08:00', 'cancelled', 'Nulla ex enim enim m', '2025-06-28 05:57:18', '2025-06-28 05:57:18');

-- --------------------------------------------------------

--
-- Table structure for table `stock_items`
--

CREATE TABLE `stock_items` (
  `id` bigint(20) UNSIGNED NOT NULL,
  `category_id` bigint(20) UNSIGNED NOT NULL,
  `item_name` varchar(255) NOT NULL,
  `uom` varchar(255) DEFAULT NULL,
  `sgst` decimal(5,2) DEFAULT NULL,
  `cgst` decimal(5,2) DEFAULT NULL,
  `igst` decimal(5,2) DEFAULT NULL,
  `created_at` timestamp NULL DEFAULT NULL,
  `updated_at` timestamp NULL DEFAULT NULL
) ENGINE=InnoDB DEFAULT CHARSET=utf8mb4 COLLATE=utf8mb4_unicode_ci;

--
-- Dumping data for table `stock_items`
--

INSERT INTO `stock_items` (`id`, `category_id`, `item_name`, `uom`, `sgst`, `cgst`, `igst`, `created_at`, `updated_at`) VALUES
(42, 1, '100MM GREEN CORP WHEEL', 'NOs', 9.00, 9.00, NULL, '2025-07-15 07:18:09', '2025-07-15 07:18:09'),
(43, 1, '4\" WIRE CUP WHEEL', 'NOs', 9.00, 9.00, NULL, '2025-07-15 07:18:09', '2025-07-15 07:18:09'),
(44, 1, 'ABRESSIVE BELT 120 GRIT', 'NOs', 9.00, 9.00, NULL, '2025-07-15 07:18:09', '2025-07-15 07:18:09'),
(45, 1, 'ABRESSIVE BELT 50X2000X120 GRIT', 'NOs', 9.00, 9.00, NULL, '2025-07-15 07:18:09', '2025-07-15 07:18:09'),
(46, 1, 'ABRESSIVE BELT 50X2000X320 GRIT', 'NOs', 9.00, 9.00, NULL, '2025-07-15 07:18:09', '2025-07-15 07:18:09'),
(47, 1, 'ABRESSIVE BELTS 80 GRIT', 'NOs', 9.00, 9.00, NULL, '2025-07-15 07:18:09', '2025-07-15 07:18:09'),
(48, 1, 'ABRO SILICON CLEAR', 'NOs', 9.00, 9.00, NULL, '2025-07-15 07:18:09', '2025-07-15 07:18:09'),
(49, 1, 'CUT OFF WHEEL 105X1X16 GREEN', 'NOs', 9.00, 9.00, NULL, '2025-07-15 07:18:09', '2025-07-15 07:18:09'),
(50, 1, 'CUT OFF WHEEL 107 X 2.8 X 25', 'NOs', 9.00, 9.00, NULL, '2025-07-15 07:18:09', '2025-07-15 07:18:09'),
(51, 1, 'CUT OFF WHEEL 125 X 1 X 22', 'NOs', 9.00, 9.00, NULL, '2025-07-15 07:18:09', '2025-07-15 07:18:09'),
(52, 1, 'CUT OFF WHEEL 180 X 2.8 X 25', 'NOs', 9.00, 9.00, NULL, '2025-07-15 07:18:09', '2025-07-15 07:18:09'),
(53, 1, 'CUT OFF WHEEL 1800 X 2.8 X 25', 'NOs', 9.00, 9.00, NULL, '2025-07-15 07:18:09', '2025-07-15 07:18:09'),
(54, 1, 'CUT OFF WHEEL 350 X 2.8 X 25', 'NOs', 9.00, 9.00, NULL, '2025-07-15 07:18:09', '2025-07-15 07:18:09'),
(55, 1, 'CUT OFF WHEEL S100', 'NOs', 9.00, 9.00, NULL, '2025-07-15 07:18:09', '2025-07-15 07:18:09'),
(56, 1, 'CUT OFF WHEEL S350', 'NOs', 9.00, 9.00, NULL, '2025-07-15 07:18:09', '2025-07-15 07:18:09'),
(57, 1, 'CUT OFF WHEELS 107 X 1 X 16', 'NOs', 9.00, 9.00, NULL, '2025-07-15 07:18:09', '2025-07-15 07:18:09'),
(58, 1, 'D C WHEELS 100', 'NOs', 9.00, 9.00, NULL, '2025-07-15 07:18:09', '2025-07-15 07:18:09'),
(59, 1, 'D C WHEELS 125', 'NOs', 9.00, 9.00, NULL, '2025-07-15 07:18:09', '2025-07-15 07:18:09'),
(60, 1, 'D C WHEELS 180', 'NOs', 9.00, 9.00, NULL, '2025-07-15 07:18:09', '2025-07-15 07:18:09'),
(61, 1, 'DC WHEELS S100 4.0 16.00', 'NOs', 9.00, 9.00, NULL, '2025-07-15 07:18:09', '2025-07-15 07:18:09'),
(62, 1, 'DC WHEELS S180 6.0 22.23', 'NOs', 9.00, 9.00, NULL, '2025-07-15 07:18:09', '2025-07-15 07:18:09'),
(63, 1, 'DRESSING STICK 150X25X25', 'NOs', 9.00, 9.00, NULL, '2025-07-15 07:18:09', '2025-07-15 07:18:09'),
(64, 1, 'EMERY MOP WHEEL 25X25X60', 'NOs', 9.00, 9.00, NULL, '2025-07-15 07:18:09', '2025-07-15 07:18:09'),
(65, 1, 'EMERY PAPER 320 GRT', 'NOs', 9.00, 9.00, NULL, '2025-07-15 07:18:09', '2025-07-15 07:18:09'),
(66, 1, 'EMERY PAPER DISC 100MM', 'NOs', 9.00, 9.00, NULL, '2025-07-15 07:18:09', '2025-07-15 07:18:09'),
(67, 1, 'EMERY PAPER DISC 150MM G120', 'NOs', 9.00, 9.00, NULL, '2025-07-15 07:18:09', '2025-07-15 07:18:09'),
(68, 1, 'EMERY PAPER DISC 150MM G60', 'NOs', 9.00, 9.00, NULL, '2025-07-15 07:18:09', '2025-07-15 07:18:09'),
(69, 1, 'EMERY PAPER DISC 150MM G80', 'NOs', 9.00, 9.00, NULL, '2025-07-15 07:18:09', '2025-07-15 07:18:09'),
(70, 1, 'EMERY PAPER WATERPROOF   120 GRIT', 'NOs', 9.00, 9.00, NULL, '2025-07-15 07:18:09', '2025-07-15 07:18:09'),
(71, 1, 'EMERY PAPER WATERPROOF 120 GRIT CLOTH', 'NOs', 9.00, 9.00, NULL, '2025-07-15 07:18:09', '2025-07-15 07:18:09'),
(72, 1, 'EMERY PAPER WATERPROOF 150 GRIT', 'NOs', 9.00, 9.00, NULL, '2025-07-15 07:18:09', '2025-07-15 07:18:09'),
(73, 1, 'EMERY PAPER WATERPROOF 230 GRIT CLOTH', 'NOs', 9.00, 9.00, NULL, '2025-07-15 07:18:09', '2025-07-15 07:18:09'),
(74, 1, 'EMERY PAPER WATERPROOF 280 GRIT CLOTH', 'NOs', 9.00, 9.00, NULL, '2025-07-15 07:18:09', '2025-07-15 07:18:09'),
(75, 1, 'EMERY PAPER WATERPROOF 320 GRIT CLOTH', 'NOs', 9.00, 9.00, NULL, '2025-07-15 07:18:09', '2025-07-15 07:18:09'),
(76, 1, 'EMERY ROLL BROWN', 'NOs', 9.00, 9.00, NULL, '2025-07-15 07:18:09', '2025-07-15 07:18:09'),
(77, 1, 'EMERY SHEETS S230 280', 'NOs', 9.00, 9.00, NULL, '2025-07-15 07:18:09', '2025-07-15 07:18:09'),
(78, 1, 'FLAP DISC 100 16 G60', 'NOs', 9.00, 9.00, NULL, '2025-07-15 07:18:09', '2025-07-15 07:18:09'),
(79, 1, 'FLAP DISC 100X16MM 36G', 'NOs', 9.00, 9.00, NULL, '2025-07-15 07:18:09', '2025-07-15 07:18:09'),
(80, 1, 'FLAP DISC N 100 X 16 X G80', 'NOs', 9.00, 9.00, NULL, '2025-07-15 07:18:09', '2025-07-15 07:18:09'),
(81, 1, 'GRINDING WHEEL', 'NOs', 9.00, 9.00, NULL, '2025-07-15 07:18:09', '2025-07-15 07:18:09'),
(82, 1, 'GRINDING WHEEL 200X25X31.75', 'NOs', 9.00, 9.00, NULL, '2025-07-15 07:18:09', '2025-07-15 07:18:09'),
(83, 1, 'GRINDING WHEEL 450X50X127 WA60 L8 VGT', 'NOs', 9.00, 9.00, NULL, '2025-07-15 07:18:09', '2025-07-15 07:18:09'),
(84, 1, 'GRINDING WHEEL 450X60X254', 'NOs', 9.00, 9.00, 18.00, '2025-07-15 07:18:09', '2025-07-15 07:18:09'),
(85, 1, 'GRINDING WHEEL 450X65X254 ROS 325X15', 'NOs', 9.00, 9.00, NULL, '2025-07-15 07:18:09', '2025-07-15 07:18:09'),
(86, 1, 'GRINDING WHEEL 450X65X254 ROS 325X9', 'NOs', 9.00, 9.00, NULL, '2025-07-15 07:18:09', '2025-07-15 07:18:09'),
(87, 1, 'GRINDING WHEEL 750X80X305 BA60 K5V3', 'NOs', 9.00, 9.00, NULL, '2025-07-15 07:18:09', '2025-07-15 07:18:09'),
(88, 1, 'GRINDING WHEEL 750X80X305 ROS 325X30', 'NOs', 9.00, 9.00, NULL, '2025-07-15 07:18:09', '2025-07-15 07:18:09'),
(89, 1, 'GRINDING WHEEL 750X80X305 ROS 410X35', 'NOs', 9.00, 9.00, NULL, '2025-07-15 07:18:09', '2025-07-15 07:18:09'),
(90, 1, 'GRINDING WHEEL VITR200 X 25 X 31.75 CGC', 'NOs', 9.00, 9.00, NULL, '2025-07-15 07:18:09', '2025-07-15 07:18:09'),
(91, 1, 'GRINDING WHEEL VITR200 X 25 X 31.75 MED', 'NOs', 9.00, 9.00, NULL, '2025-07-15 07:18:09', '2025-07-15 07:18:09'),
(92, 1, 'GRINDING WHEEL VITR250 X 60 X 31.75', 'NOs', 9.00, 9.00, NULL, '2025-07-15 07:18:09', '2025-07-15 07:18:09'),
(93, 1, 'GRINDING WHEEL VITR400 X 50 X 127 AA 4654 K5V8', 'NOs', 9.00, 9.00, NULL, '2025-07-15 07:18:09', '2025-07-15 07:18:09'),
(94, 1, 'MOPS WITH SPINDLE 20X20', 'NOs', 9.00, 9.00, NULL, '2025-07-15 07:18:09', '2025-07-15 07:18:09'),
(95, 1, 'MOPS WITH SPINDLE 25X25', 'NOs', 9.00, 9.00, NULL, '2025-07-15 07:18:09', '2025-07-15 07:18:09'),
(96, 1, 'MOPS WITH SPINDLE 30X25', 'NOs', 9.00, 9.00, NULL, '2025-07-15 07:18:09', '2025-07-15 07:18:09'),
(97, 1, 'MOTOR REWINDING CHARGES', 'NOs', 9.00, 9.00, NULL, '2025-07-15 07:18:09', '2025-07-15 07:18:09'),
(98, 1, 'MOUNTED POINTS 12 A 6.35 SP[L', 'NOs', 9.00, 9.00, NULL, '2025-07-15 07:18:09', '2025-07-15 07:18:09'),
(99, 1, 'MOUNTED POINTS 178 X 6', 'NOs', 9.00, 9.00, NULL, '2025-07-15 07:18:09', '2025-07-15 07:18:09'),
(100, 1, 'MOUNTED POINTS 187 X 6', 'NOs', 9.00, 9.00, NULL, '2025-07-15 07:18:09', '2025-07-15 07:18:09'),
(101, 1, 'MOUNTED POINTS 188 X 6', 'NOs', 9.00, 9.00, NULL, '2025-07-15 07:18:09', '2025-07-15 07:18:09'),
(102, 1, 'MOUNTED POINTS 196 A  6.00 SPL', 'NOs', 9.00, 9.00, NULL, '2025-07-15 07:18:09', '2025-07-15 07:18:09'),
(103, 1, 'MOUNTED POINTS 205 X 6.5', 'NOs', 9.00, 9.00, NULL, '2025-07-15 07:18:09', '2025-07-15 07:18:09'),
(104, 1, 'MOUNTED POINTS 21X6.35', 'NOs', 9.00, 9.00, NULL, '2025-07-15 07:18:09', '2025-07-15 07:18:09'),
(105, 1, 'MOUNTED POINTS NA 11 6', 'NOs', 9.00, 9.00, NULL, '2025-07-15 07:18:09', '2025-07-15 07:18:09'),
(106, 1, 'MOUNTED POINTS NA11', 'NOs', 9.00, 9.00, NULL, '2025-07-15 07:18:09', '2025-07-15 07:18:09'),
(107, 1, 'MOUNTED POINTS NA25', 'NOs', 9.00, 9.00, NULL, '2025-07-15 07:18:09', '2025-07-15 07:18:09'),
(108, 1, 'MOUNTED POINTS NW187', 'NOs', 9.00, 9.00, NULL, '2025-07-15 07:18:09', '2025-07-15 07:18:09'),
(109, 1, 'MOUNTED POINTS NW188', 'NOs', 9.00, 9.00, NULL, '2025-07-15 07:18:09', '2025-07-15 07:18:09'),
(110, 1, 'MOUNTED POINTS NW196', 'NOs', 9.00, 9.00, NULL, '2025-07-15 07:18:09', '2025-07-15 07:18:09'),
(111, 1, 'MOUNTED WHEELS 10X25 W178', 'NOs', 9.00, 9.00, NULL, '2025-07-15 07:18:09', '2025-07-15 07:18:09'),
(112, 1, 'MOUNTED WHEELS 13X25', 'NOs', 9.00, 9.00, NULL, '2025-07-15 07:18:09', '2025-07-15 07:18:09'),
(113, 1, 'MOUNTED WHEELS 13X40 W188', 'NOs', 9.00, 9.00, NULL, '2025-07-15 07:18:09', '2025-07-15 07:18:09'),
(114, 1, 'MOUNTED WHEELS A 5', 'NOs', 9.00, 9.00, NULL, '2025-07-15 07:18:09', '2025-07-15 07:18:09'),
(115, 1, 'MOUNTED WHEELS A11', 'NOs', 9.00, 9.00, NULL, '2025-07-15 07:18:09', '2025-07-15 07:18:09'),
(116, 1, 'MOUNTED WHEELS A22', 'NOs', 9.00, 9.00, NULL, '2025-07-15 07:18:09', '2025-07-15 07:18:09'),
(117, 1, 'MOUNTED WHEELS A25', 'NOs', 9.00, 9.00, NULL, '2025-07-15 07:18:09', '2025-07-15 07:18:09'),
(118, 1, 'MOUNTED WHEELS W188', 'NOs', 9.00, 9.00, NULL, '2025-07-15 07:18:09', '2025-07-15 07:18:09'),
(119, 1, 'PLASTER SAND', 'NOs', 9.00, 9.00, NULL, '2025-07-15 07:18:09', '2025-07-15 07:18:09'),
(120, 1, 'POLISHING PAD 150MM', 'NOs', 9.00, 9.00, NULL, '2025-07-15 07:18:09', '2025-07-15 07:18:09'),
(121, 1, 'POLISHING PAD 225MM', 'NOs', 9.00, 9.00, NULL, '2025-07-15 07:18:09', '2025-07-15 07:18:09'),
(122, 1, 'RECESS ONE SIDE ROS 450X65X254 60L532510', 'NOs', 9.00, 9.00, NULL, '2025-07-15 07:18:09', '2025-07-15 07:18:09'),
(123, 1, 'ROLLER EMERY PAPER', 'NOs', 9.00, 9.00, NULL, '2025-07-15 07:18:09', '2025-07-15 07:18:09'),
(124, 1, 'SANDERING PAPER 5\"', 'NOs', 9.00, 9.00, NULL, '2025-07-15 07:18:09', '2025-07-15 07:18:09'),
(125, 1, 'SANDERING PAPER 5\" PAD', 'NOs', 9.00, 9.00, NULL, '2025-07-15 07:18:09', '2025-07-15 07:18:09'),
(126, 1, 'SANDING SEALER', 'NOs', 9.00, 9.00, NULL, '2025-07-15 07:18:09', '2025-07-15 07:18:09'),
(127, 14, '1.5TON 3STAR INVERTER AC HI WALL UNIT', 'NOs', 14.00, 14.00, NULL, '2025-07-15 07:18:09', '2025-07-15 07:18:09'),
(128, 14, '1.7TON 3STAR INVERTER AC HI WALL UNIT', 'NOs', 14.00, 14.00, NULL, '2025-07-15 07:18:09', '2025-07-15 07:18:09'),
(129, 14, '1.9TON 4STAR INVERTER AC HI WALL UNIT', 'NOs', 14.00, 14.00, NULL, '2025-07-15 07:18:09', '2025-07-15 07:18:09'),
(130, 14, 'AC OUTDOOR UNIT STAND', 'NOs', 9.00, 9.00, NULL, '2025-07-15 07:18:09', '2025-07-15 07:18:09'),
(131, 15, 'BALL BEARING 6048M FAG', 'NOs', 9.00, 9.00, NULL, '2025-07-15 07:18:09', '2025-07-15 07:18:09'),
(132, 15, 'BEARING', 'NOs', 9.00, 9.00, NULL, '2025-07-15 07:18:09', '2025-07-15 07:18:09'),
(133, 15, 'BEARING 3202 BALL', 'NOs', 9.00, 9.00, NULL, '2025-07-15 07:18:09', '2025-07-15 07:18:09'),
(134, 15, 'BEARING 4211 DOUBLE ROW BALL', 'NOs', 9.00, 9.00, NULL, '2025-07-15 07:18:09', '2025-07-15 07:18:09'),
(135, 15, 'BEARING 51204 THRUST NTN', 'NOs', 9.00, 9.00, NULL, '2025-07-15 07:18:09', '2025-07-15 07:18:09'),
(136, 15, 'BEARING 51210 BALL', 'NOs', 9.00, 9.00, NULL, '2025-07-15 07:18:09', '2025-07-15 07:18:09'),
(137, 15, 'BEARING 5209 BALL', 'NOs', 9.00, 9.00, NULL, '2025-07-15 07:18:09', '2025-07-15 07:18:09'),
(138, 15, 'BEARING 6006 FAG', 'NOs', 9.00, 9.00, NULL, '2025-07-15 07:18:09', '2025-07-15 07:18:09'),
(139, 15, 'BEARING 6012 FLT', 'NOs', 9.00, 9.00, NULL, '2025-07-15 07:18:09', '2025-07-15 07:18:09'),
(140, 15, 'BEARING 6020 DEEP GROOVE BALL', 'NOS', 9.00, 9.00, NULL, '2025-07-15 07:18:09', '2025-07-15 07:18:09'),
(141, 15, 'BEARING 6024 FAG', 'NOs', 9.00, 9.00, NULL, '2025-07-15 07:18:09', '2025-07-15 07:18:09'),
(142, 15, 'BEARING 6024 FLT', 'NOs', 9.00, 9.00, NULL, '2025-07-15 07:18:09', '2025-07-15 07:18:09'),
(143, 15, 'BEARING 6024 SKF', 'NOs', 9.00, 9.00, NULL, '2025-07-15 07:18:09', '2025-07-15 07:18:09'),
(144, 15, 'BEARING 608ZZ FLT', 'NOs', 9.00, 9.00, NULL, '2025-07-15 07:18:09', '2025-07-15 07:18:09'),
(145, 15, 'BEARING 6205 BALL', 'NOs', 9.00, 9.00, NULL, '2025-07-15 07:18:09', '2025-07-15 07:18:09'),
(146, 15, 'BEARING 6205 FAG', 'NOs', 9.00, 9.00, NULL, '2025-07-15 07:18:09', '2025-07-15 07:18:09'),
(147, 15, 'BEARING 6206 BALL', 'NOs', 9.00, 9.00, NULL, '2025-07-15 07:18:09', '2025-07-15 07:18:09'),
(148, 15, 'BEARING 6209 BALL', 'NOs', 9.00, 9.00, NULL, '2025-07-15 07:18:09', '2025-07-15 07:18:09'),
(149, 15, 'BEARING 6210 FAG', 'NOs', 9.00, 9.00, NULL, '2025-07-15 07:18:09', '2025-07-15 07:18:09'),
(150, 15, 'BEARING 6211 FAG', 'NOs', 9.00, 9.00, NULL, '2025-07-15 07:18:09', '2025-07-15 07:18:09'),
(151, 15, 'BEARING 6302 ZZ BALL', 'NOs', 9.00, 9.00, NULL, '2025-07-15 07:18:09', '2025-07-15 07:18:09'),
(152, 15, 'BEARING 6303 BALL', 'NOs', 9.00, 9.00, NULL, '2025-07-15 07:18:09', '2025-07-15 07:18:09'),
(153, 15, 'BEARING 6308 FAG', 'NOs', 9.00, 9.00, NULL, '2025-07-15 07:18:09', '2025-07-15 07:18:09'),
(154, 15, 'BEARING 6308 SKF', 'NOs', 9.00, 9.00, NULL, '2025-07-15 07:18:09', '2025-07-15 07:18:09'),
(155, 15, 'BEARING 6410 BALL', 'NOs', 9.00, 9.00, NULL, '2025-07-15 07:18:09', '2025-07-15 07:18:09'),
(156, 15, 'BEARING 7006 CTYNDUL P4 NSK', 'NOs', 9.00, 9.00, NULL, '2025-07-15 07:18:09', '2025-07-15 07:18:09'),
(157, 15, 'BEARING 7007 CTYNDUL P4 NSK', 'NOs', 9.00, 9.00, NULL, '2025-07-15 07:18:09', '2025-07-15 07:18:09'),
(158, 15, 'BEARING 7203 BALL', 'NOs', 9.00, 9.00, NULL, '2025-07-15 07:18:09', '2025-07-15 07:18:09'),
(159, 15, 'BEARING 7212 A5 TVNSULP4 NSK', 'NOs', 9.00, 9.00, NULL, '2025-07-15 07:18:09', '2025-07-15 07:18:09'),
(160, 15, 'BEARING 7215 A5 TRDULP3 RHP', 'NOs', 9.00, 9.00, NULL, '2025-07-15 07:18:09', '2025-07-15 07:18:09'),
(161, 15, 'BEARING ANGULAR BALL 7210-BEP SKF', 'NOs', 9.00, 9.00, NULL, '2025-07-15 07:18:09', '2025-07-15 07:18:09'),
(162, 15, 'BEARING BALL', 'NOs', 9.00, 9.00, NULL, '2025-07-15 07:18:09', '2025-07-15 07:18:09'),
(163, 15, 'BEARING BALL 3304 NBC', 'NOs', 9.00, 9.00, NULL, '2025-07-15 07:18:09', '2025-07-15 07:18:09'),
(164, 15, 'BEARING BALL 3306 FAG', 'NOs', 9.00, 9.00, NULL, '2025-07-15 07:18:09', '2025-07-15 07:18:09'),
(165, 15, 'BEARING BALL 33206 NBC', 'NOs', 9.00, 9.00, NULL, '2025-07-15 07:18:09', '2025-07-15 07:18:09'),
(166, 15, 'BEARING BALL 6005 ZZ', 'NOs', 9.00, 9.00, NULL, '2025-07-15 07:18:09', '2025-07-15 07:18:09'),
(167, 15, 'BEARING BALL 6006 ZZ SKF', 'NOs', 9.00, 9.00, NULL, '2025-07-15 07:18:09', '2025-07-15 07:18:09'),
(168, 15, 'BEARING BALL 6008 NBC', 'NOs', 9.00, 9.00, NULL, '2025-07-15 07:18:09', '2025-07-15 07:18:09'),
(169, 15, 'BEARING BALL 6012 ZZ NBC', 'NOs', 9.00, 9.00, NULL, '2025-07-15 07:18:09', '2025-07-15 07:18:09'),
(170, 15, 'BEARING BALL 6200 ZZ NBC', 'NOs', 9.00, 9.00, NULL, '2025-07-15 07:18:09', '2025-07-15 07:18:09'),
(171, 15, 'BEARING BALL 6201', 'NOs', 9.00, 9.00, NULL, '2025-07-15 07:18:09', '2025-07-15 07:18:09'),
(172, 15, 'BEARING BALL 6202 ZZ NBC', 'NOs', 9.00, 9.00, NULL, '2025-07-15 07:18:09', '2025-07-15 07:18:09'),
(173, 15, 'BEARING BALL 6204 SKF', 'NOs', 9.00, 9.00, NULL, '2025-07-15 07:18:09', '2025-07-15 07:18:09'),
(174, 15, 'BEARING BALL 6204 ZZ NBC', 'NOs', 9.00, 9.00, NULL, '2025-07-15 07:18:09', '2025-07-15 07:18:09'),
(175, 15, 'BEARING BALL 6211 - ZZ FAG', 'NOS', 9.00, 9.00, NULL, '2025-07-15 07:18:09', '2025-07-15 07:18:09'),
(176, 15, 'BEARING BALL 6214 ZZ FAG', 'NOs', 9.00, 9.00, NULL, '2025-07-15 07:18:09', '2025-07-15 07:18:09'),
(177, 15, 'BEARING BALL 6214 ZZ NBC', 'NOs', 9.00, 9.00, NULL, '2025-07-15 07:18:09', '2025-07-15 07:18:09'),
(178, 15, 'BEARING BALL 6308 2ZR FAG', 'NOs', 9.00, 9.00, NULL, '2025-07-15 07:18:09', '2025-07-15 07:18:09'),
(179, 15, 'BEARING BALL 6404', 'NOs', 9.00, 9.00, NULL, '2025-07-15 07:18:09', '2025-07-15 07:18:09'),
(180, 15, 'BEARING BALL 6406 NBC', 'NOs', 9.00, 9.00, NULL, '2025-07-15 07:18:09', '2025-07-15 07:18:09'),
(181, 15, 'BEARING BALL6210 NBC', 'NOs', 9.00, 9.00, NULL, '2025-07-15 07:18:09', '2025-07-15 07:18:09'),
(182, 15, 'BEARING BALL6211 NBC', 'NOs', 9.00, 9.00, NULL, '2025-07-15 07:18:09', '2025-07-15 07:18:09'),
(183, 15, 'BEARING BALL6305-ZZ NBC', 'NOs', 9.00, 9.00, NULL, '2025-07-15 07:18:09', '2025-07-15 07:18:09'),
(184, 15, 'BEARING BALL6403 NBC', 'NOs', 9.00, 9.00, NULL, '2025-07-15 07:18:09', '2025-07-15 07:18:09'),
(185, 15, 'BEARING BALL6404 NBC', 'NOs', 9.00, 9.00, NULL, '2025-07-15 07:18:09', '2025-07-15 07:18:09'),
(186, 15, 'BEARING BALLNU211 NBC', 'NOs', 9.00, 9.00, NULL, '2025-07-15 07:18:09', '2025-07-15 07:18:09'),
(187, 15, 'BEARING BLOCK UCP-205 SKF', 'NOs', 9.00, 9.00, NULL, '2025-07-15 07:18:09', '2025-07-15 07:18:09'),
(188, 15, 'BEARING BS BO35072 DUH P3 RHP', 'NOs', 9.00, 9.00, NULL, '2025-07-15 07:18:09', '2025-07-15 07:18:09'),
(189, 15, 'BEARING BS BO50100DUM P3 RHP', 'NOs', 9.00, 9.00, NULL, '2025-07-15 07:18:09', '2025-07-15 07:18:09'),
(190, 15, 'BEARING DOUBLE BALL', 'NOs', 9.00, 9.00, NULL, '2025-07-15 07:18:09', '2025-07-15 07:18:09'),
(191, 15, 'BEARING DOUBLE BALL 3306', 'NOs', 9.00, 9.00, NULL, '2025-07-15 07:18:09', '2025-07-15 07:18:09'),
(192, 15, 'BEARING DOUBLE ROW CYLIDRICAL ROLLER NN3012 NSK', 'NOs', 9.00, 9.00, NULL, '2025-07-15 07:18:09', '2025-07-15 07:18:09'),
(193, 15, 'BEARING DOUBLE ROW ROLLER NN 3012', 'NOs', 9.00, 9.00, NULL, '2025-07-15 07:18:09', '2025-07-15 07:18:09'),
(194, 15, 'BEARING DOUBLE ROW ROLLER NN 3026', 'NOs', 9.00, 9.00, NULL, '2025-07-15 07:18:09', '2025-07-15 07:18:09'),
(195, 15, 'BEARING EPVA12M016C16.0R03', 'NOs', 9.00, 9.00, NULL, '2025-07-15 07:18:09', '2025-07-15 07:18:09'),
(196, 15, 'BEARING GREASE KLUBER', 'NOs', 9.00, 9.00, NULL, '2025-07-15 07:18:09', '2025-07-15 07:18:09'),
(197, 15, 'BEARING LINEAR ROLLER  INA RUS 26126 KS LINEAR', 'NOs', 9.00, 9.00, NULL, '2025-07-15 07:18:09', '2025-07-15 07:18:09'),
(198, 15, 'BEARING NEEDLE +THRUST+ROLLER ZARN3570 TV', 'NOs', 9.00, 9.00, NULL, '2025-07-15 07:18:09', '2025-07-15 07:18:09'),
(199, 15, 'BEARING NEEDLE NK 42/20 IKO', 'NOs', 9.00, 9.00, NULL, '2025-07-15 07:18:09', '2025-07-15 07:18:09'),
(200, 15, 'BEARING ROLLER', 'NOs', 9.00, 9.00, NULL, '2025-07-15 07:18:09', '2025-07-15 07:18:09'),
(201, 15, 'BEARING ROLLER  NUTR25 McGILL', 'NOs', 9.00, 9.00, NULL, '2025-07-15 07:18:09', '2025-07-15 07:18:09'),
(202, 15, 'BEARING ROLLER N-410 ZKL', 'NOs', 9.00, 9.00, NULL, '2025-07-15 07:18:09', '2025-07-15 07:18:09'),
(203, 15, 'BEARING ROLLER NJ204E NBC', 'NOs', 9.00, 9.00, NULL, '2025-07-15 07:18:09', '2025-07-15 07:18:09'),
(204, 15, 'BEARING ROLLER NN-3013 NSK', 'NOs', 9.00, 9.00, NULL, '2025-07-15 07:18:09', '2025-07-15 07:18:09'),
(205, 15, 'BEARING ROLLER NU 205 TVP2 FAG', 'NOs', 9.00, 9.00, NULL, '2025-07-15 07:18:09', '2025-07-15 07:18:09'),
(206, 15, 'BEARING ROLLER NU205E NBC', 'NOs', 9.00, 9.00, NULL, '2025-07-15 07:18:09', '2025-07-15 07:18:09'),
(207, 15, 'BEARING ROLLER NUTR 20 A INA', 'NOs', 9.00, 9.00, NULL, '2025-07-15 07:18:09', '2025-07-15 07:18:09'),
(208, 15, 'BEARING ROLLER NUTR 25 A INA', 'NOs', 9.00, 9.00, NULL, '2025-07-15 07:18:09', '2025-07-15 07:18:09'),
(209, 15, 'BEARING ROLLER NUTR 30 A INA', 'NOs', 9.00, 9.00, NULL, '2025-07-15 07:18:09', '2025-07-15 07:18:09'),
(210, 15, 'BEARING ROLLER NUTR 30A INA', 'NOs', 9.00, 9.00, NULL, '2025-07-15 07:18:09', '2025-07-15 07:18:09'),
(211, 15, 'BEARING ROLLER NUTR20 INA', 'NOs', 9.00, 9.00, NULL, '2025-07-15 07:18:09', '2025-07-15 07:18:09'),
(212, 15, 'BEARING ROLLER NUTR25 INA', 'NOs', 9.00, 9.00, NULL, '2025-07-15 07:18:09', '2025-07-15 07:18:09'),
(213, 15, 'BEARING ROLLER NUTR25 KHK', 'NOs', 9.00, 9.00, NULL, '2025-07-15 07:18:09', '2025-07-15 07:18:09'),
(214, 15, 'BEARING ROLLER NUTR30 INA', 'NOs', 9.00, 9.00, NULL, '2025-07-15 07:18:09', '2025-07-15 07:18:09'),
(215, 15, 'BEARING ROLLER NUTR30 KHK', 'NOs', 9.00, 9.00, NULL, '2025-07-15 07:18:09', '2025-07-15 07:18:09'),
(216, 15, 'BEARING ROLLER NUTR30 NTN', 'NOs', 9.00, 9.00, NULL, '2025-07-15 07:18:09', '2025-07-15 07:18:09'),
(217, 15, 'BEARING ROLLER NUTR3072-A  INA', 'NOs', 9.00, 9.00, NULL, '2025-07-15 07:18:09', '2025-07-15 07:18:09'),
(218, 15, 'BEARING RUBBER', 'NOs', 9.00, 9.00, NULL, '2025-07-15 07:18:09', '2025-07-15 07:18:09'),
(219, 15, 'BEARING TAPER ROLLER', 'NOs', 9.00, 9.00, NULL, '2025-07-15 07:18:09', '2025-07-15 07:18:09'),
(220, 15, 'BEARING TAPER ROLLER 32005X NBC', 'NOs', 9.00, 9.00, NULL, '2025-07-15 07:18:09', '2025-07-15 07:18:09'),
(221, 15, 'BEARING TAPER ROLLER 32009X NBC', 'NOs', 9.00, 9.00, NULL, '2025-07-15 07:18:09', '2025-07-15 07:18:09'),
(222, 15, 'BEARING TAPER ROLLER 32210 NBC', 'NOs', 9.00, 9.00, NULL, '2025-07-15 07:18:09', '2025-07-15 07:18:09'),
(223, 15, 'BEARING TAPER ROLLER 32210 SKF', 'NOs', 9.00, 9.00, NULL, '2025-07-15 07:18:09', '2025-07-15 07:18:09'),
(224, 15, 'BEARING TAPER ROLLER 32214 NBC', 'NOs', 9.00, 9.00, NULL, '2025-07-15 07:18:09', '2025-07-15 07:18:09'),
(225, 15, 'BEARING TAPER ROLLER 32306 NBC', 'NOs', 9.00, 9.00, NULL, '2025-07-15 07:18:09', '2025-07-15 07:18:09'),
(226, 15, 'BEARING THRUST', 'NOs', 9.00, 9.00, NULL, '2025-07-15 07:18:09', '2025-07-15 07:18:09'),
(227, 15, 'BEARING THRUST 32005 NBC', 'NOs', 9.00, 9.00, NULL, '2025-07-15 07:18:09', '2025-07-15 07:18:09'),
(228, 15, 'BEARING THRUST 32009 NBC', 'NOs', 9.00, 9.00, NULL, '2025-07-15 07:18:09', '2025-07-15 07:18:09'),
(229, 15, 'BEARING THRUST 32210 NBC', 'NOs', 9.00, 9.00, NULL, '2025-07-15 07:18:09', '2025-07-15 07:18:09'),
(230, 15, 'BEARING THRUST 32214 NBC', 'NOs', 9.00, 9.00, NULL, '2025-07-15 07:18:09', '2025-07-15 07:18:09'),
(231, 15, 'BEARING THRUST 32305 NBC', 'NOs', 9.00, 9.00, NULL, '2025-07-15 07:18:09', '2025-07-15 07:18:09'),
(232, 15, 'BEARING THRUST 51108 NBC', 'NOs', 9.00, 9.00, NULL, '2025-07-15 07:18:09', '2025-07-15 07:18:09'),
(233, 15, 'BEARING THRUST 51110 NBC', 'NOs', 9.00, 9.00, NULL, '2025-07-15 07:18:09', '2025-07-15 07:18:09'),
(234, 15, 'BEARING THRUST 51205 KKU', 'NOs', 9.00, 9.00, NULL, '2025-07-15 07:18:09', '2025-07-15 07:18:09'),
(235, 15, 'BEARING THRUST 51206', 'NOs', 9.00, 9.00, NULL, '2025-07-15 07:18:09', '2025-07-15 07:18:09'),
(236, 15, 'BEARING THRUST 51207 KKU', 'NOs', 9.00, 9.00, NULL, '2025-07-15 07:18:09', '2025-07-15 07:18:09'),
(237, 15, 'BEARING THRUST 51232 M', 'NOs', 9.00, 9.00, NULL, '2025-07-15 07:18:09', '2025-07-15 07:18:09'),
(238, 15, 'BEARING THRUST 51308', 'NOs', 9.00, 9.00, NULL, '2025-07-15 07:18:09', '2025-07-15 07:18:09'),
(239, 15, 'BEARING THRUST 51309', 'NOs', 9.00, 9.00, NULL, '2025-07-15 07:18:09', '2025-07-15 07:18:09'),
(240, 15, 'BEARING THRUST 51309 FAG', 'NOs', 9.00, 9.00, NULL, '2025-07-15 07:18:09', '2025-07-15 07:18:09'),
(241, 15, 'BEARING THRUST 51309 GEM', 'NOs', 9.00, 9.00, NULL, '2025-07-15 07:18:09', '2025-07-15 07:18:09'),
(242, 15, 'BEARING THRUST 51309 NTN', 'NOs', 9.00, 9.00, NULL, '2025-07-15 07:18:09', '2025-07-15 07:18:09'),
(243, 15, 'BEARING THRUST 51310', 'NOs', 9.00, 9.00, NULL, '2025-07-15 07:18:09', '2025-07-15 07:18:09'),
(244, 15, 'BEARING THRUST 51314', 'NOs', 9.00, 9.00, NULL, '2025-07-15 07:18:09', '2025-07-15 07:18:09'),
(245, 15, 'BEARING THRUST 51314 GEM', 'NOs', 9.00, 9.00, NULL, '2025-07-15 07:18:09', '2025-07-15 07:18:09'),
(246, 15, 'BEARING UCP - 208 - 24 SKF', 'NOs', 9.00, 9.00, NULL, '2025-07-15 07:18:09', '2025-07-15 07:18:09'),
(247, 15, 'BEARINGS FAG 16018 DEEP GROOVE BALL BEARING', 'NOs', 9.00, 9.00, NULL, '2025-07-15 07:18:09', '2025-07-15 07:18:09'),
(248, 15, 'BEARINGS FAG 6011 ZZ DEEP GROOVE BALL BEARING', 'NOs', 9.00, 9.00, NULL, '2025-07-15 07:18:09', '2025-07-15 07:18:09'),
(249, 15, 'BEARINGS FAG 7308-BTVP ANGULAR CONTACT BALL BEARING', 'NOs', 9.00, 9.00, NULL, '2025-07-15 07:18:09', '2025-07-15 07:18:09'),
(250, 15, 'BOSCH 750-100 MC REPAIR BEARING', 'NOs', 9.00, 9.00, NULL, '2025-07-15 07:18:09', '2025-07-15 07:18:09'),
(251, 15, 'BOSCH 750-100 MC REPAIR BEARING RUBBER', 'NOs', 9.00, 9.00, NULL, '2025-07-15 07:18:09', '2025-07-15 07:18:09'),
(252, 15, 'ROLLER BEARING NNU4956KMP5 DKF', 'NOs', 9.00, 9.00, NULL, '2025-07-15 07:18:09', '2025-07-15 07:18:09'),
(253, 16, 'Alpha I Feedback Cable 10Mtr', 'NOs', 9.00, 9.00, NULL, '2025-07-15 07:18:09', '2025-07-15 07:18:09'),
(254, 16, 'Alpha I Feedback Cable 12Mtr', 'NOs', 9.00, 9.00, NULL, '2025-07-15 07:18:09', '2025-07-15 07:18:09'),
(255, 16, 'AlphaI 4pin Brake Cable 10Mtr', 'NOs', 9.00, 9.00, NULL, '2025-07-15 07:18:09', '2025-07-15 07:18:09'),
(256, 16, 'AlphaI 4pin Brake Cable 12Mtr', 'NOs', 9.00, 9.00, NULL, '2025-07-15 07:18:09', '2025-07-15 07:18:09'),
(257, 16, 'CABLE 16SQMM FIBRE GLASS CABLE', 'MTR', 9.00, 9.00, NULL, '2025-07-15 07:18:09', '2025-07-15 07:18:09'),
(258, 16, 'CABLE 2.5SQ MM CPR 2 CORE', 'MTR', 9.00, 9.00, NULL, '2025-07-15 07:18:09', '2025-07-15 07:18:09'),
(259, 16, 'CABLE 6SQMM FIBRE GLASS CABLE', 'MTR', 9.00, 9.00, NULL, '2025-07-15 07:18:09', '2025-07-15 07:18:09'),
(260, 16, 'CABLE ALU 300 SQ MM 3.5 CORE UG', 'Mtr', 9.00, 9.00, NULL, '2025-07-15 07:18:09', '2025-07-15 07:18:09'),
(261, 16, 'CABLE ALU 50 SQ MM 3.5 CORE UG', 'MTR', 9.00, 9.00, NULL, '2025-07-15 07:18:09', '2025-07-15 07:18:09'),
(262, 16, 'CABLE ALU 95 SQ MM 3.5 CORE UG', 'Mtr', 9.00, 9.00, NULL, '2025-07-15 07:18:09', '2025-07-15 07:18:09'),
(263, 16, 'CABLE COPPER 0.5SQ MM 10 CORE', 'MTR', 9.00, 9.00, NULL, '2025-07-15 07:18:09', '2025-07-15 07:18:09'),
(264, 16, 'CABLE COPPER 0.5SQ MM 16 CORE', 'MTR', 9.00, 9.00, NULL, '2025-07-15 07:18:09', '2025-07-15 07:18:09'),
(265, 16, 'CABLE COPPER 0.5SQ MM 3 CORE', 'Mtr', 9.00, 9.00, NULL, '2025-07-15 07:18:09', '2025-07-15 07:18:09'),
(266, 16, 'CABLE COPPER 0.5SQ MM 4 CORE', 'MTR', 9.00, 9.00, NULL, '2025-07-15 07:18:09', '2025-07-15 07:18:09'),
(267, 16, 'CABLE COPPER 1.5SQ MM 1 CORE', 'Mtr', 9.00, 9.00, NULL, '2025-07-15 07:18:09', '2025-07-15 07:18:09'),
(268, 16, 'CABLE COPPER 1.5SQ MM 10 CORE', 'Mtr', 9.00, 9.00, NULL, '2025-07-15 07:18:09', '2025-07-15 07:18:09'),
(269, 16, 'CABLE COPPER 1.5SQ MM 12 CORE', 'MTR', 9.00, 9.00, NULL, '2025-07-15 07:18:09', '2025-07-15 07:18:09'),
(270, 16, 'CABLE COPPER 1.5SQ MM 24 CORE', 'Mtr', 9.00, 9.00, NULL, '2025-07-15 07:18:09', '2025-07-15 07:18:09'),
(271, 16, 'CABLE COPPER 1.5SQ MM 3 CORE', 'Mtr', 9.00, 9.00, NULL, '2025-07-15 07:18:09', '2025-07-15 07:18:09'),
(272, 16, 'CABLE COPPER 1.5SQMM 4CORE', 'Mtr', 9.00, 9.00, NULL, '2025-07-15 07:18:09', '2025-07-15 07:18:09'),
(273, 16, 'CABLE COPPER 1.5SQMM 6CORE', 'MTR', 9.00, 9.00, NULL, '2025-07-15 07:18:09', '2025-07-15 07:18:09'),
(274, 16, 'CABLE COPPER 10SQ MM 4 CORE', 'Mtr', 9.00, 9.00, NULL, '2025-07-15 07:18:09', '2025-07-15 07:18:09'),
(275, 16, 'CABLE COPPER 16SQ MM 1 CORE', 'Mtr', 9.00, 9.00, NULL, '2025-07-15 07:18:09', '2025-07-15 07:18:09'),
(276, 16, 'CABLE COPPER 1SQ MM 1 CORE', 'Mtr', 9.00, 9.00, NULL, '2025-07-15 07:18:09', '2025-07-15 07:18:09'),
(277, 16, 'CABLE COPPER 1SQ MM 4 CORE', 'MTR', 9.00, 9.00, NULL, '2025-07-15 07:18:09', '2025-07-15 07:18:09'),
(278, 16, 'CABLE COPPER 1SQ MM 6 CORE', 'MTR', 9.00, 9.00, NULL, '2025-07-15 07:18:09', '2025-07-15 07:18:09'),
(279, 16, 'CABLE COPPER 1SQMM 3CORE', 'Mtr', 9.00, 9.00, NULL, '2025-07-15 07:18:09', '2025-07-15 07:18:09'),
(280, 16, 'CABLE COPPER 2.5SQ MM 1 CORE', 'Mtr', 9.00, 9.00, NULL, '2025-07-15 07:18:09', '2025-07-15 07:18:09'),
(281, 16, 'CABLE COPPER 2.5SQ MM 2 CORE', 'MTR', 9.00, 9.00, NULL, '2025-07-15 07:18:09', '2025-07-15 07:18:09'),
(282, 16, 'CABLE COPPER 2.5SQ MM 3 CORE', 'Mtr', 9.00, 9.00, NULL, '2025-07-15 07:18:09', '2025-07-15 07:18:09'),
(283, 16, 'CABLE COPPER 2.5SQ MM 4 CORE', 'Mtr', 9.00, 9.00, NULL, '2025-07-15 07:18:09', '2025-07-15 07:18:09'),
(284, 16, 'CABLE COPPER 2.5SQMM 3CORE', 'Mtr', 9.00, 9.00, NULL, '2025-07-15 07:18:09', '2025-07-15 07:18:09'),
(285, 16, 'CABLE COPPER 2.5SQMM 4CORE', 'Mtr', 9.00, 9.00, NULL, '2025-07-15 07:18:09', '2025-07-15 07:18:09'),
(286, 16, 'CABLE COPPER 25 SQMM 1 CORE', 'Mtr', 9.00, 9.00, NULL, '2025-07-15 07:18:09', '2025-07-15 07:18:09'),
(287, 16, 'CABLE COPPER 25SQMM 4CORE', 'MTR', 9.00, 9.00, NULL, '2025-07-15 07:18:09', '2025-07-15 07:18:09'),
(288, 16, 'CABLE COPPER 4 SQ MM 4 CORE', 'Mtr', 9.00, 9.00, NULL, '2025-07-15 07:18:09', '2025-07-15 07:18:09'),
(289, 16, 'CABLE COPPER 4 SQ MM MULTISTRAND', 'Mtr', 9.00, 9.00, NULL, '2025-07-15 07:18:09', '2025-07-15 07:18:09'),
(290, 16, 'CABLE COPPER 4SQMM 3CORE', 'Mtr', 9.00, 9.00, NULL, '2025-07-15 07:18:09', '2025-07-15 07:18:09'),
(291, 16, 'CABLE COPPER 50 SQ MM 1 CORE', 'Mtr', 9.00, 9.00, NULL, '2025-07-15 07:18:09', '2025-07-15 07:18:09'),
(292, 16, 'CABLE COPPER 6 SQ MM 4CORE', 'Mtr', 9.00, 9.00, NULL, '2025-07-15 07:18:09', '2025-07-15 07:18:09'),
(293, 16, 'CABLE COPPER 6SQ MM 1 CORE', 'Mtr', 9.00, 9.00, NULL, '2025-07-15 07:18:09', '2025-07-15 07:18:09'),
(294, 16, 'CABLE COPPER 6SQ MM 4 CORE', 'Mtr', 9.00, 9.00, NULL, '2025-07-15 07:18:09', '2025-07-15 07:18:09'),
(295, 16, 'CABLE COPPER 6SQMM 3CORE', 'Mtr', 9.00, 9.00, NULL, '2025-07-15 07:18:09', '2025-07-15 07:18:09'),
(296, 16, 'CABLE COPPER 95 SQ MM', 'Mtr', 9.00, 9.00, NULL, '2025-07-15 07:18:09', '2025-07-15 07:18:09'),
(297, 16, 'CABLE FLAT 2CORE', 'Mtr', 9.00, 9.00, NULL, '2025-07-15 07:18:09', '2025-07-15 07:18:09'),
(298, 16, 'CABLE HDMI DATA CABLE 1.5MTR', 'NOs', 9.00, 9.00, NULL, '2025-07-15 07:18:09', '2025-07-15 07:18:09'),
(299, 16, 'CABLE HDMI DATA CABLE 10MTR', 'NOs', 9.00, 9.00, NULL, '2025-07-15 07:18:09', '2025-07-15 07:18:09'),
(300, 16, 'CABLE HDMI DATA CABLE 5 MTR', 'NOs', 9.00, 9.00, NULL, '2025-07-15 07:18:09', '2025-07-15 07:18:09'),
(301, 16, 'CCTV DLINK CAT6 CABLE BOX', 'NOs', 9.00, 9.00, NULL, '2025-07-15 07:18:09', '2025-07-15 07:18:09'),
(302, 16, 'DP CABLE', 'NOs', 9.00, 9.00, NULL, '2025-07-15 07:18:09', '2025-07-15 07:18:09'),
(303, 16, 'ENCOADER CABLE', 'NOs', 9.00, 9.00, NULL, '2025-07-15 07:18:09', '2025-07-15 07:18:09'),
(304, 16, 'MULTISTRAND COPPER CABLE WITH INSTALLTION', 'Mtr', 9.00, 9.00, NULL, '2025-07-15 07:18:09', '2025-07-15 07:18:09'),
(305, 16, 'NEBS-L1G4-K-2,5LE4 CONNECT CABLE', 'NOs', 9.00, 9.00, NULL, '2025-07-15 07:18:09', '2025-07-15 07:18:09'),
(306, 16, 'POWER CABLE', 'Mtr', 9.00, 9.00, NULL, '2025-07-15 07:18:09', '2025-07-15 07:18:09'),
(307, 16, 'Power Cable (X-X) 22-22S with both side connector 10Mtr', 'NOs', 9.00, 9.00, NULL, '2025-07-15 07:18:09', '2025-07-15 07:18:09'),
(308, 16, 'Power Cable (X-Y) 22-22S with both side connector 12Mtr', 'NOs', 9.00, 9.00, NULL, '2025-07-15 07:18:09', '2025-07-15 07:18:09'),
(309, 16, 'POWER CABLE FINE', 'Mtr', 9.00, 9.00, NULL, '2025-07-15 07:18:09', '2025-07-15 07:18:09'),
(310, 16, 'POWER CHORD', 'Mtr', 9.00, 9.00, NULL, '2025-07-15 07:18:09', '2025-07-15 07:18:09'),
(311, 16, 'POWER STREEP 6 WAY CONA', 'NOs', 9.00, 9.00, NULL, '2025-07-15 07:18:09', '2025-07-15 07:18:09'),
(312, 16, 'PU SPIRAL HOSE 10X6.5mm- 10MTR', 'NOs', 9.00, 9.00, NULL, '2025-07-15 07:18:09', '2025-07-15 07:18:09'),
(313, 16, 'PU SPIRAL HOSE 10X6.5mm- 5MTR', 'NOs', 9.00, 9.00, NULL, '2025-07-15 07:18:09', '2025-07-15 07:18:09'),
(314, 16, 'RJ 45 CABLE 3 MTR', 'NOs', 9.00, 9.00, NULL, '2025-07-15 07:18:09', '2025-07-15 07:18:09'),
(315, 16, 'RJ 45 CABLE 5 MTR', 'NOs', 9.00, 9.00, NULL, '2025-07-15 07:18:09', '2025-07-15 07:18:09'),
(316, 16, 'RJ45 CABLE 3MTR', 'NOs', 9.00, 9.00, NULL, '2025-07-15 07:18:09', '2025-07-15 07:18:09'),
(317, 16, 'WELDING CABLE 70 SQ', 'MTR', 9.00, 9.00, NULL, '2025-07-15 07:18:09', '2025-07-15 07:18:09'),
(318, 17, 'CALIBRATION CHARGES', 'NOs', 9.00, 9.00, NULL, '2025-07-15 07:18:09', '2025-07-15 07:18:09'),
(319, 17, 'CALIBRATION CHARGES  BEVEL PROTRACTOR 0-300', 'NOs', 9.00, 9.00, NULL, '2025-07-15 07:18:09', '2025-07-15 07:18:09'),
(320, 17, 'CALIBRATION CHARGES  DEPTH VERNIER  ANALOG  0-300', 'NOs', 9.00, 9.00, NULL, '2025-07-15 07:18:09', '2025-07-15 07:18:09'),
(321, 17, 'CALIBRATION CHARGES  DEPTH VERNIER  ANALOG  0-600', 'NOs', 9.00, 9.00, NULL, '2025-07-15 07:18:09', '2025-07-15 07:18:09'),
(322, 17, 'CALIBRATION CHARGES  DEPTH VERNIER  DIGITAL 0-300', 'NOs', 9.00, 9.00, NULL, '2025-07-15 07:18:09', '2025-07-15 07:18:09'),
(323, 17, 'CALIBRATION CHARGES  MICROMETER ANALOG  125-150', 'NOs', 9.00, 9.00, NULL, '2025-07-15 07:18:09', '2025-07-15 07:18:09'),
(324, 17, 'CALIBRATION CHARGES  MICROMETER ANALOG  150-175', 'NOs', 9.00, 9.00, NULL, '2025-07-15 07:18:09', '2025-07-15 07:18:09'),
(325, 17, 'CALIBRATION CHARGES  MICROMETER ANALOG  150-300', 'NOs', 9.00, 9.00, NULL, '2025-07-15 07:18:09', '2025-07-15 07:18:09'),
(326, 17, 'CALIBRATION CHARGES  MICROMETER ANALOG  175-200', 'NOs', 9.00, 9.00, NULL, '2025-07-15 07:18:09', '2025-07-15 07:18:09'),
(327, 17, 'CALIBRATION CHARGES  MICROMETER ANALOG  275-300', 'NOS', 9.00, 9.00, NULL, '2025-07-15 07:18:09', '2025-07-15 07:18:09'),
(328, 17, 'CALIBRATION CHARGES  MICROMETER ANALOG  400-425', 'NOs', 9.00, 9.00, NULL, '2025-07-15 07:18:09', '2025-07-15 07:18:09'),
(329, 17, 'CALIBRATION CHARGES  MICROMETER ANALOG  450-475', 'NOs', 9.00, 9.00, NULL, '2025-07-15 07:18:09', '2025-07-15 07:18:09'),
(330, 17, 'CALIBRATION CHARGES  MICROMETER ANALOG  475-500', 'NOs', 9.00, 9.00, NULL, '2025-07-15 07:18:09', '2025-07-15 07:18:09'),
(331, 17, 'CALIBRATION CHARGES  MICROMETER ANALOG 1000-1200', 'NOS', 9.00, 9.00, NULL, '2025-07-15 07:18:09', '2025-07-15 07:18:09'),
(332, 17, 'CALIBRATION CHARGES  MICROMETER ANALOG 100-125', 'NOs', 9.00, 9.00, NULL, '2025-07-15 07:18:09', '2025-07-15 07:18:09'),
(333, 17, 'CALIBRATION CHARGES  MICROMETER ANALOG 1150-1200', 'NOS', 9.00, 9.00, NULL, '2025-07-15 07:18:09', '2025-07-15 07:18:09'),
(334, 17, 'CALIBRATION CHARGES  MICROMETER ANALOG 1200-1400', 'NOS', 9.00, 9.00, NULL, '2025-07-15 07:18:09', '2025-07-15 07:18:09'),
(335, 17, 'CALIBRATION CHARGES  MICROMETER ANALOG 200-225', 'NOS', 9.00, 9.00, NULL, '2025-07-15 07:18:09', '2025-07-15 07:18:09'),
(336, 17, 'CALIBRATION CHARGES  MICROMETER ANALOG 225-250', 'NOs', 9.00, 9.00, NULL, '2025-07-15 07:18:09', '2025-07-15 07:18:09'),
(337, 17, 'CALIBRATION CHARGES  MICROMETER ANALOG 250-275', 'NOS', 9.00, 9.00, NULL, '2025-07-15 07:18:09', '2025-07-15 07:18:09'),
(338, 17, 'CALIBRATION CHARGES  MICROMETER ANALOG 25-50', 'NOs', 9.00, 9.00, NULL, '2025-07-15 07:18:09', '2025-07-15 07:18:09'),
(339, 17, 'CALIBRATION CHARGES  MICROMETER ANALOG 350-375', 'NOS', 9.00, 9.00, NULL, '2025-07-15 07:18:09', '2025-07-15 07:18:09'),
(340, 17, 'CALIBRATION CHARGES  MICROMETER ANALOG 375-400', 'NOS', 9.00, 9.00, NULL, '2025-07-15 07:18:09', '2025-07-15 07:18:09'),
(341, 17, 'CALIBRATION CHARGES  MICROMETER ANALOG 50-75', 'NOs', 9.00, 9.00, NULL, '2025-07-15 07:18:09', '2025-07-15 07:18:09'),
(342, 17, 'CALIBRATION CHARGES  MICROMETER ANALOG 75-100', 'NOs', 9.00, 9.00, NULL, '2025-07-15 07:18:09', '2025-07-15 07:18:09'),
(343, 17, 'CALIBRATION CHARGES  MICROMETER DIGITAL 0-25', 'NOs', 9.00, 9.00, NULL, '2025-07-15 07:18:09', '2025-07-15 07:18:09'),
(344, 17, 'CALIBRATION CHARGES  MICROMETER DIGITAL 100-125', 'NOs', 9.00, 9.00, NULL, '2025-07-15 07:18:09', '2025-07-15 07:18:09'),
(345, 17, 'CALIBRATION CHARGES  MICROMETER DIGITAL 125-150', 'NOs', 9.00, 9.00, NULL, '2025-07-15 07:18:09', '2025-07-15 07:18:09'),
(346, 17, 'CALIBRATION CHARGES  MICROMETER DIGITAL 150-175', 'NOs', 9.00, 9.00, NULL, '2025-07-15 07:18:09', '2025-07-15 07:18:09'),
(347, 17, 'CALIBRATION CHARGES  MICROMETER DIGITAL 175-200', 'NOs', 9.00, 9.00, NULL, '2025-07-15 07:18:09', '2025-07-15 07:18:09'),
(348, 17, 'CALIBRATION CHARGES  MICROMETER DIGITAL 200-225', 'NOs', 9.00, 9.00, NULL, '2025-07-15 07:18:09', '2025-07-15 07:18:09'),
(349, 17, 'CALIBRATION CHARGES  MICROMETER DIGITAL 225-250', 'NOs', 9.00, 9.00, NULL, '2025-07-15 07:18:09', '2025-07-15 07:18:09'),
(350, 17, 'CALIBRATION CHARGES  MICROMETER DIGITAL 250-275', 'NOs', 9.00, 9.00, NULL, '2025-07-15 07:18:09', '2025-07-15 07:18:09'),
(351, 17, 'CALIBRATION CHARGES  MICROMETER DIGITAL 25-50', 'NOs', 9.00, 9.00, NULL, '2025-07-15 07:18:09', '2025-07-15 07:18:09'),
(352, 17, 'CALIBRATION CHARGES  MICROMETER DIGITAL 275-300', 'NOs', 9.00, 9.00, NULL, '2025-07-15 07:18:09', '2025-07-15 07:18:09'),
(353, 17, 'CALIBRATION CHARGES  MICROMETER DIGITAL 50-75', 'NOs', 9.00, 9.00, NULL, '2025-07-15 07:18:09', '2025-07-15 07:18:09'),
(354, 17, 'CALIBRATION CHARGES  MICROMETER DIGITAL 75-100', 'NOs', 9.00, 9.00, NULL, '2025-07-15 07:18:09', '2025-07-15 07:18:09'),
(355, 17, 'CALIBRATION CHARGES  OUTSIDE MICROMETER ANALOG  150-300', 'NOs', 9.00, 9.00, NULL, '2025-07-15 07:18:09', '2025-07-15 07:18:09'),
(356, 17, 'CALIBRATION CHARGES  OUTSIDE MICROMETER ANALOG  325-350', 'NOs', 9.00, 9.00, NULL, '2025-07-15 07:18:09', '2025-07-15 07:18:09'),
(357, 17, 'CALIBRATION CHARGES  OUTSIDE MICROMETER ANALOG  500-600', 'NOs', 9.00, 9.00, NULL, '2025-07-15 07:18:09', '2025-07-15 07:18:09'),
(358, 17, 'CALIBRATION CHARGES  SLIP GUAGE BOX 105*80', 'NOs', 9.00, 9.00, NULL, '2025-07-15 07:18:09', '2025-07-15 07:18:09'),
(359, 17, 'CALIBRATION CHARGES  SPIRIT LEVEL', 'NOs', 9.00, 9.00, NULL, '2025-07-15 07:18:09', '2025-07-15 07:18:09'),
(360, 17, 'CALIBRATION CHARGES  THREAD PLUG GUAGE', 'NOs', 9.00, 9.00, NULL, '2025-07-15 07:18:09', '2025-07-15 07:18:09'),
(361, 17, 'CALIBRATION CHARGES  VERNIER CALIPER  ANALOG  0-600', 'NOs', 9.00, 9.00, NULL, '2025-07-15 07:18:09', '2025-07-15 07:18:09'),
(362, 17, 'CALIBRATION CHARGES DG CTS', 'NOs', 9.00, 9.00, NULL, '2025-07-15 07:18:09', '2025-07-15 07:18:09'),
(363, 17, 'CALIBRATION CHARGES DG ENERGY METER', 'NOs', 9.00, 9.00, NULL, '2025-07-15 07:18:09', '2025-07-15 07:18:09'),
(364, 17, 'CALIBRATION CHARGES DG MEGGER', 'NOs', 9.00, 9.00, NULL, '2025-07-15 07:18:09', '2025-07-15 07:18:09'),
(365, 17, 'CALIBRATION CHARGES HEIGHT GUAGE  ANALOG 0-600', 'NOs', 9.00, 9.00, NULL, '2025-07-15 07:18:09', '2025-07-15 07:18:09'),
(366, 17, 'CALIBRATION CHARGES SETTING ROD', 'NOS', 9.00, 9.00, NULL, '2025-07-15 07:18:09', '2025-07-15 07:18:09'),
(367, 17, 'CALIBRATION CHARGES THREAD RING GUAGES', 'NOs', 9.00, 9.00, NULL, '2025-07-15 07:18:09', '2025-07-15 07:18:09'),
(368, 17, 'CALIBRATION CHARGES VERNIER CALIPER ANALOG 0-1000', 'NOs', 9.00, 9.00, NULL, '2025-07-15 07:18:09', '2025-07-15 07:18:09'),
(369, 17, 'CALIBRATION CHARGES VERNIER CALIPER DIGITAL 0-300 INSIZE', 'NOs', 9.00, 9.00, NULL, '2025-07-15 07:18:09', '2025-07-15 07:18:09'),
(370, 18, '2\" WOOD HINGES', 'NOs', 9.00, 9.00, NULL, '2025-07-15 07:18:09', '2025-07-15 07:18:09'),
(371, 18, '3\" WOOD HINGES', 'NOs', 9.00, 9.00, NULL, '2025-07-15 07:18:09', '2025-07-15 07:18:09'),
(372, 18, '4\" C BRACKET', 'NOs', 9.00, 9.00, NULL, '2025-07-15 07:18:09', '2025-07-15 07:18:09'),
(373, 18, '4\" WOOD HINGES', 'NOs', 9.00, 9.00, NULL, '2025-07-15 07:18:09', '2025-07-15 07:18:09'),
(374, 18, '50mm LONG SHACKLE LOCKS', 'NOs', 9.00, 9.00, NULL, '2025-07-15 07:18:09', '2025-07-15 07:18:09'),
(375, 18, '6MM WHITE LACQURED GLASS', 'NOs', 9.00, 9.00, NULL, '2025-07-15 07:18:09', '2025-07-15 07:18:09'),
(376, 18, '8\" CP ALDROP', 'NOs', 9.00, 9.00, NULL, '2025-07-15 07:18:09', '2025-07-15 07:18:09'),
(377, 18, 'ALUMINIUM 2 TRACK SLIDING WINDOWS', 'NOs', 9.00, 9.00, NULL, '2025-07-15 07:18:09', '2025-07-15 07:18:09'),
(378, 18, 'ALUMINIUM PARTITION', 'SqFt', 9.00, 9.00, NULL, '2025-07-15 07:18:09', '2025-07-15 07:18:09'),
(379, 18, 'ALUMINUM HUB LINER DISK SIZE 16 LINER OD 150MM', 'NOs', 9.00, 9.00, NULL, '2025-07-15 07:18:09', '2025-07-15 07:18:09'),
(380, 18, 'C CHANNEL', 'MTR', 9.00, 9.00, NULL, '2025-07-15 07:18:09', '2025-07-15 07:18:09'),
(381, 18, 'C RAIL SYSTEM', 'NOs', 9.00, 9.00, NULL, '2025-07-15 07:18:09', '2025-07-15 07:18:09'),
(382, 18, 'DOOR CLOSURE', 'NOs', 9.00, 9.00, NULL, '2025-07-15 07:18:09', '2025-07-15 07:18:09'),
(383, 18, 'DOOR FITTING MS TROLLY', 'NOs', 9.00, 9.00, NULL, '2025-07-15 07:18:09', '2025-07-15 07:18:09'),
(384, 18, 'DOOR FITTING SERIALS ANGLE', 'NOs', 9.00, 9.00, NULL, '2025-07-15 07:18:09', '2025-07-15 07:18:09'),
(385, 18, 'DRAWER LOCK', 'NOs', 9.00, 9.00, NULL, '2025-07-15 07:18:09', '2025-07-15 07:18:09'),
(386, 18, 'GLASS DOOR', 'NOs', 9.00, 9.00, NULL, '2025-07-15 07:18:09', '2025-07-15 07:18:09'),
(387, 18, 'GLASS PARTITION', 'NOs', 9.00, 9.00, NULL, '2025-07-15 07:18:09', '2025-07-15 07:18:09'),
(388, 18, 'GODREJ 7 LEVER LOCK', 'NOs', 9.00, 9.00, NULL, '2025-07-15 07:18:09', '2025-07-15 07:18:09'),
(389, 18, 'GODREJ 8 LEVER LOCK', 'NOs', 9.00, 9.00, NULL, '2025-07-15 07:18:09', '2025-07-15 07:18:09'),
(390, 18, 'LOCK', 'NOs', 9.00, 9.00, NULL, '2025-07-15 07:18:09', '2025-07-15 07:18:09'),
(391, 18, 'LOCK 50MM', 'NOs', 9.00, 9.00, NULL, '2025-07-15 07:18:09', '2025-07-15 07:18:09'),
(392, 18, 'NUT SETTER', 'NOs', 9.00, 9.00, NULL, '2025-07-15 07:18:09', '2025-07-15 07:18:09'),
(393, 18, 'PU FOAM SPRAY', 'NOs', 9.00, 9.00, NULL, '2025-07-15 07:18:09', '2025-07-15 07:18:09'),
(394, 18, 'TOWER BOLT 6\"', 'NOs', 9.00, 9.00, NULL, '2025-07-15 07:18:09', '2025-07-15 07:18:09'),
(395, 18, 'TOWER BOLT 8\"', 'NOs', 9.00, 9.00, NULL, '2025-07-15 07:18:09', '2025-07-15 07:18:09'),
(396, 18, 'WINDOW BLINDS', 'NOs', 9.00, 9.00, NULL, '2025-07-15 07:18:09', '2025-07-15 07:18:09'),
(397, 18, 'WOOD POLISH SHEENLAC', 'NOs', 9.00, 9.00, NULL, '2025-07-15 07:18:09', '2025-07-15 07:18:09'),
(398, 19, 'ACID', 'LTR', 9.00, 9.00, NULL, '2025-07-15 07:18:09', '2025-07-15 07:18:09'),
(399, 19, 'BORIC ACID', 'KG', 9.00, 9.00, NULL, '2025-07-15 07:18:09', '2025-07-15 07:18:09'),
(400, 19, 'BROOMS', 'NOs', 9.00, 9.00, NULL, '2025-07-15 07:18:09', '2025-07-15 07:18:09'),
(401, 19, 'BRUSH HOLDER', 'NOs', 9.00, 9.00, NULL, '2025-07-15 07:18:09', '2025-07-15 07:18:09'),
(402, 19, 'CAUSTIC SODA', 'Kg', 9.00, 9.00, NULL, '2025-07-15 07:18:09', '2025-07-15 07:18:09'),
(403, 19, 'CERAMIC CLEANER', 'NOs', 9.00, 9.00, NULL, '2025-07-15 07:18:09', '2025-07-15 07:18:09'),
(404, 19, 'CERAMIC CLEANER 1LTR', 'NOs', 9.00, 9.00, NULL, '2025-07-15 07:18:09', '2025-07-15 07:18:09'),
(405, 19, 'CHALK POWDER', 'Kgs', 9.00, 9.00, NULL, '2025-07-15 07:18:09', '2025-07-15 07:18:09'),
(406, 19, 'CLEANING MOP', 'NOs', 9.00, 9.00, NULL, '2025-07-15 07:18:09', '2025-07-15 07:18:09'),
(407, 19, 'CLOTH WASTE - T', 'KG', 2.50, 2.50, NULL, '2025-07-15 07:18:09', '2025-07-15 07:18:09'),
(408, 19, 'COLIN', 'NOs', 9.00, 9.00, NULL, '2025-07-15 07:18:09', '2025-07-15 07:18:09'),
(409, 19, 'COTTON WASTE', 'NOs', 2.50, 2.50, NULL, '2025-07-15 07:18:09', '2025-07-15 07:18:09'),
(410, 19, 'DOMEX', 'NOs', 9.00, 9.00, NULL, '2025-07-15 07:18:09', '2025-07-15 07:18:09'),
(411, 19, 'EPOXY THINNER', 'LTR', 9.00, 9.00, NULL, '2025-07-15 07:18:09', '2025-07-15 07:18:09'),
(412, 19, 'HAND WASH', 'NOs', 9.00, 9.00, NULL, '2025-07-15 07:18:09', '2025-07-15 07:18:09'),
(413, 19, 'HARPIC', 'NOs', 9.00, 9.00, NULL, '2025-07-15 07:18:09', '2025-07-15 07:18:09'),
(414, 19, 'I P A', 'Ltr', 9.00, 9.00, NULL, '2025-07-15 07:18:09', '2025-07-15 07:18:09'),
(415, 19, 'INDUSTRIAL SKO', 'LTR', 9.00, 9.00, NULL, '2025-07-15 07:18:09', '2025-07-15 07:18:09'),
(416, 19, 'LIFEBUOY HANDWASH 5 LTR', 'NOs', 9.00, 9.00, NULL, '2025-07-15 07:18:09', '2025-07-15 07:18:09'),
(417, 19, 'M S WIRE BRUSH', 'NOs', 9.00, 9.00, NULL, '2025-07-15 07:18:09', '2025-07-15 07:18:09'),
(418, 19, 'MIGHTY BLUE PAD', 'NOs', 9.00, 9.00, NULL, '2025-07-15 07:18:09', '2025-07-15 07:18:09'),
(419, 19, 'MS WIRE BRUSH', 'NOs', 9.00, 9.00, NULL, '2025-07-15 07:18:09', '2025-07-15 07:18:09'),
(420, 19, 'PHENOIL 1LTR', 'NOs', 9.00, 9.00, NULL, '2025-07-15 07:18:09', '2025-07-15 07:18:09'),
(421, 19, 'PHENOIL 5LTR', 'NOs', 9.00, 9.00, NULL, '2025-07-15 07:18:09', '2025-07-15 07:18:09'),
(422, 19, 'PHENYLE', 'Ltr', 9.00, 9.00, NULL, '2025-07-15 07:18:09', '2025-07-15 07:18:09'),
(423, 19, 'PHENYLE 5 LTR', 'NOs', 9.00, 9.00, NULL, '2025-07-15 07:18:09', '2025-07-15 07:18:09'),
(424, 19, 'ROFF TILE CLEANER', 'NOs', 9.00, 9.00, NULL, '2025-07-15 07:18:09', '2025-07-15 07:18:09'),
(425, 19, 'SPONGE', 'NOs', 9.00, 9.00, NULL, '2025-07-15 07:18:09', '2025-07-15 07:18:09'),
(426, 19, 'STEEL WOOL', 'NOs', 9.00, 9.00, NULL, '2025-07-15 07:18:09', '2025-07-15 07:18:09'),
(427, 19, 'SURF EXCEL SOAP', 'NOs', 9.00, 9.00, NULL, '2025-07-15 07:18:09', '2025-07-15 07:18:09'),
(428, 19, 'TOILET BRUSH', 'NOs', 9.00, 9.00, NULL, '2025-07-15 07:18:09', '2025-07-15 07:18:09'),
(429, 19, 'TOILET CLEANING  BRUSH', 'NOs', 9.00, 9.00, NULL, '2025-07-15 07:18:09', '2025-07-15 07:18:09'),
(430, 19, 'WHEEL BAR', 'NOs', 9.00, 9.00, NULL, '2025-07-15 07:18:09', '2025-07-15 07:18:09'),
(431, 19, 'WHEEL POWDER', 'NOs', 9.00, 9.00, NULL, '2025-07-15 07:18:09', '2025-07-15 07:18:09'),
(432, 19, 'WHITE CLOTH WASTE', 'KG', 2.50, 2.50, NULL, '2025-07-15 07:18:09', '2025-07-15 07:18:09'),
(433, 19, 'WIPER CLEANING', 'NOs', 9.00, 9.00, NULL, '2025-07-15 07:18:09', '2025-07-15 07:18:09'),
(434, 19, 'WIRE BRUSH', 'NOs', 9.00, 9.00, NULL, '2025-07-15 07:18:09', '2025-07-15 07:18:09'),
(435, 20, 'ACER SYSTEM', 'NOs', 9.00, 9.00, NULL, '2025-07-15 07:18:09', '2025-07-15 07:18:09'),
(436, 20, 'AOPEN 21.5\" LED MONITOR', 'NOs', 9.00, 9.00, NULL, '2025-07-15 07:18:09', '2025-07-15 07:18:09'),
(437, 20, 'CAD PLOTTER PAPER 24\" 45Mtr 90g', 'NOs', 9.00, 9.00, NULL, '2025-07-15 07:18:09', '2025-07-15 07:18:09'),
(438, 20, 'CALCULATOR', 'NOs', 9.00, 9.00, NULL, '2025-07-15 07:18:09', '2025-07-15 07:18:09'),
(439, 20, 'CCTV 2 AMPS POWER ADAPTOR', 'NOs', 9.00, 9.00, NULL, '2025-07-15 07:18:09', '2025-07-15 07:18:09'),
(440, 20, 'CCTV 5 AMPS POWER ADAPTOR', 'NOs', 9.00, 9.00, NULL, '2025-07-15 07:18:09', '2025-07-15 07:18:09'),
(441, 20, 'CCTV 6U DLINK RACK', 'NOs', 9.00, 9.00, NULL, '2025-07-15 07:18:09', '2025-07-15 07:18:09'),
(442, 20, 'CCTV 8 CAMARA POWER SUPPLY', 'NOs', 9.00, 9.00, NULL, '2025-07-15 07:18:09', '2025-07-15 07:18:09'),
(443, 20, 'CCTV 8 PORT POESWITCH', 'NOs', 9.00, 9.00, NULL, '2025-07-15 07:18:09', '2025-07-15 07:18:09'),
(444, 20, 'CCTV CPPLUS POE SWITCH 4 PORT ANW-HP4HS', 'NOs', 9.00, 9.00, NULL, '2025-07-15 07:18:09', '2025-07-15 07:18:09'),
(445, 20, 'CCTV DLINK 8 PORT SWITCH', 'NOs', 9.00, 9.00, NULL, '2025-07-15 07:18:09', '2025-07-15 07:18:09'),
(446, 20, 'CCTV HIKIVISION 64 CH NVR', 'NOs', 9.00, 9.00, NULL, '2025-07-15 07:18:09', '2025-07-15 07:18:09'),
(447, 20, 'CCTV HIKIVISION BULLET CAMARA', 'NOs', 9.00, 9.00, NULL, '2025-07-15 07:18:09', '2025-07-15 07:18:09'),
(448, 20, 'CCTV HIKIVISION DOME CAMARA 1', 'NOs', 9.00, 9.00, NULL, '2025-07-15 07:18:09', '2025-07-15 07:18:09'),
(449, 20, 'CCTV HIKIVISION DOME CAMARA 2', 'NOs', 9.00, 9.00, NULL, '2025-07-15 07:18:09', '2025-07-15 07:18:09'),
(450, 20, 'CCTV HIKIVISION PTZ 32X CAMARA', 'NOs', 9.00, 9.00, NULL, '2025-07-15 07:18:09', '2025-07-15 07:18:09'),
(451, 20, 'CCTV MERCUSYS 8 PORT SWITCH', 'NOs', 9.00, 9.00, NULL, '2025-07-15 07:18:09', '2025-07-15 07:18:09'),
(452, 20, 'CCTV UTP CONNECTORS', 'NOs', 9.00, 9.00, NULL, '2025-07-15 07:18:09', '2025-07-15 07:18:09'),
(453, 20, 'CORDLESS MOUSE', 'NOs', 9.00, 9.00, NULL, '2025-07-15 07:18:09', '2025-07-15 07:18:09'),
(454, 20, 'DELL INSPIRON 3511 LAPTOP INTEL CORE i5 11th GEN 8GB RAM 512GB SSD 15.6\"FHD BTOOTH WCAM WIFI WIN11 MSO2021', 'NOs', 9.00, 9.00, NULL, '2025-07-15 07:18:09', '2025-07-15 07:18:09'),
(455, 20, 'DELL P3421W 34 INCH CURVED IPS LED MONITOR', 'NOs', 9.00, 9.00, NULL, '2025-07-15 07:18:09', '2025-07-15 07:18:09'),
(456, 20, 'HP 712 BLACK GENUINE CARTRIDGE 73001', 'NOs', 9.00, 9.00, NULL, '2025-07-15 07:18:09', '2025-07-15 07:18:09'),
(457, 20, 'HP 712 BLACK REFILLING 40ML', 'NOs', 9.00, 9.00, NULL, '2025-07-15 07:18:09', '2025-07-15 07:18:09'),
(458, 20, 'HP 712 CYAN GENUINE CARTRIDGE', 'NOs', 9.00, 9.00, NULL, '2025-07-15 07:18:09', '2025-07-15 07:18:09'),
(459, 20, 'HP 712 CYAN REFILLING 14.5ML', 'NOs', 9.00, 9.00, NULL, '2025-07-15 07:18:09', '2025-07-15 07:18:09'),
(460, 20, 'HP 712 MAGNETA GENUINE CARTRIDGE', 'NOs', 9.00, 9.00, NULL, '2025-07-15 07:18:09', '2025-07-15 07:18:09'),
(461, 20, 'HP 712 MAGNETA REFILLING 14.5ML', 'NOs', 9.00, 9.00, NULL, '2025-07-15 07:18:09', '2025-07-15 07:18:09'),
(462, 20, 'HP 712 YELLOW GENUINE CARTRIDGE', 'NOs', 9.00, 9.00, NULL, '2025-07-15 07:18:09', '2025-07-15 07:18:09'),
(463, 20, 'HP 712 YELLOW REFILLING 14.5ML', 'NOs', 9.00, 9.00, NULL, '2025-07-15 07:18:09', '2025-07-15 07:18:09'),
(464, 20, 'HP DEF 20 LTR [H O]', 'NOs', 9.00, 9.00, NULL, '2025-07-15 07:18:09', '2025-07-15 07:18:09'),
(465, 20, 'HP GT 53XL BLACK INK BOTTLE', 'NOs', 9.00, 9.00, NULL, '2025-07-15 07:18:09', '2025-07-15 07:18:09'),
(466, 20, 'HP PLOTTER PRINT HEAD', 'NOs', 9.00, 9.00, NULL, '2025-07-15 07:18:09', '2025-07-15 07:18:09'),
(467, 20, 'MOUSE PAD', 'NOs', 9.00, 9.00, NULL, '2025-07-15 07:18:09', '2025-07-15 07:18:09'),
(468, 20, 'PEN DRIVE', 'NOs', 9.00, 9.00, NULL, '2025-07-15 07:18:09', '2025-07-15 07:18:09'),
(469, 20, 'PRINTER', 'NOs', 9.00, 9.00, NULL, '2025-07-15 07:18:09', '2025-07-15 07:18:09'),
(470, 20, 'PRINTER CARTRIDGE  XEROX VERSALINK', 'NOs', 9.00, 9.00, NULL, '2025-07-15 07:18:09', '2025-07-15 07:18:09'),
(471, 20, 'PRINTER CARTRIDGE REFILL', 'NOs', 9.00, 9.00, NULL, '2025-07-15 07:18:09', '2025-07-15 07:18:09'),
(472, 20, 'PRINTER SERVICE XEROX B7125', 'NOs', 9.00, 9.00, NULL, '2025-07-15 07:18:09', '2025-07-15 07:18:09'),
(473, 20, 'PRINTER XEROX VERSALINK', 'NOs', 9.00, 9.00, NULL, '2025-07-15 07:18:09', '2025-07-15 07:18:09'),
(474, 20, 'TCL TELEVISION 75\"LED', 'NOs', 14.00, 14.00, NULL, '2025-07-15 07:18:09', '2025-07-15 07:18:09'),
(475, 20, 'VM TELEVISION 55\"LED', 'NOs', 9.00, 9.00, NULL, '2025-07-15 07:18:09', '2025-07-15 07:18:09'),
(476, 21, '4\" RUBBER BUFFER', 'NOs', 9.00, 9.00, NULL, '2025-07-15 07:18:09', '2025-07-15 07:18:09'),
(477, 21, '5 TON WIRE ROPE HOIST', 'NOs', 9.00, 9.00, NULL, '2025-07-15 07:18:09', '2025-07-15 07:18:09'),
(478, 21, '8+1 WAY PENDENT', 'NOs', 9.00, 9.00, NULL, '2025-07-15 07:18:09', '2025-07-15 07:18:09'),
(479, 21, 'CRANE BRAKE COIL', 'NOs', 9.00, 9.00, NULL, '2025-07-15 07:18:09', '2025-07-15 07:18:09'),
(480, 21, 'D SHACKLE 13.50TON', 'NOs', 9.00, 9.00, NULL, '2025-07-15 07:18:09', '2025-07-15 07:18:09'),
(481, 21, 'LIFTING BELT', 'NOs', 6.00, 6.00, NULL, '2025-07-15 07:18:09', '2025-07-15 07:18:09'),
(482, 21, 'RUBBER BUFFER 150 DIA', 'NOs', 9.00, 9.00, NULL, '2025-07-15 07:18:09', '2025-07-15 07:18:09'),
(483, 21, 'RUBBER MOUNTS', 'NOs', 9.00, 9.00, NULL, '2025-07-15 07:18:09', '2025-07-15 07:18:09'),
(484, 21, 'WEBBING SLING 2 TON X 2 MTR POLYESTER', 'NOs', 6.00, 6.00, NULL, '2025-07-15 07:18:09', '2025-07-15 07:18:09'),
(485, 21, 'WEBBING SLING 3 TON X 2 MTR POLYESTER', 'NOs', 6.00, 6.00, NULL, '2025-07-15 07:18:09', '2025-07-15 07:18:09'),
(486, 21, 'WEBBING SLING 3 TON X 3 MTR POLYESTER', 'NOs', 6.00, 6.00, NULL, '2025-07-15 07:18:09', '2025-07-15 07:18:09'),
(487, 21, 'WEBBING SLING 3 TON X 4 MTR POLYESTER', 'NOs', 6.00, 6.00, NULL, '2025-07-15 07:18:09', '2025-07-15 07:18:09'),
(488, 21, 'WEBBING SLING 4 HOOK IMTRX4TON BELT', 'NOs', 6.00, 6.00, NULL, '2025-07-15 07:18:09', '2025-07-15 07:18:09'),
(489, 21, 'WEBBING SLING 4 TON X 5 MTR POLYESTER', 'NOs', 6.00, 6.00, NULL, '2025-07-15 07:18:09', '2025-07-15 07:18:09'),
(490, 21, 'WEBBING SLING 5 TON X 4 MTR POLYESTER', 'NOs', 6.00, 6.00, NULL, '2025-07-15 07:18:09', '2025-07-15 07:18:09'),
(491, 21, 'WELDED CHAIN ALLOY STEEL', 'MTR', 9.00, 9.00, NULL, '2025-07-15 07:18:09', '2025-07-15 07:18:09'),
(492, 22, '0.75KW/1HP/3PHASE/VSM48003/AC DRIVE CROMPTON GREAVES', 'NOs', 9.00, 9.00, NULL, '2025-07-15 07:18:09', '2025-07-15 07:18:09'),
(493, 22, 'AC DRIVE 0.75KW 3PHASE CG', 'NOs', 9.00, 9.00, NULL, '2025-07-15 07:18:09', '2025-07-15 07:18:09'),
(494, 22, 'AC DRIVE 1.5KW 3PHASE INVT', 'NOs', 9.00, 9.00, NULL, '2025-07-15 07:18:09', '2025-07-15 07:18:09'),
(495, 22, 'AC DRIVE 15KW 3PHASE CG', 'NOs', 9.00, 9.00, NULL, '2025-07-15 07:18:09', '2025-07-15 07:18:09');
INSERT INTO `stock_items` (`id`, `category_id`, `item_name`, `uom`, `sgst`, `cgst`, `igst`, `created_at`, `updated_at`) VALUES
(496, 22, 'AC DRIVE 5.5KW/7.5HP CG', 'NOs', 9.00, 9.00, NULL, '2025-07-15 07:18:09', '2025-07-15 07:18:09'),
(497, 22, 'AC DRIVE 7.50KW 3PHASE CG', 'NOs', 9.00, 9.00, NULL, '2025-07-15 07:18:09', '2025-07-15 07:18:09'),
(498, 22, 'VFD DRIVE', 'NOs', 9.00, 9.00, NULL, '2025-07-15 07:18:09', '2025-07-15 07:18:09'),
(499, 22, 'YASKAVA DRIVE REPAIR CNC GAS CUTTING', 'NOs', 9.00, 9.00, NULL, '2025-07-15 07:18:09', '2025-07-15 07:18:09'),
(500, 23, '1 WAY PUSH BUTTON STATION PVC', 'NOs', 9.00, 9.00, NULL, '2025-07-15 07:18:09', '2025-07-15 07:18:09'),
(501, 23, '150X50 1.6MM GI CABLE TRAY WITH COVER', 'NOs', 9.00, 9.00, 18.00, '2025-07-15 07:18:09', '2025-07-15 07:18:09'),
(502, 23, '16\" PEDESTAL FAN', 'NOs', 9.00, 9.00, NULL, '2025-07-15 07:18:09', '2025-07-15 07:18:09'),
(503, 23, '16MOD METAL CON BOX', 'NOs', 9.00, 9.00, NULL, '2025-07-15 07:18:09', '2025-07-15 07:18:09'),
(504, 23, '16PIN MALE FEMALE CONNECTOR', 'NOs', 9.00, 9.00, NULL, '2025-07-15 07:18:09', '2025-07-15 07:18:09'),
(505, 23, '2.5SQMM TERMINAL ELEMENT', 'NOs', 9.00, 9.00, NULL, '2025-07-15 07:18:09', '2025-07-15 07:18:09'),
(506, 23, '22.5MM 2 POSITION SELECTOR SWITCH', 'NOs', 9.00, 9.00, NULL, '2025-07-15 07:18:09', '2025-07-15 07:18:09'),
(507, 23, '3 PHASE MCVS CONTOL PCB', 'NOs', 9.00, 9.00, NULL, '2025-07-15 07:18:09', '2025-07-15 07:18:09'),
(508, 23, '4\" COOLING FAN', 'NOs', 9.00, 9.00, NULL, '2025-07-15 07:18:09', '2025-07-15 07:18:09'),
(509, 23, '40 X 8 EPOXY INSULATOR', 'NOs', 9.00, 9.00, NULL, '2025-07-15 07:18:09', '2025-07-15 07:18:09'),
(510, 23, '50 X 10 EPOXY INSULATORS', 'NOs', 9.00, 9.00, NULL, '2025-07-15 07:18:09', '2025-07-15 07:18:09'),
(511, 23, '500 A FUSE CUTOUT', 'NOs', 9.00, 9.00, NULL, '2025-07-15 07:18:09', '2025-07-15 07:18:09'),
(512, 23, '500 WATT HEATER', 'NOs', 9.00, 9.00, NULL, '2025-07-15 07:18:09', '2025-07-15 07:18:09'),
(513, 23, '6\" COOLING FAN', 'NOs', 9.00, 9.00, NULL, '2025-07-15 07:18:09', '2025-07-15 07:18:09'),
(514, 23, '6A 1POLE 4WAY SALZER', 'NOs', 9.00, 9.00, NULL, '2025-07-15 07:18:09', '2025-07-15 07:18:09'),
(515, 23, 'ADAPTOR 1M X 1/2F', 'NOs', 9.00, 9.00, NULL, '2025-07-15 07:18:09', '2025-07-15 07:18:09'),
(516, 23, 'CABLE DRAG CHAIN', 'NOs', 9.00, 9.00, NULL, '2025-07-15 07:18:09', '2025-07-15 07:18:09'),
(517, 23, 'CABLE GLAND M32', 'NOs', 9.00, 9.00, NULL, '2025-07-15 07:18:09', '2025-07-15 07:18:09'),
(518, 23, 'CABLE GLAND PG9', 'NOs', 9.00, 9.00, NULL, '2025-07-15 07:18:09', '2025-07-15 07:18:09'),
(519, 23, 'CASING CAPPING 25MM', 'NOs', 9.00, 9.00, NULL, '2025-07-15 07:18:09', '2025-07-15 07:18:09'),
(520, 23, 'CF ADAPTOR', 'NOs', 9.00, 9.00, NULL, '2025-07-15 07:18:09', '2025-07-15 07:18:09'),
(521, 23, 'CHARCOAL', 'Bag', 2.50, 2.50, NULL, '2025-07-15 07:18:09', '2025-07-15 07:18:09'),
(522, 23, 'CLAMP METER', 'NOs', 9.00, 9.00, NULL, '2025-07-15 07:18:09', '2025-07-15 07:18:09'),
(523, 23, 'COIL REXRORTH D24', 'NOs', 9.00, 9.00, NULL, '2025-07-15 07:18:09', '2025-07-15 07:18:09'),
(524, 23, 'CONTACT FL SWITCH 45FNB 5TX', 'NOs', 9.00, 9.00, NULL, '2025-07-15 07:18:09', '2025-07-15 07:18:09'),
(525, 23, 'CONTACT PLUG L45 CLUTCH', 'NOs', 9.00, 9.00, NULL, '2025-07-15 07:18:09', '2025-07-15 07:18:09'),
(526, 23, 'DISPLAY AND CONTROL PCB', 'NOS', 9.00, 9.00, NULL, '2025-07-15 07:18:09', '2025-07-15 07:18:09'),
(527, 23, 'DISPLAY PCB', 'NOs', 9.00, 9.00, NULL, '2025-07-15 07:18:09', '2025-07-15 07:18:09'),
(528, 23, 'DOUBLE ACTING SOLONOID VALVE', 'NOs', 9.00, 9.00, NULL, '2025-07-15 07:18:09', '2025-07-15 07:18:09'),
(529, 23, 'DOUBLE MOTOR MODULE 2X16A & CONTROL BOARD', 'NOs', 9.00, 9.00, NULL, '2025-07-15 07:18:09', '2025-07-15 07:18:09'),
(530, 23, 'DRIVE IGBT AND MODULE', 'NOs', 9.00, 9.00, NULL, '2025-07-15 07:18:09', '2025-07-15 07:18:09'),
(531, 23, 'ELE FITING 500A FUSE CUTOUT', 'NOs', 9.00, 9.00, NULL, '2025-07-15 07:18:09', '2025-07-15 07:18:09'),
(532, 23, 'ELE FITTING 1 CASING CAPPING', 'NOs', 9.00, 9.00, NULL, '2025-07-15 07:18:09', '2025-07-15 07:18:09'),
(533, 23, 'ELE FITTING 1 CLAMP', 'NOs', 9.00, 9.00, NULL, '2025-07-15 07:18:09', '2025-07-15 07:18:09'),
(534, 23, 'ELE FITTING 1 PVC ELE BEND', 'NOs', 9.00, 9.00, NULL, '2025-07-15 07:18:09', '2025-07-15 07:18:09'),
(535, 23, 'ELE FITTING 1 PVC ELE COLLAR', 'NOs', 9.00, 9.00, NULL, '2025-07-15 07:18:09', '2025-07-15 07:18:09'),
(536, 23, 'ELE FITTING 10A SOCKET', 'NOs', 9.00, 9.00, NULL, '2025-07-15 07:18:09', '2025-07-15 07:18:09'),
(537, 23, 'ELE FITTING 10A SWITCH', 'NOs', 9.00, 9.00, NULL, '2025-07-15 07:18:09', '2025-07-15 07:18:09'),
(538, 23, 'ELE FITTING 10mfd CAPACITOR', 'NOs', 9.00, 9.00, NULL, '2025-07-15 07:18:09', '2025-07-15 07:18:09'),
(539, 23, 'ELE FITTING 15A SOCKET', 'NOs', 9.00, 9.00, NULL, '2025-07-15 07:18:09', '2025-07-15 07:18:09'),
(540, 23, 'ELE FITTING 15A SS COMMAND BOX 2-2', 'NOs', 9.00, 9.00, NULL, '2025-07-15 07:18:09', '2025-07-15 07:18:09'),
(541, 23, 'ELE FITTING 15A SWITCH', 'NOs', 9.00, 9.00, NULL, '2025-07-15 07:18:09', '2025-07-15 07:18:09'),
(542, 23, 'ELE FITTING 16A 3 PHASE 3PIN PLUG TOP', 'NOs', 9.00, 9.00, NULL, '2025-07-15 07:18:09', '2025-07-15 07:18:09'),
(543, 23, 'ELE FITTING 2 MODULE BACK BOX', 'NOs', 9.00, 9.00, NULL, '2025-07-15 07:18:09', '2025-07-15 07:18:09'),
(544, 23, 'ELE FITTING 2 MODULE ROMA PLATE', 'NOs', 9.00, 9.00, NULL, '2025-07-15 07:18:09', '2025-07-15 07:18:09'),
(545, 23, 'ELE FITTING 2 PIN SOCKET', 'NOs', 9.00, 9.00, NULL, '2025-07-15 07:18:09', '2025-07-15 07:18:09'),
(546, 23, 'ELE FITTING 2 PIN TOP', 'NOs', 9.00, 9.00, NULL, '2025-07-15 07:18:09', '2025-07-15 07:18:09'),
(547, 23, 'ELE FITTING 2 PIN TOP CONA', 'NOs', 9.00, 9.00, NULL, '2025-07-15 07:18:09', '2025-07-15 07:18:09'),
(548, 23, 'ELE FITTING 2.5SQMM TERMINAL', 'NOs', 9.00, 9.00, NULL, '2025-07-15 07:18:09', '2025-07-15 07:18:09'),
(549, 23, 'ELE FITTING 20 KVAR ROUND CAPACITOR', 'NOs', 9.00, 9.00, NULL, '2025-07-15 07:18:09', '2025-07-15 07:18:09'),
(550, 23, 'ELE FITTING 20A 3 PHASE 3PIN PLUG SOCKET', 'NOs', 9.00, 9.00, NULL, '2025-07-15 07:18:09', '2025-07-15 07:18:09'),
(551, 23, 'ELE FITTING 20A 3 PHASE 3PIN PLUG TOP', 'NOs', 9.00, 9.00, NULL, '2025-07-15 07:18:09', '2025-07-15 07:18:09'),
(552, 23, 'ELE FITTING 20A 3Ph TOP BP20', 'NOs', 9.00, 9.00, NULL, '2025-07-15 07:18:09', '2025-07-15 07:18:09'),
(553, 23, 'ELE FITTING 22.5 MM LED INDICATOR', 'NOs', 9.00, 9.00, NULL, '2025-07-15 07:18:09', '2025-07-15 07:18:09'),
(554, 23, 'ELE FITTING 22.5MM 2 POS SELECTOR SWITCH TEKNIK 2AS2 3P', 'NOs', 9.00, 9.00, NULL, '2025-07-15 07:18:09', '2025-07-15 07:18:09'),
(555, 23, 'ELE FITTING 22.5MM 2 POSITION SELECTOR SWITCH TEKNIC 22AS2 2P', 'NOs', 9.00, 9.00, NULL, '2025-07-15 07:18:09', '2025-07-15 07:18:09'),
(556, 23, 'ELE FITTING 22.5MM EM  PUSH BUTTON TECHNIK 24AML4', 'NOs', 9.00, 9.00, NULL, '2025-07-15 07:18:09', '2025-07-15 07:18:09'),
(557, 23, 'ELE FITTING 25 KVAR ROUND CAPACITOR', 'NOs', 9.00, 9.00, NULL, '2025-07-15 07:18:09', '2025-07-15 07:18:09'),
(558, 23, 'ELE FITTING 250A 4POLE COS HPL', 'NOs', 9.00, 9.00, NULL, '2025-07-15 07:18:09', '2025-07-15 07:18:09'),
(559, 23, 'ELE FITTING 2PIN TOP', 'NOs', 9.00, 9.00, NULL, '2025-07-15 07:18:09', '2025-07-15 07:18:09'),
(560, 23, 'ELE FITTING 3 MODULE PVC BOX', 'NOs', 9.00, 9.00, NULL, '2025-07-15 07:18:09', '2025-07-15 07:18:09'),
(561, 23, 'ELE FITTING 3 MODULE PVC PLATE', 'NOs', 9.00, 9.00, NULL, '2025-07-15 07:18:09', '2025-07-15 07:18:09'),
(562, 23, 'ELE FITTING 3/4 PVC CASING CAPPING', 'NOs', 9.00, 9.00, NULL, '2025-07-15 07:18:09', '2025-07-15 07:18:09'),
(563, 23, 'ELE FITTING 3/4 PVC ELE BEND', 'NOs', 9.00, 9.00, NULL, '2025-07-15 07:18:09', '2025-07-15 07:18:09'),
(564, 23, 'ELE FITTING 3/4 PVC ELE COLLAR', 'NOs', 9.00, 9.00, NULL, '2025-07-15 07:18:09', '2025-07-15 07:18:09'),
(565, 23, 'ELE FITTING 3/4 PVC ELE J BOX', 'NOs', 9.00, 9.00, NULL, '2025-07-15 07:18:09', '2025-07-15 07:18:09'),
(566, 23, 'ELE FITTING 30A 3PHASE SOCKET BS30 SCHNEIDER', 'NOs', 9.00, 9.00, NULL, '2025-07-15 07:18:09', '2025-07-15 07:18:09'),
(567, 23, 'ELE FITTING 30A 3PHASE SOCKETTOP BP30 SCHNEIDER', 'NOs', 9.00, 9.00, NULL, '2025-07-15 07:18:09', '2025-07-15 07:18:09'),
(568, 23, 'ELE FITTING 32A 3 PHASE AC BOX', 'NOs', 9.00, 9.00, NULL, '2025-07-15 07:18:09', '2025-07-15 07:18:09'),
(569, 23, 'ELE FITTING 32MM CABLE GLAND', 'NOs', 9.00, 9.00, NULL, '2025-07-15 07:18:09', '2025-07-15 07:18:09'),
(570, 23, 'ELE FITTING 3PIN TOP 15A', 'NOs', 9.00, 9.00, NULL, '2025-07-15 07:18:09', '2025-07-15 07:18:09'),
(571, 23, 'ELE FITTING 3PIN TOP 5A', 'NOs', 9.00, 9.00, NULL, '2025-07-15 07:18:09', '2025-07-15 07:18:09'),
(572, 23, 'ELE FITTING 40A 2 POLE CB', 'NOs', 9.00, 9.00, NULL, '2025-07-15 07:18:09', '2025-07-15 07:18:09'),
(573, 23, 'ELE FITTING 45MM CABLE GLAND', 'NOs', 9.00, 9.00, NULL, '2025-07-15 07:18:09', '2025-07-15 07:18:09'),
(574, 23, 'ELE FITTING 4mfd CAPACITOR', 'NOs', 9.00, 9.00, NULL, '2025-07-15 07:18:09', '2025-07-15 07:18:09'),
(575, 23, 'ELE FITTING 5A 3PIN TOP', 'NOs', 9.00, 9.00, NULL, '2025-07-15 07:18:09', '2025-07-15 07:18:09'),
(576, 23, 'ELE FITTING 5A SOCKET', 'NOs', 9.00, 9.00, NULL, '2025-07-15 07:18:09', '2025-07-15 07:18:09'),
(577, 23, 'ELE FITTING 5A SOCKET ROMA', 'NOs', 9.00, 9.00, NULL, '2025-07-15 07:18:09', '2025-07-15 07:18:09'),
(578, 23, 'ELE FITTING 5A SWITCH', 'NOs', 9.00, 9.00, NULL, '2025-07-15 07:18:09', '2025-07-15 07:18:09'),
(579, 23, 'ELE FITTING 5IN1 OPEN', 'NOs', 9.00, 9.00, NULL, '2025-07-15 07:18:09', '2025-07-15 07:18:09'),
(580, 23, 'ELE FITTING 6 MODULE PVC BOX', 'NOs', 9.00, 9.00, NULL, '2025-07-15 07:18:09', '2025-07-15 07:18:09'),
(581, 23, 'ELE FITTING 6 MODULE PVC PLATE', 'NOs', 9.00, 9.00, NULL, '2025-07-15 07:18:09', '2025-07-15 07:18:09'),
(582, 23, 'ELE FITTING 6+1 PENDENT STATION', 'NOs', 9.00, 9.00, NULL, '2025-07-15 07:18:09', '2025-07-15 07:18:09'),
(583, 23, 'ELE FITTING 8 MODULE PLATE', 'NOs', 9.00, 9.00, NULL, '2025-07-15 07:18:09', '2025-07-15 07:18:09'),
(584, 23, 'ELE FITTING ADD ON BLOCK 1NO 1NC', 'NOs', 9.00, 9.00, NULL, '2025-07-15 07:18:09', '2025-07-15 07:18:09'),
(585, 23, 'ELE FITTING ADD ON BLOCK 2NO2NC', 'NOs', 9.00, 9.00, NULL, '2025-07-15 07:18:09', '2025-07-15 07:18:09'),
(586, 23, 'ELE FITTING ADDON BLOCK', 'NOs', 9.00, 9.00, NULL, '2025-07-15 07:18:09', '2025-07-15 07:18:09'),
(587, 23, 'ELE FITTING CABLE TIE 100MM', 'PKT', 9.00, 9.00, NULL, '2025-07-15 07:18:09', '2025-07-15 07:18:09'),
(588, 23, 'ELE FITTING CABLE TIE 100MM KSS', 'NOs', 9.00, 9.00, NULL, '2025-07-15 07:18:09', '2025-07-15 07:18:09'),
(589, 23, 'ELE FITTING CABLE TIE 150MM', 'PKT', 9.00, 9.00, NULL, '2025-07-15 07:18:09', '2025-07-15 07:18:09'),
(590, 23, 'ELE FITTING CABLE TIE 200MM', 'PKT', 9.00, 9.00, NULL, '2025-07-15 07:18:09', '2025-07-15 07:18:09'),
(591, 23, 'ELE FITTING CABLE TIE 200MM KSS', 'NOs', 9.00, 9.00, NULL, '2025-07-15 07:18:09', '2025-07-15 07:18:09'),
(592, 23, 'ELE FITTING CABLE TIE 300MM KSS', 'NOs', 9.00, 9.00, NULL, '2025-07-15 07:18:09', '2025-07-15 07:18:09'),
(593, 23, 'ELE FITTING CABLE TIE 350MM KSS', 'NOs', 9.00, 9.00, NULL, '2025-07-15 07:18:09', '2025-07-15 07:18:09'),
(594, 23, 'ELE FITTING CABLE TIE 75MM', 'NOs', 9.00, 9.00, NULL, '2025-07-15 07:18:09', '2025-07-15 07:18:09'),
(595, 23, 'ELE FITTING CAPACIT0R DUTY CONTACTOR', 'NOs', 9.00, 9.00, NULL, '2025-07-15 07:18:09', '2025-07-15 07:18:09'),
(596, 23, 'ELE FITTING CAPACITOR 10MFD', 'NOs', 9.00, 9.00, NULL, '2025-07-15 07:18:09', '2025-07-15 07:18:09'),
(597, 23, 'ELE FITTING CAPACITOR 4MFD', 'NOs', 9.00, 9.00, NULL, '2025-07-15 07:18:09', '2025-07-15 07:18:09'),
(598, 23, 'ELE FITTING CONTACTOR', 'NOs', 9.00, 9.00, NULL, '2025-07-15 07:18:09', '2025-07-15 07:18:09'),
(599, 23, 'ELE FITTING CONTACTOR  BLOCK 1NO1NC LA1D11', 'NOs', 9.00, 9.00, NULL, '2025-07-15 07:18:09', '2025-07-15 07:18:09'),
(600, 23, 'ELE FITTING CONTACTOR 3TF 35-00', 'NOs', 9.00, 9.00, NULL, '2025-07-15 07:18:09', '2025-07-15 07:18:09'),
(601, 23, 'ELE FITTING CONTACTOR 3TF 47 SPAREKIT', 'NOs', 9.00, 9.00, NULL, '2025-07-15 07:18:09', '2025-07-15 07:18:09'),
(602, 23, 'ELE FITTING CONTACTOR 3TF-49-22', 'NOs', 9.00, 9.00, NULL, '2025-07-15 07:18:09', '2025-07-15 07:18:09'),
(603, 23, 'ELE FITTING CONTACTOR 40 AMPS 220V', 'NOs', 9.00, 9.00, NULL, '2025-07-15 07:18:09', '2025-07-15 07:18:09'),
(604, 23, 'ELE FITTING CONTACTOR LC1D 259  TC', 'NOs', 9.00, 9.00, NULL, '2025-07-15 07:18:09', '2025-07-15 07:18:09'),
(605, 23, 'ELE FITTING CONTACTOR LC1D 323  TC', 'NOs', 9.00, 9.00, NULL, '2025-07-15 07:18:09', '2025-07-15 07:18:09'),
(606, 23, 'ELE FITTING CONTACTOR LC1E18 TC', 'NOs', 9.00, 9.00, NULL, '2025-07-15 07:18:09', '2025-07-15 07:18:09'),
(607, 23, 'ELE FITTING CONTACTOR LC1E50  TC', 'NOs', 9.00, 9.00, NULL, '2025-07-15 07:18:09', '2025-07-15 07:18:09'),
(608, 23, 'ELE FITTING CONTACTOR TC1D33K 12 U 5 CAPACITOR DUTY', 'NOs', 9.00, 9.00, NULL, '2025-07-15 07:18:09', '2025-07-15 07:18:09'),
(609, 23, 'ELE FITTING CONTROL PCB TRACTOR', 'NOs', 9.00, 9.00, NULL, '2025-07-15 07:18:09', '2025-07-15 07:18:09'),
(610, 23, 'ELE FITTING EMERGENCY PUSH BUTTON', 'NOs', 9.00, 9.00, NULL, '2025-07-15 07:18:09', '2025-07-15 07:18:09'),
(611, 23, 'ELE FITTING EMERGENCY STOP 22.5MM EM STOP SCHNEIDER XB5AS542N', 'NOs', 9.00, 9.00, NULL, '2025-07-15 07:18:09', '2025-07-15 07:18:09'),
(612, 23, 'ELE FITTING FAN REGULATOR', 'NOs', 9.00, 9.00, NULL, '2025-07-15 07:18:09', '2025-07-15 07:18:09'),
(613, 23, 'ELE FITTING LUGS 70 SQMM RING CPR', 'NOs', 9.00, 9.00, NULL, '2025-07-15 07:18:09', '2025-07-15 07:18:09'),
(614, 23, 'ELE FITTING LUGS 95 SQMM RING CPR', 'NOs', 9.00, 9.00, NULL, '2025-07-15 07:18:09', '2025-07-15 07:18:09'),
(615, 23, 'ELE FITTING LUGS ALU PIN 95SQMM', 'NOs', 9.00, 9.00, NULL, '2025-07-15 07:18:09', '2025-07-15 07:18:09'),
(616, 23, 'ELE FITTING LUGS ALU RING 120SQMM', 'NOs', 9.00, 9.00, NULL, '2025-07-15 07:18:09', '2025-07-15 07:18:09'),
(617, 23, 'ELE FITTING LUGS ALU RING 25SQMM', 'NOs', 9.00, 9.00, NULL, '2025-07-15 07:18:09', '2025-07-15 07:18:09'),
(618, 23, 'ELE FITTING LUGS ALU RING 300SQMM', 'NOs', 9.00, 9.00, NULL, '2025-07-15 07:18:09', '2025-07-15 07:18:09'),
(619, 23, 'ELE FITTING LUGS ALU RING 50SQMM', 'NOs', 9.00, 9.00, NULL, '2025-07-15 07:18:09', '2025-07-15 07:18:09'),
(620, 23, 'ELE FITTING LUGS ALU TUBE 150SQMM', 'NOs', 9.00, 9.00, NULL, '2025-07-15 07:18:09', '2025-07-15 07:18:09'),
(621, 23, 'ELE FITTING LUGS ALU TUBULAR 1.5 SQMM', 'NOs', 9.00, 9.00, NULL, '2025-07-15 07:18:09', '2025-07-15 07:18:09'),
(622, 23, 'ELE FITTING LUGS ALU TUBULAR 2.5 SQMM', 'NOs', 9.00, 9.00, NULL, '2025-07-15 07:18:09', '2025-07-15 07:18:09'),
(623, 23, 'ELE FITTING LUGS COPPER PIN 10SQMM', 'NOs', 9.00, 9.00, NULL, '2025-07-15 07:18:09', '2025-07-15 07:18:09'),
(624, 23, 'ELE FITTING LUGS COPPER PIN 16SQMM', 'NOs', 9.00, 9.00, NULL, '2025-07-15 07:18:09', '2025-07-15 07:18:09'),
(625, 23, 'ELE FITTING LUGS COPPER PIN 2.5SQMM', 'NOs', 9.00, 9.00, NULL, '2025-07-15 07:18:09', '2025-07-15 07:18:09'),
(626, 23, 'ELE FITTING LUGS COPPER PIN 25SQMM', 'NOs', 9.00, 9.00, NULL, '2025-07-15 07:18:09', '2025-07-15 07:18:09'),
(627, 23, 'ELE FITTING LUGS COPPER PIN 4SQMM', 'NOs', 9.00, 9.00, NULL, '2025-07-15 07:18:09', '2025-07-15 07:18:09'),
(628, 23, 'ELE FITTING LUGS COPPER PIN 6MM', 'NOs', 9.00, 9.00, NULL, '2025-07-15 07:18:09', '2025-07-15 07:18:09'),
(629, 23, 'ELE FITTING LUGS COPPER RING 10SQMM', 'NOs', 9.00, 9.00, NULL, '2025-07-15 07:18:09', '2025-07-15 07:18:09'),
(630, 23, 'ELE FITTING LUGS COPPER RING 120 SQMM', 'NOs', 9.00, 9.00, NULL, '2025-07-15 07:18:09', '2025-07-15 07:18:09'),
(631, 23, 'ELE FITTING LUGS COPPER RING 150SQMM', 'NOs', 9.00, 9.00, NULL, '2025-07-15 07:18:09', '2025-07-15 07:18:09'),
(632, 23, 'ELE FITTING LUGS COPPER RING 16SQMM', 'NOs', 9.00, 9.00, NULL, '2025-07-15 07:18:09', '2025-07-15 07:18:09'),
(633, 23, 'ELE FITTING LUGS COPPER RING 2.5SQMM', 'NOs', 9.00, 9.00, NULL, '2025-07-15 07:18:09', '2025-07-15 07:18:09'),
(634, 23, 'ELE FITTING LUGS COPPER RING 240SQMM', 'NOs', 9.00, 9.00, NULL, '2025-07-15 07:18:09', '2025-07-15 07:18:09'),
(635, 23, 'ELE FITTING LUGS COPPER RING 25SQMM', 'NOs', 9.00, 9.00, NULL, '2025-07-15 07:18:09', '2025-07-15 07:18:09'),
(636, 23, 'ELE FITTING LUGS COPPER RING 300SQMM', 'NOs', 9.00, 9.00, NULL, '2025-07-15 07:18:09', '2025-07-15 07:18:09'),
(637, 23, 'ELE FITTING LUGS COPPER RING 35SQMM', 'NOs', 9.00, 9.00, NULL, '2025-07-15 07:18:09', '2025-07-15 07:18:09'),
(638, 23, 'ELE FITTING LUGS COPPER RING 400SQMM', 'NOs', 9.00, 9.00, NULL, '2025-07-15 07:18:09', '2025-07-15 07:18:09'),
(639, 23, 'ELE FITTING LUGS COPPER RING 4SQMM', 'NOs', 9.00, 9.00, NULL, '2025-07-15 07:18:09', '2025-07-15 07:18:09'),
(640, 23, 'ELE FITTING LUGS COPPER RING 50SQMM', 'NOs', 9.00, 9.00, NULL, '2025-07-15 07:18:09', '2025-07-15 07:18:09'),
(641, 23, 'ELE FITTING LUGS COPPER RING 6SQMM', 'NOs', 9.00, 9.00, NULL, '2025-07-15 07:18:09', '2025-07-15 07:18:09'),
(642, 23, 'ELE FITTING LUGS COPPER RING 95SQMM', 'NOs', 9.00, 9.00, NULL, '2025-07-15 07:18:09', '2025-07-15 07:18:09'),
(643, 23, 'ELE FITTING LUGS COPPER TUBE 10SQMM', 'NOs', 9.00, 9.00, NULL, '2025-07-15 07:18:09', '2025-07-15 07:18:09'),
(644, 23, 'ELE FITTING LUGS CPR RING 2.5 SQMM', 'NOs', 9.00, 9.00, NULL, '2025-07-15 07:18:09', '2025-07-15 07:18:09'),
(645, 23, 'ELE FITTING LUGS TUBE 1.5SQMM', 'NOs', 9.00, 9.00, NULL, '2025-07-15 07:18:09', '2025-07-15 07:18:09'),
(646, 23, 'ELE FITTING LUGS TUBE 2.5SQMM', 'NOs', 9.00, 9.00, NULL, '2025-07-15 07:18:09', '2025-07-15 07:18:09'),
(647, 23, 'ELE FITTING MCB 16A 2POLE', 'NOs', 9.00, 9.00, NULL, '2025-07-15 07:18:09', '2025-07-15 07:18:09'),
(648, 23, 'ELE FITTING MCB 25A 4POLE', 'NOs', 9.00, 9.00, NULL, '2025-07-15 07:18:09', '2025-07-15 07:18:09'),
(649, 23, 'ELE FITTING MCB 2A 2 POLE', 'NOs', 9.00, 9.00, NULL, '2025-07-15 07:18:09', '2025-07-15 07:18:09'),
(650, 23, 'ELE FITTING MCB 32A 2POLE', 'NOs', 9.00, 9.00, NULL, '2025-07-15 07:18:09', '2025-07-15 07:18:09'),
(651, 23, 'ELE FITTING MCB 32A 3POLE', 'NOs', 9.00, 9.00, NULL, '2025-07-15 07:18:09', '2025-07-15 07:18:09'),
(652, 23, 'ELE FITTING MCB 32A 4 POLE', 'NOs', 9.00, 9.00, NULL, '2025-07-15 07:18:09', '2025-07-15 07:18:09'),
(653, 23, 'ELE FITTING MCB 40A 4POLE', 'NOs', 9.00, 9.00, NULL, '2025-07-15 07:18:09', '2025-07-15 07:18:09'),
(654, 23, 'ELE FITTING MCB 4A 1POLE', 'NOs', 9.00, 9.00, NULL, '2025-07-15 07:18:09', '2025-07-15 07:18:09'),
(655, 23, 'ELE FITTING MCB 4A 2POLE', 'NOs', 9.00, 9.00, NULL, '2025-07-15 07:18:09', '2025-07-15 07:18:09'),
(656, 23, 'ELE FITTING MCB 63A 2POLE', 'NOs', 9.00, 9.00, NULL, '2025-07-15 07:18:09', '2025-07-15 07:18:09'),
(657, 23, 'ELE FITTING MCB 63A 3POLE', 'NOs', 9.00, 9.00, NULL, '2025-07-15 07:18:09', '2025-07-15 07:18:09'),
(658, 23, 'ELE FITTING MCB 63A 4POLE', 'NOs', 9.00, 9.00, NULL, '2025-07-15 07:18:09', '2025-07-15 07:18:09'),
(659, 23, 'ELE FITTING MCB 6A 2POLE', 'NOS', 9.00, 9.00, NULL, '2025-07-15 07:18:09', '2025-07-15 07:18:09'),
(660, 23, 'ELE FITTING MCB BOX 2POLE PVC', 'NOs', 9.00, 9.00, NULL, '2025-07-15 07:18:09', '2025-07-15 07:18:09'),
(661, 23, 'ELE FITTING MCB BOX 40POLE', 'NOs', 9.00, 9.00, NULL, '2025-07-15 07:18:09', '2025-07-15 07:18:09'),
(662, 23, 'ELE FITTING MCCB 100A 3POLE', 'NOs', 9.00, 9.00, NULL, '2025-07-15 07:18:09', '2025-07-15 07:18:09'),
(663, 23, 'ELE FITTING MCCB 125A 4POLE', 'NOS', 9.00, 9.00, NULL, '2025-07-15 07:18:09', '2025-07-15 07:18:09'),
(664, 23, 'ELE FITTING MCCB 160A 4POLE', 'NOs', 9.00, 9.00, NULL, '2025-07-15 07:18:09', '2025-07-15 07:18:09'),
(665, 23, 'ELE FITTING MCCB 250A 4POLE', 'NOs', 9.00, 9.00, NULL, '2025-07-15 07:18:09', '2025-07-15 07:18:09'),
(666, 23, 'ELE FITTING MCCB 63A 3POLE', 'NOs', 9.00, 9.00, NULL, '2025-07-15 07:18:09', '2025-07-15 07:18:09'),
(667, 23, 'ELE FITTING MCCB 63A 4POLE', 'NOs', 9.00, 9.00, NULL, '2025-07-15 07:18:09', '2025-07-15 07:18:09'),
(668, 23, 'ELE FITTING MOTOR STARTER 3HP', 'NOs', 9.00, 9.00, NULL, '2025-07-15 07:18:09', '2025-07-15 07:18:09'),
(669, 23, 'ELE FITTING POTENTIOMETER', 'NOs', 9.00, 9.00, NULL, '2025-07-15 07:18:09', '2025-07-15 07:18:09'),
(670, 23, 'ELE FITTING POTENTIOMETER KNOB', 'NOs', 9.00, 9.00, NULL, '2025-07-15 07:18:09', '2025-07-15 07:18:09'),
(671, 23, 'ELE FITTING POWER STREEP 4 WAY', 'NOs', 9.00, 9.00, NULL, '2025-07-15 07:18:09', '2025-07-15 07:18:09'),
(672, 23, 'ELE FITTING SOCKET 10A', 'NOs', 9.00, 9.00, NULL, '2025-07-15 07:18:09', '2025-07-15 07:18:09'),
(673, 23, 'ELE FITTING STABILIZER 4KV', 'NOs', 9.00, 9.00, NULL, '2025-07-15 07:18:09', '2025-07-15 07:18:09'),
(674, 23, 'ELE FITTING STABILIZER 5KVA', 'NOs', 9.00, 9.00, NULL, '2025-07-15 07:18:09', '2025-07-15 07:18:09'),
(675, 23, 'ELE FITTING SWITCH 10A', 'NOs', 9.00, 9.00, NULL, '2025-07-15 07:18:09', '2025-07-15 07:18:09'),
(676, 23, 'ELE FITTING TUBE SIDE HOLDER', 'NOs', 9.00, 9.00, NULL, '2025-07-15 07:18:09', '2025-07-15 07:18:09'),
(677, 23, 'ELE FITTING63A 3 POLE ON OFF SWTCH', 'NOs', 9.00, 9.00, NULL, '2025-07-15 07:18:09', '2025-07-15 07:18:09'),
(678, 23, 'ELE FITTING63MM CABLE GLAND', 'NOs', 9.00, 9.00, NULL, '2025-07-15 07:18:09', '2025-07-15 07:18:09'),
(679, 23, 'ELE FITTINGS PANAL LOCK', 'NOs', 9.00, 9.00, NULL, '2025-07-15 07:18:09', '2025-07-15 07:18:09'),
(680, 23, 'ELECTRICAL CONTROL PANEL', 'NOs', 9.00, 9.00, NULL, '2025-07-15 07:18:09', '2025-07-15 07:18:09'),
(681, 23, 'ELECTRICAL SWITCH BOX', 'NOs', 9.00, 9.00, NULL, '2025-07-15 07:18:09', '2025-07-15 07:18:09'),
(682, 23, 'ELEMENT NO TEKNIC S1', 'NOs', 9.00, 9.00, NULL, '2025-07-15 07:18:09', '2025-07-15 07:18:09'),
(683, 23, 'END CONNECTOR', 'NOs', 9.00, 9.00, NULL, '2025-07-15 07:18:09', '2025-07-15 07:18:09'),
(684, 23, 'END CONNECTORS', 'NOs', 9.00, 9.00, NULL, '2025-07-15 07:18:09', '2025-07-15 07:18:09'),
(685, 23, 'END CONNECTORS FOR 0665.125     FA/MA', 'SET', 9.00, 9.00, NULL, '2025-07-15 07:18:09', '2025-07-15 07:18:09'),
(686, 23, 'ETON FUSE LINK 125A', 'NOs', 9.00, 9.00, NULL, '2025-07-15 07:18:09', '2025-07-15 07:18:09'),
(687, 23, 'FANUV I/O CARD FUSE', 'NOs', 9.00, 9.00, NULL, '2025-07-15 07:18:09', '2025-07-15 07:18:09'),
(688, 23, 'FIBRE GLASS INSULATION TAPE', 'NOs', 9.00, 9.00, NULL, '2025-07-15 07:18:09', '2025-07-15 07:18:09'),
(689, 23, 'FIELD COIL', 'NOs', 9.00, 9.00, NULL, '2025-07-15 07:18:09', '2025-07-15 07:18:09'),
(690, 23, 'FUSE MODULE', 'NOs', 9.00, 9.00, NULL, '2025-07-15 07:18:09', '2025-07-15 07:18:09'),
(691, 23, 'G2R1 24V RELAY', 'NOs', 9.00, 9.00, NULL, '2025-07-15 07:18:09', '2025-07-15 07:18:09'),
(692, 23, 'GI FUNNEL', 'NOs', 9.00, 9.00, NULL, '2025-07-15 07:18:09', '2025-07-15 07:18:09'),
(693, 23, 'HAVELLS LUMILINE PLUS 40W TUBE SET', 'NOS', 9.00, 9.00, NULL, '2025-07-15 07:18:09', '2025-07-15 07:18:09'),
(694, 23, 'INSULATION TAPE', 'NOs', 9.00, 9.00, NULL, '2025-07-15 07:18:09', '2025-07-15 07:18:09'),
(695, 23, 'IO PORTS', 'NOs', 9.00, 9.00, NULL, '2025-07-15 07:18:09', '2025-07-15 07:18:09'),
(696, 23, 'LEVER TYPE LIMIT SWTCH', 'NOs', 9.00, 9.00, NULL, '2025-07-15 07:18:09', '2025-07-15 07:18:09'),
(697, 23, 'LIGHT 150W LED HI BAY LIGHT', 'NOs', 9.00, 9.00, NULL, '2025-07-15 07:18:09', '2025-07-15 07:18:09'),
(698, 23, 'LIGHT 20 WATT LED TUBE LIGHT', 'NOs', 9.00, 9.00, NULL, '2025-07-15 07:18:09', '2025-07-15 07:18:09'),
(699, 23, 'LIGHT 22 WATT LED TUBE LIGHT', 'NOs', 9.00, 9.00, NULL, '2025-07-15 07:18:09', '2025-07-15 07:18:09'),
(700, 23, 'LIGHT 2X28 WATT T5 FITTING', 'NOs', 9.00, 9.00, NULL, '2025-07-15 07:18:09', '2025-07-15 07:18:09'),
(701, 23, 'LIGHT 2X40 WATT FITTING', 'NOs', 9.00, 9.00, NULL, '2025-07-15 07:18:09', '2025-07-15 07:18:09'),
(702, 23, 'LIGHT 36 WATT LED 4FT LED FITTING', 'NOs', 9.00, 9.00, NULL, '2025-07-15 07:18:09', '2025-07-15 07:18:09'),
(703, 23, 'LIGHT 9 WATTS LED', 'NOs', 9.00, 9.00, NULL, '2025-07-15 07:18:09', '2025-07-15 07:18:09'),
(704, 23, 'LIGHT LED ADAPTOR', 'NOs', 9.00, 9.00, NULL, '2025-07-15 07:18:09', '2025-07-15 07:18:09'),
(705, 23, 'LIGHT LED LAMP', 'NOs', 9.00, 9.00, NULL, '2025-07-15 07:18:09', '2025-07-15 07:18:09'),
(706, 23, 'LIMIT SWITCH', 'NOs', 9.00, 9.00, NULL, '2025-07-15 07:18:09', '2025-07-15 07:18:09'),
(707, 23, 'M12X40 PNPN0 PROXIMITY SENSOR', 'NOs', 9.00, 9.00, NULL, '2025-07-15 07:18:09', '2025-07-15 07:18:09'),
(708, 23, 'MCB 16A 3POLE', 'NOs', 9.00, 9.00, NULL, '2025-07-15 07:18:09', '2025-07-15 07:18:09'),
(709, 23, 'MCB BOX 2 POLE', 'NOs', 9.00, 9.00, NULL, '2025-07-15 07:18:09', '2025-07-15 07:18:09'),
(710, 23, 'MICRO SWITCH', 'NOs', 9.00, 9.00, NULL, '2025-07-15 07:18:09', '2025-07-15 07:18:09'),
(711, 23, 'MINIATURE PRESSURE SWITCH', 'NOs', 9.00, 9.00, NULL, '2025-07-15 07:18:09', '2025-07-15 07:18:09'),
(712, 23, 'MK1 COIL', 'NOs', 9.00, 9.00, NULL, '2025-07-15 07:18:09', '2025-07-15 07:18:09'),
(713, 23, 'MK1 RELAY HIMLITE', 'NOs', 9.00, 9.00, NULL, '2025-07-15 07:18:09', '2025-07-15 07:18:09'),
(714, 23, 'MOUNTING KIT FOR CONTACTOR', 'NOs', 9.00, 9.00, NULL, '2025-07-15 07:18:09', '2025-07-15 07:18:09'),
(715, 23, 'PENDENT PUSH BUTTON', 'NOs', 9.00, 9.00, NULL, '2025-07-15 07:18:09', '2025-07-15 07:18:09'),
(716, 23, 'PG 11 WIRE GLAND', 'NOs', 9.00, 9.00, NULL, '2025-07-15 07:18:09', '2025-07-15 07:18:09'),
(717, 23, 'PG 13.5 WIRE GLAND', 'NOs', 9.00, 9.00, NULL, '2025-07-15 07:18:09', '2025-07-15 07:18:09'),
(718, 23, 'PG 16 WIRE GLAND', 'NOs', 9.00, 9.00, NULL, '2025-07-15 07:18:09', '2025-07-15 07:18:09'),
(719, 23, 'PG 18 WIRE GLAND', 'NOs', 9.00, 9.00, NULL, '2025-07-15 07:18:09', '2025-07-15 07:18:09'),
(720, 23, 'PG 29 WIRE GLAND', 'NOs', 9.00, 9.00, NULL, '2025-07-15 07:18:09', '2025-07-15 07:18:09'),
(721, 23, 'PG 36 WIRE GLAND', 'NOs', 9.00, 9.00, NULL, '2025-07-15 07:18:09', '2025-07-15 07:18:09'),
(722, 23, 'POTENTIOMETER 10K 10TURN', 'KG', 9.00, 9.00, NULL, '2025-07-15 07:18:09', '2025-07-15 07:18:09'),
(723, 23, 'PROXIMITY SENSOR', 'NOs', 9.00, 9.00, NULL, '2025-07-15 07:18:09', '2025-07-15 07:18:09'),
(724, 23, 'RECTIFIER UNIT 415V AC 190V DC', 'NOs', 9.00, 9.00, NULL, '2025-07-15 07:18:09', '2025-07-15 07:18:09'),
(725, 23, 'RELAY', 'NOs', 9.00, 9.00, NULL, '2025-07-15 07:18:09', '2025-07-15 07:18:09'),
(726, 23, 'RELAY LRE 322 17-25A', 'NOs', 9.00, 9.00, NULL, '2025-07-15 07:18:09', '2025-07-15 07:18:09'),
(727, 23, 'REVERSE FORWARD SWITCH', 'NOs', 9.00, 9.00, NULL, '2025-07-15 07:18:09', '2025-07-15 07:18:09'),
(728, 23, 'RJ 45 COUPLING', 'NOs', 9.00, 9.00, NULL, '2025-07-15 07:18:09', '2025-07-15 07:18:09'),
(729, 23, 'RJ 45 JACK D-LINK', 'NOs', 9.00, 9.00, NULL, '2025-07-15 07:18:10', '2025-07-15 07:18:10'),
(730, 23, 'RJ 45 SPLITTER', 'NOs', 9.00, 9.00, NULL, '2025-07-15 07:18:10', '2025-07-15 07:18:10'),
(731, 23, 'RJ45 COUPLING', 'NOs', 9.00, 9.00, NULL, '2025-07-15 07:18:10', '2025-07-15 07:18:10'),
(732, 23, 'ROTARY SWITCH', 'NOs', 9.00, 9.00, NULL, '2025-07-15 07:18:10', '2025-07-15 07:18:10'),
(733, 23, 'SAFETY RELAY', 'NOs', 9.00, 9.00, NULL, '2025-07-15 07:18:10', '2025-07-15 07:18:10'),
(734, 23, 'SALT 25KG', 'bag', 2.50, 2.50, NULL, '2025-07-15 07:18:10', '2025-07-15 07:18:10'),
(735, 23, 'SALT 25KG BAG', 'NOs', 2.50, 2.50, NULL, '2025-07-15 07:18:10', '2025-07-15 07:18:10'),
(736, 23, 'SINGLE PHASE TS AC MODULE', 'NOs', 9.00, 9.00, NULL, '2025-07-15 07:18:10', '2025-07-15 07:18:10'),
(737, 23, 'SITOR FUSE FOR SEMICODUCTOR PROTECTION', 'NOs', 9.00, 9.00, NULL, '2025-07-15 07:18:10', '2025-07-15 07:18:10'),
(738, 23, 'SMPS', 'NOs', 9.00, 9.00, NULL, '2025-07-15 07:18:10', '2025-07-15 07:18:10'),
(739, 23, 'SOLENOID VALVE SOCKET 24V', 'NOs', 9.00, 9.00, NULL, '2025-07-15 07:18:10', '2025-07-15 07:18:10'),
(740, 23, 'SPARE KIT FOR CONTACTOR 63 A', 'NOs', 9.00, 9.00, NULL, '2025-07-15 07:18:10', '2025-07-15 07:18:10'),
(741, 23, 'stabilizer', 'NOs', 9.00, 9.00, NULL, '2025-07-15 07:18:10', '2025-07-15 07:18:10'),
(742, 23, 'STABILIZER MOTOR GEAR', 'NOS', 9.00, 9.00, NULL, '2025-07-15 07:18:10', '2025-07-15 07:18:10'),
(743, 23, 'STABILIZER RC NETWORK', 'NOS', 9.00, 9.00, NULL, '2025-07-15 07:18:10', '2025-07-15 07:18:10'),
(744, 23, 'STABILIZER REPAIR 3PHASE DISPLAY AND CONSOLE PCB', 'NOs', 9.00, 9.00, NULL, '2025-07-15 07:18:10', '2025-07-15 07:18:10'),
(745, 23, 'STABILIZER REPAIR SENSING TRANSFORMER', 'NOs', 9.00, 9.00, NULL, '2025-07-15 07:18:10', '2025-07-15 07:18:10'),
(746, 23, 'STABILIZER REPAIR SERVICE CHARGES', 'NOs', 9.00, 9.00, NULL, '2025-07-15 07:18:10', '2025-07-15 07:18:10'),
(747, 23, 'STABILIZER REPAIR TAIAL PCB', 'NOs', 9.00, 9.00, NULL, '2025-07-15 07:18:10', '2025-07-15 07:18:10'),
(748, 23, 'STABILIZER STEPPER MOTOR', 'NOS', 9.00, 9.00, NULL, '2025-07-15 07:18:10', '2025-07-15 07:18:10'),
(749, 23, 'switch', 'NOs', 9.00, 9.00, NULL, '2025-07-15 07:18:10', '2025-07-15 07:18:10'),
(750, 23, 'SWITCH COVER', 'NOs', 9.00, 9.00, NULL, '2025-07-15 07:18:10', '2025-07-15 07:18:10'),
(751, 23, 'TESTOR 813', 'NOs', 9.00, 9.00, NULL, '2025-07-15 07:18:10', '2025-07-15 07:18:10'),
(752, 23, 'TOOL COVER BOX', 'NOs', NULL, NULL, NULL, '2025-07-15 07:18:10', '2025-07-15 07:18:10'),
(753, 23, 'TUBE', 'NOs', 9.00, 9.00, NULL, '2025-07-15 07:18:10', '2025-07-15 07:18:10'),
(754, 23, 'TUBELIGHT 25W LED', 'NOs', 9.00, 9.00, NULL, '2025-07-15 07:18:10', '2025-07-15 07:18:10'),
(755, 23, 'TUBELIGHT 36W LED', 'NOs', 9.00, 9.00, NULL, '2025-07-15 07:18:10', '2025-07-15 07:18:10'),
(756, 23, 'TUBELIGHT 5W LED', 'NOs', 9.00, 9.00, NULL, '2025-07-15 07:18:10', '2025-07-15 07:18:10'),
(757, 23, 'UPS APC SRCE6KUXI', 'NOs', 9.00, 9.00, NULL, '2025-07-15 07:18:10', '2025-07-15 07:18:10'),
(758, 23, 'Wi-Fi ADAPTOR', 'NOs', 9.00, 9.00, NULL, '2025-07-15 07:18:10', '2025-07-15 07:18:10'),
(759, 23, 'WIRE CONNECTORS', 'NOs', 9.00, 9.00, NULL, '2025-07-15 07:18:10', '2025-07-15 07:18:10'),
(760, 23, 'WIRE CUTTER PYE 950', 'NOs', 9.00, 9.00, NULL, '2025-07-15 07:18:10', '2025-07-15 07:18:10'),
(761, 23, 'WIRE CUTTING MS RING 150X25X91', 'NOs', 9.00, 9.00, NULL, '2025-07-15 07:18:10', '2025-07-15 07:18:10'),
(762, 23, 'WOODEN GATTA', 'NOs', 9.00, 9.00, NULL, '2025-07-15 07:18:10', '2025-07-15 07:18:10'),
(763, 24, 'BOTTOM NUT', 'NOs', 9.00, 9.00, NULL, '2025-07-15 07:18:10', '2025-07-15 07:18:10'),
(764, 24, 'BRASS SHIM 0.05', 'Kgs', 9.00, 9.00, NULL, '2025-07-15 07:18:10', '2025-07-15 07:18:10'),
(765, 24, 'BRASS SHIM 0.1', 'Kgs', 9.00, 9.00, NULL, '2025-07-15 07:18:10', '2025-07-15 07:18:10'),
(766, 24, 'BRASS SHIM 0.2', 'Kgs', 9.00, 9.00, NULL, '2025-07-15 07:18:10', '2025-07-15 07:18:10'),
(767, 24, 'BRASS SHIM 0.25', 'Kgs', 9.00, 9.00, NULL, '2025-07-15 07:18:10', '2025-07-15 07:18:10'),
(768, 24, 'CIRCLIP A-12', 'NOs', 9.00, 9.00, NULL, '2025-07-15 07:18:10', '2025-07-15 07:18:10'),
(769, 24, 'CIRCLIP A25', 'NOs', 9.00, 9.00, NULL, '2025-07-15 07:18:10', '2025-07-15 07:18:10'),
(770, 24, 'CIRCLIP A28', 'NOs', 9.00, 9.00, NULL, '2025-07-15 07:18:10', '2025-07-15 07:18:10'),
(771, 24, 'CIRCLIP A32', 'NOs', 9.00, 9.00, NULL, '2025-07-15 07:18:10', '2025-07-15 07:18:10'),
(772, 24, 'CIRCLIP A35', 'NOs', 9.00, 9.00, NULL, '2025-07-15 07:18:10', '2025-07-15 07:18:10'),
(773, 24, 'CIRCLIP A55', 'NOs', 9.00, 9.00, NULL, '2025-07-15 07:18:10', '2025-07-15 07:18:10'),
(774, 24, 'CIRCLIP A-6', 'NOs', 9.00, 9.00, NULL, '2025-07-15 07:18:10', '2025-07-15 07:18:10'),
(775, 24, 'CIRCLIP A-8', 'NOs', 9.00, 9.00, NULL, '2025-07-15 07:18:10', '2025-07-15 07:18:10'),
(776, 24, 'CIRCLIP A80', 'NOs', 9.00, 9.00, NULL, '2025-07-15 07:18:10', '2025-07-15 07:18:10'),
(777, 24, 'CIRCLIP B-62', 'NOs', 9.00, 9.00, NULL, '2025-07-15 07:18:10', '2025-07-15 07:18:10'),
(778, 24, 'CIRCLIP E-6', 'NOs', 9.00, 9.00, NULL, '2025-07-15 07:18:10', '2025-07-15 07:18:10'),
(779, 24, 'CIRCLIP E-8', 'NOs', 9.00, 9.00, NULL, '2025-07-15 07:18:10', '2025-07-15 07:18:10'),
(780, 24, 'COTTER PIN 3X35', 'NOs', 9.00, 9.00, NULL, '2025-07-15 07:18:10', '2025-07-15 07:18:10'),
(781, 24, 'COTTER PIN 4X35', 'NOs', 9.00, 9.00, NULL, '2025-07-15 07:18:10', '2025-07-15 07:18:10'),
(782, 24, 'DOWEL PIN M6X50', 'NOs', 9.00, 9.00, NULL, '2025-07-15 07:18:10', '2025-07-15 07:18:10'),
(783, 24, 'FOUNDATION BOLT', 'NOs', 9.00, 9.00, NULL, '2025-07-15 07:18:10', '2025-07-15 07:18:10'),
(784, 24, 'FSTNR  HEX NUTS 3/4', 'NOs', 9.00, 9.00, NULL, '2025-07-15 07:18:10', '2025-07-15 07:18:10'),
(785, 24, 'FSTNR 1/8 BSP BRASS BOLT', 'NOs', 9.00, 9.00, NULL, '2025-07-15 07:18:10', '2025-07-15 07:18:10'),
(786, 24, 'FSTNR 2\" CU BOLT NUT', 'NOs', 9.00, 9.00, NULL, '2025-07-15 07:18:10', '2025-07-15 07:18:10'),
(787, 24, 'FSTNR ALUMINIUM RIVETTES FOR CONDUIT', 'NOs', 9.00, 9.00, NULL, '2025-07-15 07:18:10', '2025-07-15 07:18:10'),
(788, 24, 'FSTNR ANCHOR BOLT 10X100', 'NOs', 9.00, 9.00, NULL, '2025-07-15 07:18:10', '2025-07-15 07:18:10'),
(789, 24, 'FSTNR ANCHOR BOLT 12X100', 'NOs', 9.00, 9.00, NULL, '2025-07-15 07:18:10', '2025-07-15 07:18:10'),
(790, 24, 'FSTNR ANCHOR BOLT 12X150', 'NOs', 9.00, 9.00, NULL, '2025-07-15 07:18:10', '2025-07-15 07:18:10'),
(791, 24, 'FSTNR ANCHOR BOLT 16X100', 'NOs', 9.00, 9.00, NULL, '2025-07-15 07:18:10', '2025-07-15 07:18:10'),
(792, 24, 'FSTNR ANCHOR BOLT 16X150', 'NOs', 9.00, 9.00, NULL, '2025-07-15 07:18:10', '2025-07-15 07:18:10'),
(793, 24, 'FSTNR ANCHOR BOLT 8X100', 'NOs', 9.00, 9.00, NULL, '2025-07-15 07:18:10', '2025-07-15 07:18:10'),
(794, 24, 'FSTNR ANCHOR BOLT 8X75', 'NOs', 9.00, 9.00, NULL, '2025-07-15 07:18:10', '2025-07-15 07:18:10'),
(795, 24, 'FSTNR ANCHOR BOLT M16', 'NOs', 9.00, 9.00, NULL, '2025-07-15 07:18:10', '2025-07-15 07:18:10'),
(796, 24, 'FSTNR ANCHOR BOLT WEDGE PIN TYPE M20 X 200', 'NOs', 9.00, 9.00, NULL, '2025-07-15 07:18:10', '2025-07-15 07:18:10'),
(797, 24, 'FSTNR ANCHOR ROD HIT-V 5.8 M24X300', 'NOs', 9.00, 9.00, NULL, '2025-07-15 07:18:10', '2025-07-15 07:18:10'),
(798, 24, 'FSTNR BHCS M5X10', 'NOs', 9.00, 9.00, NULL, '2025-07-15 07:18:10', '2025-07-15 07:18:10'),
(799, 24, 'FSTNR BHCS M5X12', 'NOS', 9.00, 9.00, NULL, '2025-07-15 07:18:10', '2025-07-15 07:18:10'),
(800, 24, 'FSTNR BHCS M6X10', 'NOs', 9.00, 9.00, NULL, '2025-07-15 07:18:10', '2025-07-15 07:18:10'),
(801, 24, 'FSTNR BHCS M6X12', 'NOs', 9.00, 9.00, NULL, '2025-07-15 07:18:10', '2025-07-15 07:18:10'),
(802, 24, 'FSTNR BHCS M6X8', 'NOs', 9.00, 9.00, NULL, '2025-07-15 07:18:10', '2025-07-15 07:18:10'),
(803, 24, 'FSTNR BHCS M8X12', 'NOs', 9.00, 9.00, NULL, '2025-07-15 07:18:10', '2025-07-15 07:18:10'),
(804, 24, 'FSTNR BOLT 8X50', 'NOs', 9.00, 9.00, NULL, '2025-07-15 07:18:10', '2025-07-15 07:18:10'),
(805, 24, 'FSTNR BOLT NUT WASHER MS', 'NOs', 9.00, 9.00, NULL, '2025-07-15 07:18:10', '2025-07-15 07:18:10'),
(806, 24, 'FSTNR BUTTON HEAD SCREW M6X12', 'NOs', 9.00, 9.00, NULL, '2025-07-15 07:18:10', '2025-07-15 07:18:10'),
(807, 24, 'FSTNR CIRCLIP B52', 'NOs', 9.00, 9.00, NULL, '2025-07-15 07:18:10', '2025-07-15 07:18:10'),
(808, 24, 'FSTNR COPPER WASHER', 'NOs', 9.00, 9.00, NULL, '2025-07-15 07:18:10', '2025-07-15 07:18:10'),
(809, 24, 'FSTNR CSK BOLT 10X20', 'NOs', 9.00, 9.00, NULL, '2025-07-15 07:18:10', '2025-07-15 07:18:10'),
(810, 24, 'FSTNR CSK BOLT 12X25', 'NOs', 9.00, 9.00, NULL, '2025-07-15 07:18:10', '2025-07-15 07:18:10'),
(811, 24, 'FSTNR CSK BOLT 12X30', 'NOs', 9.00, 9.00, NULL, '2025-07-15 07:18:10', '2025-07-15 07:18:10'),
(812, 24, 'FSTNR CSK BOLT 4X16', 'NOs', 9.00, 9.00, NULL, '2025-07-15 07:18:10', '2025-07-15 07:18:10'),
(813, 24, 'FSTNR CSK BOLT 5X10', 'NOs', 9.00, 9.00, NULL, '2025-07-15 07:18:10', '2025-07-15 07:18:10'),
(814, 24, 'FSTNR CSK BOLT 5X12', 'NOs', 9.00, 9.00, NULL, '2025-07-15 07:18:10', '2025-07-15 07:18:10'),
(815, 24, 'FSTNR CSK BOLT 5X6', 'NOs', 9.00, 9.00, NULL, '2025-07-15 07:18:10', '2025-07-15 07:18:10'),
(816, 24, 'FSTNR CSK BOLT 6X10', 'NOs', 9.00, 9.00, NULL, '2025-07-15 07:18:10', '2025-07-15 07:18:10'),
(817, 24, 'FSTNR CSK BOLT 6X20', 'NOs', 9.00, 9.00, NULL, '2025-07-15 07:18:10', '2025-07-15 07:18:10'),
(818, 24, 'FSTNR CSK BOLT 8X25', 'NOs', 9.00, 9.00, NULL, '2025-07-15 07:18:10', '2025-07-15 07:18:10'),
(819, 24, 'FSTNR CSK SCREW 5X8', 'NOs', 9.00, 9.00, NULL, '2025-07-15 07:18:10', '2025-07-15 07:18:10'),
(820, 24, 'FSTNR CSK SCREW 6X12', 'NOs', 9.00, 9.00, NULL, '2025-07-15 07:18:10', '2025-07-15 07:18:10'),
(821, 24, 'FSTNR CSK SCREW 8X25', 'NOs', 9.00, 9.00, NULL, '2025-07-15 07:18:10', '2025-07-15 07:18:10'),
(822, 24, 'FSTNR CSK SCREW 8X35', 'NOs', 9.00, 9.00, NULL, '2025-07-15 07:18:10', '2025-07-15 07:18:10'),
(823, 24, 'FSTNR CSK SCREW 8X45', 'NOs', 9.00, 9.00, NULL, '2025-07-15 07:18:10', '2025-07-15 07:18:10'),
(824, 24, 'FSTNR DOWEL PIN 10X60', 'NOs', 9.00, 9.00, NULL, '2025-07-15 07:18:10', '2025-07-15 07:18:10'),
(825, 24, 'FSTNR DOWEL PIN 12X40', 'NOs', 9.00, 9.00, NULL, '2025-07-15 07:18:10', '2025-07-15 07:18:10'),
(826, 24, 'FSTNR DOWEL PIN 12X60', 'NOs', 9.00, 9.00, NULL, '2025-07-15 07:18:10', '2025-07-15 07:18:10'),
(827, 24, 'FSTNR DOWEL PIN 12X70', 'NOs', 9.00, 9.00, NULL, '2025-07-15 07:18:10', '2025-07-15 07:18:10'),
(828, 24, 'FSTNR DOWEL PIN 18X40', 'NOs', 9.00, 9.00, NULL, '2025-07-15 07:18:10', '2025-07-15 07:18:10'),
(829, 24, 'FSTNR DOWEL PIN 20X60', 'NOs', 9.00, 9.00, NULL, '2025-07-15 07:18:10', '2025-07-15 07:18:10'),
(830, 24, 'FSTNR DOWEL PIN 2X16', 'NOs', 9.00, 9.00, NULL, '2025-07-15 07:18:10', '2025-07-15 07:18:10'),
(831, 24, 'FSTNR DOWEL PIN 3X12', 'NOs', 9.00, 9.00, NULL, '2025-07-15 07:18:10', '2025-07-15 07:18:10'),
(832, 24, 'FSTNR DOWEL PIN 3X16', 'NOs', 9.00, 9.00, NULL, '2025-07-15 07:18:10', '2025-07-15 07:18:10'),
(833, 24, 'FSTNR DOWEL PIN 3X20', 'NOs', 9.00, 9.00, NULL, '2025-07-15 07:18:10', '2025-07-15 07:18:10'),
(834, 24, 'FSTNR DOWEL PIN 3X6', 'NOs', 9.00, 9.00, NULL, '2025-07-15 07:18:10', '2025-07-15 07:18:10'),
(835, 24, 'FSTNR DOWEL PIN 4x16', 'NOs', 9.00, 9.00, NULL, '2025-07-15 07:18:10', '2025-07-15 07:18:10'),
(836, 24, 'FSTNR DOWEL PIN 4X40', 'NOs', 9.00, 9.00, NULL, '2025-07-15 07:18:10', '2025-07-15 07:18:10'),
(837, 24, 'FSTNR DOWEL PIN 5X40', 'NOs', 9.00, 9.00, NULL, '2025-07-15 07:18:10', '2025-07-15 07:18:10'),
(838, 24, 'FSTNR DOWEL PIN 5X45', 'NOs', 9.00, 9.00, NULL, '2025-07-15 07:18:10', '2025-07-15 07:18:10'),
(839, 24, 'FSTNR DOWEL PIN 6X10', 'NOs', 9.00, 9.00, NULL, '2025-07-15 07:18:10', '2025-07-15 07:18:10'),
(840, 24, 'FSTNR DOWEL PIN 6X30', 'NOs', 9.00, 9.00, NULL, '2025-07-15 07:18:10', '2025-07-15 07:18:10'),
(841, 24, 'FSTNR DOWEL PIN 6X50', 'NOs', 9.00, 9.00, NULL, '2025-07-15 07:18:10', '2025-07-15 07:18:10'),
(842, 24, 'FSTNR DOWEL PIN 8X40', 'NOs', 9.00, 9.00, NULL, '2025-07-15 07:18:10', '2025-07-15 07:18:10'),
(843, 24, 'FSTNR DOWEL PIN 8X50', 'NOs', 9.00, 9.00, NULL, '2025-07-15 07:18:10', '2025-07-15 07:18:10'),
(844, 24, 'FSTNR DOWEL PIN 8X55', 'NOs', 9.00, 9.00, NULL, '2025-07-15 07:18:10', '2025-07-15 07:18:10'),
(845, 24, 'FSTNR DOWEL PIN 8X55 TAPER', 'NOs', 9.00, 9.00, NULL, '2025-07-15 07:18:10', '2025-07-15 07:18:10'),
(846, 24, 'FSTNR DOWEL PIN 8X60', 'NOs', 9.00, 9.00, NULL, '2025-07-15 07:18:10', '2025-07-15 07:18:10'),
(847, 24, 'FSTNR DOWEL PIN 8X60 TAPER', 'NOs', 9.00, 9.00, NULL, '2025-07-15 07:18:10', '2025-07-15 07:18:10'),
(848, 24, 'FSTNR DOWEL PIN M4X30', 'NOs', 9.00, 9.00, NULL, '2025-07-15 07:18:10', '2025-07-15 07:18:10'),
(849, 24, 'FSTNR GRUB SCREW 16X50', 'NOs', 9.00, 9.00, NULL, '2025-07-15 07:18:10', '2025-07-15 07:18:10'),
(850, 24, 'FSTNR GRUB SCREW 20X30', 'NOs', 9.00, 9.00, NULL, '2025-07-15 07:18:10', '2025-07-15 07:18:10'),
(851, 24, 'FSTNR GRUB SCREW 6X8', 'NOs', 9.00, 9.00, NULL, '2025-07-15 07:18:10', '2025-07-15 07:18:10'),
(852, 24, 'FSTNR GRUB SCREWS 1/8 BSP X10', 'NOs', 9.00, 9.00, NULL, '2025-07-15 07:18:10', '2025-07-15 07:18:10'),
(853, 24, 'FSTNR GRUB SCREWS 12X45', 'NOs', 9.00, 9.00, NULL, '2025-07-15 07:18:10', '2025-07-15 07:18:10'),
(854, 24, 'FSTNR GRUB SCREWS 8X20', 'NOs', 9.00, 9.00, NULL, '2025-07-15 07:18:10', '2025-07-15 07:18:10'),
(855, 24, 'FSTNR HEX NUT M10', 'NOs', 9.00, 9.00, NULL, '2025-07-15 07:18:10', '2025-07-15 07:18:10'),
(856, 24, 'FSTNR HEX NUT M12', 'NOs', 9.00, 9.00, NULL, '2025-07-15 07:18:10', '2025-07-15 07:18:10'),
(857, 24, 'FSTNR HEX NUT M12 PLATED', 'NOs', 9.00, 9.00, NULL, '2025-07-15 07:18:10', '2025-07-15 07:18:10'),
(858, 24, 'FSTNR HEX NUT M14', 'NOs', 9.00, 9.00, NULL, '2025-07-15 07:18:10', '2025-07-15 07:18:10'),
(859, 24, 'FSTNR HEX NUT M16', 'NOs', 9.00, 9.00, NULL, '2025-07-15 07:18:10', '2025-07-15 07:18:10'),
(860, 24, 'FSTNR HEX NUT M20', 'NOs', 9.00, 9.00, NULL, '2025-07-15 07:18:10', '2025-07-15 07:18:10'),
(861, 24, 'FSTNR HEX NUT M24', 'NOs', 9.00, 9.00, NULL, '2025-07-15 07:18:10', '2025-07-15 07:18:10'),
(862, 24, 'FSTNR HEX NUT M3', 'NOs', 9.00, 9.00, NULL, '2025-07-15 07:18:10', '2025-07-15 07:18:10'),
(863, 24, 'FSTNR HEX NUT M30', 'NOs', 9.00, 9.00, NULL, '2025-07-15 07:18:10', '2025-07-15 07:18:10'),
(864, 24, 'FSTNR HEX NUT M36', 'NOs', 9.00, 9.00, NULL, '2025-07-15 07:18:10', '2025-07-15 07:18:10'),
(865, 24, 'FSTNR HEX NUT M42', 'NOs', 9.00, 9.00, NULL, '2025-07-15 07:18:10', '2025-07-15 07:18:10'),
(866, 24, 'FSTNR HEX NUT M48', 'NOs', 9.00, 9.00, NULL, '2025-07-15 07:18:10', '2025-07-15 07:18:10'),
(867, 24, 'FSTNR HEX NUT M5', 'NOs', 9.00, 9.00, NULL, '2025-07-15 07:18:10', '2025-07-15 07:18:10'),
(868, 24, 'FSTNR HEX NUT M6', 'NOs', 9.00, 9.00, NULL, '2025-07-15 07:18:10', '2025-07-15 07:18:10'),
(869, 24, 'FSTNR HEX NUT M8', 'NOs', 9.00, 9.00, NULL, '2025-07-15 07:18:10', '2025-07-15 07:18:10'),
(870, 24, 'FSTNR HHB 1/213UNC X1.5\"', 'NOs', 9.00, 9.00, NULL, '2025-07-15 07:18:10', '2025-07-15 07:18:10'),
(871, 24, 'FSTNR HHB 10X30', 'NOs', 9.00, 9.00, NULL, '2025-07-15 07:18:10', '2025-07-15 07:18:10'),
(872, 24, 'FSTNR HHB 10X40', 'NOs', 9.00, 9.00, NULL, '2025-07-15 07:18:10', '2025-07-15 07:18:10'),
(873, 24, 'FSTNR HHB 10X60', 'NOs', 9.00, 9.00, NULL, '2025-07-15 07:18:10', '2025-07-15 07:18:10'),
(874, 24, 'FSTNR HHB 12X100', 'NOs', 9.00, 9.00, NULL, '2025-07-15 07:18:10', '2025-07-15 07:18:10'),
(875, 24, 'FSTNR HHB 12X130', 'NOs', 9.00, 9.00, NULL, '2025-07-15 07:18:10', '2025-07-15 07:18:10'),
(876, 24, 'FSTNR HHB 12X140', 'NOs', 9.00, 9.00, NULL, '2025-07-15 07:18:10', '2025-07-15 07:18:10'),
(877, 24, 'FSTNR HHB 12X25', 'NOs', 9.00, 9.00, NULL, '2025-07-15 07:18:10', '2025-07-15 07:18:10'),
(878, 24, 'FSTNR HHB 12X30', 'NOs', 9.00, 9.00, NULL, '2025-07-15 07:18:10', '2025-07-15 07:18:10'),
(879, 24, 'FSTNR HHB 12X35', 'NOs', 9.00, 9.00, NULL, '2025-07-15 07:18:10', '2025-07-15 07:18:10'),
(880, 24, 'FSTNR HHB 12X40', 'NOs', 9.00, 9.00, NULL, '2025-07-15 07:18:10', '2025-07-15 07:18:10'),
(881, 24, 'FSTNR HHB 12X60', 'NOs', 9.00, 9.00, NULL, '2025-07-15 07:18:10', '2025-07-15 07:18:10'),
(882, 24, 'FSTNR HHB 12X90', 'NOs', 9.00, 9.00, NULL, '2025-07-15 07:18:10', '2025-07-15 07:18:10'),
(883, 24, 'FSTNR HHB 14X40', 'NOs', 9.00, 9.00, NULL, '2025-07-15 07:18:10', '2025-07-15 07:18:10'),
(884, 24, 'FSTNR HHB 16X100', 'NOs', 9.00, 9.00, NULL, '2025-07-15 07:18:10', '2025-07-15 07:18:10'),
(885, 24, 'FSTNR HHB 16X120', 'NOs', 9.00, 9.00, NULL, '2025-07-15 07:18:10', '2025-07-15 07:18:10'),
(886, 24, 'FSTNR HHB 16X130', 'NOs', 9.00, 9.00, NULL, '2025-07-15 07:18:10', '2025-07-15 07:18:10'),
(887, 24, 'FSTNR HHB 16X150', 'NOs', 9.00, 9.00, NULL, '2025-07-15 07:18:10', '2025-07-15 07:18:10'),
(888, 24, 'FSTNR HHB 16X180', 'NOs', 9.00, 9.00, NULL, '2025-07-15 07:18:10', '2025-07-15 07:18:10'),
(889, 24, 'FSTNR HHB 16X40', 'NOs', 9.00, 9.00, NULL, '2025-07-15 07:18:10', '2025-07-15 07:18:10'),
(890, 24, 'FSTNR HHB 16X50', 'NOs', 9.00, 9.00, NULL, '2025-07-15 07:18:10', '2025-07-15 07:18:10'),
(891, 24, 'FSTNR HHB 16X80', 'NOs', 9.00, 9.00, NULL, '2025-07-15 07:18:10', '2025-07-15 07:18:10'),
(892, 24, 'FSTNR HHB 16X90', 'NOs', 9.00, 9.00, NULL, '2025-07-15 07:18:10', '2025-07-15 07:18:10'),
(893, 24, 'FSTNR HHB 20X130', 'NOs', 9.00, 9.00, NULL, '2025-07-15 07:18:10', '2025-07-15 07:18:10'),
(894, 24, 'FSTNR HHB 20X40', 'NOs', 9.00, 9.00, NULL, '2025-07-15 07:18:10', '2025-07-15 07:18:10'),
(895, 24, 'FSTNR HHB 20X60', 'NOs', 9.00, 9.00, NULL, '2025-07-15 07:18:10', '2025-07-15 07:18:10'),
(896, 24, 'FSTNR HHB 20X70', 'NOs', 9.00, 9.00, NULL, '2025-07-15 07:18:10', '2025-07-15 07:18:10'),
(897, 24, 'FSTNR HHB 20X75', 'NOs', 9.00, 9.00, NULL, '2025-07-15 07:18:10', '2025-07-15 07:18:10'),
(898, 24, 'FSTNR HHB 20X80', 'NOs', 9.00, 9.00, NULL, '2025-07-15 07:18:10', '2025-07-15 07:18:10'),
(899, 24, 'FSTNR HHB 20X80 HT', 'NOs', 9.00, 9.00, NULL, '2025-07-15 07:18:10', '2025-07-15 07:18:10'),
(900, 24, 'FSTNR HHB 20X90', 'NOs', 9.00, 9.00, NULL, '2025-07-15 07:18:10', '2025-07-15 07:18:10'),
(901, 24, 'FSTNR HHB 24X100', 'NOs', 9.00, 9.00, NULL, '2025-07-15 07:18:10', '2025-07-15 07:18:10'),
(902, 24, 'FSTNR HHB 24X120', 'NOs', 9.00, 9.00, NULL, '2025-07-15 07:18:10', '2025-07-15 07:18:10'),
(903, 24, 'FSTNR HHB 24X130', 'NOs', 9.00, 9.00, NULL, '2025-07-15 07:18:10', '2025-07-15 07:18:10'),
(904, 24, 'FSTNR HHB 24X140', 'NOs', 9.00, 9.00, NULL, '2025-07-15 07:18:10', '2025-07-15 07:18:10'),
(905, 24, 'FSTNR HHB 24X300', 'NOs', 9.00, 9.00, NULL, '2025-07-15 07:18:10', '2025-07-15 07:18:10'),
(906, 24, 'FSTNR HHB 24X50', 'NOs', 9.00, 9.00, NULL, '2025-07-15 07:18:10', '2025-07-15 07:18:10'),
(907, 24, 'FSTNR HHB 24X55', 'NOs', 9.00, 9.00, NULL, '2025-07-15 07:18:10', '2025-07-15 07:18:10'),
(908, 24, 'FSTNR HHB 24X64', 'NOs', 9.00, 9.00, NULL, '2025-07-15 07:18:10', '2025-07-15 07:18:10'),
(909, 24, 'FSTNR HHB 24X80', 'NOs', 9.00, 9.00, NULL, '2025-07-15 07:18:10', '2025-07-15 07:18:10'),
(910, 24, 'FSTNR HHB 24X90', 'NOs', 9.00, 9.00, NULL, '2025-07-15 07:18:10', '2025-07-15 07:18:10'),
(911, 24, 'FSTNR HHB 3/410UNC X2\"', 'NOs', 9.00, 9.00, NULL, '2025-07-15 07:18:10', '2025-07-15 07:18:10'),
(912, 24, 'FSTNR HHB 5/811UNC X2\"', 'NOs', 9.00, 9.00, NULL, '2025-07-15 07:18:10', '2025-07-15 07:18:10'),
(913, 24, 'FSTNR HHB 6X15', 'NOs', 9.00, 9.00, NULL, '2025-07-15 07:18:10', '2025-07-15 07:18:10'),
(914, 24, 'FSTNR HHB 6X20', 'NOs', 9.00, 9.00, NULL, '2025-07-15 07:18:10', '2025-07-15 07:18:10'),
(915, 24, 'FSTNR HHB 8X25', 'NOs', 9.00, 9.00, NULL, '2025-07-15 07:18:10', '2025-07-15 07:18:10'),
(916, 24, 'FSTNR HHB 8X45', 'NOs', 9.00, 9.00, NULL, '2025-07-15 07:18:10', '2025-07-15 07:18:10'),
(917, 24, 'FSTNR HHB 8X50', 'NOs', 9.00, 9.00, NULL, '2025-07-15 07:18:10', '2025-07-15 07:18:10'),
(918, 24, 'FSTNR HHB 8X75', 'NOs', 9.00, 9.00, NULL, '2025-07-15 07:18:10', '2025-07-15 07:18:10'),
(919, 24, 'FSTNR HHB M10 X 35', 'NOs', 9.00, 9.00, NULL, '2025-07-15 07:18:10', '2025-07-15 07:18:10'),
(920, 24, 'FSTNR HHB M12X35', 'NOs', 9.00, 9.00, NULL, '2025-07-15 07:18:10', '2025-07-15 07:18:10'),
(921, 24, 'FSTNR HHB M12X50 PLATED', 'NOs', 9.00, 9.00, NULL, '2025-07-15 07:18:10', '2025-07-15 07:18:10'),
(922, 24, 'FSTNR HHB M16X100', 'NOs', 9.00, 9.00, NULL, '2025-07-15 07:18:10', '2025-07-15 07:18:10'),
(923, 24, 'FSTNR HHB M20X90', 'NOs', 9.00, 9.00, NULL, '2025-07-15 07:18:10', '2025-07-15 07:18:10'),
(924, 24, 'FSTNR HHB M24X80', 'NOs', 9.00, 9.00, NULL, '2025-07-15 07:18:10', '2025-07-15 07:18:10'),
(925, 24, 'FSTNR HHB M30X130', 'NOs', 9.00, 9.00, NULL, '2025-07-15 07:18:10', '2025-07-15 07:18:10'),
(926, 24, 'FSTNR HHB M30X260', 'NOs', 9.00, 9.00, NULL, '2025-07-15 07:18:10', '2025-07-15 07:18:10'),
(927, 24, 'FSTNR HHB M30X60', 'NOs', 9.00, 9.00, NULL, '2025-07-15 07:18:10', '2025-07-15 07:18:10'),
(928, 24, 'FSTNR ITCP M10X20', 'NOs', 9.00, 9.00, NULL, '2025-07-15 07:18:10', '2025-07-15 07:18:10'),
(929, 24, 'FSTNR ITTP M6 X 40', 'NOs', 9.00, 9.00, NULL, '2025-07-15 07:18:10', '2025-07-15 07:18:10'),
(930, 24, 'FSTNR ITTP M8X25', 'NOs', 9.00, 9.00, NULL, '2025-07-15 07:18:10', '2025-07-15 07:18:10'),
(931, 24, 'FSTNR ITTP M8X30', 'NOs', 9.00, 9.00, NULL, '2025-07-15 07:18:10', '2025-07-15 07:18:10'),
(932, 24, 'FSTNR ITTP M8X65', 'NOs', 9.00, 9.00, NULL, '2025-07-15 07:18:10', '2025-07-15 07:18:10'),
(933, 24, 'FSTNR JOINT PIN PLYWOOD', 'NOs', 9.00, 9.00, NULL, '2025-07-15 07:18:10', '2025-07-15 07:18:10'),
(934, 24, 'FSTNR LOCK NUT M16 X 6', 'NOs', 9.00, 9.00, NULL, '2025-07-15 07:18:10', '2025-07-15 07:18:10'),
(935, 24, 'FSTNR LOCK NUT M20', 'NOs', 9.00, 9.00, NULL, '2025-07-15 07:18:10', '2025-07-15 07:18:10'),
(936, 24, 'FSTNR LOCK NUT M20 X 6', 'NOs', 9.00, 9.00, NULL, '2025-07-15 07:18:10', '2025-07-15 07:18:10'),
(937, 24, 'FSTNR LOCKNUT FERRULE Q4', 'NOs', 9.00, 9.00, NULL, '2025-07-15 07:18:10', '2025-07-15 07:18:10'),
(938, 24, 'FSTNR NAILS CONCRETE', 'NOs', 9.00, 9.00, NULL, '2025-07-15 07:18:10', '2025-07-15 07:18:10'),
(939, 24, 'FSTNR NAILS MS', 'NOs', 9.00, 9.00, NULL, '2025-07-15 07:18:10', '2025-07-15 07:18:10'),
(940, 24, 'FSTNR NAILS MS 1.5X14', 'NOs', 9.00, 9.00, NULL, '2025-07-15 07:18:10', '2025-07-15 07:18:10'),
(941, 24, 'FSTNR NAILS MS 2X14', 'NOs', 9.00, 9.00, NULL, '2025-07-15 07:18:10', '2025-07-15 07:18:10'),
(942, 24, 'FSTNR NAILS MS 3X8', 'NOs', 9.00, 9.00, NULL, '2025-07-15 07:18:10', '2025-07-15 07:18:10'),
(943, 24, 'FSTNR NAILS SS 1.5\"', 'NOs', 9.00, 9.00, NULL, '2025-07-15 07:18:10', '2025-07-15 07:18:10'),
(944, 24, 'FSTNR PLAIN WASHER M10', 'NOs', 9.00, 9.00, NULL, '2025-07-15 07:18:10', '2025-07-15 07:18:10'),
(945, 24, 'FSTNR PLAIN WASHER M12', 'NOs', 9.00, 9.00, NULL, '2025-07-15 07:18:10', '2025-07-15 07:18:10'),
(946, 24, 'FSTNR PLAIN WASHER M14', 'NOs', 9.00, 9.00, NULL, '2025-07-15 07:18:10', '2025-07-15 07:18:10'),
(947, 24, 'FSTNR PLAIN WASHER M16', 'NOs', 9.00, 9.00, NULL, '2025-07-15 07:18:10', '2025-07-15 07:18:10'),
(948, 24, 'FSTNR PLAIN WASHER M20', 'NOs', 9.00, 9.00, NULL, '2025-07-15 07:18:10', '2025-07-15 07:18:10'),
(949, 24, 'FSTNR PLAIN WASHER M24', 'NOs', 9.00, 9.00, NULL, '2025-07-15 07:18:10', '2025-07-15 07:18:10'),
(950, 24, 'FSTNR PLAIN WASHER M30', 'NOs', 9.00, 9.00, NULL, '2025-07-15 07:18:10', '2025-07-15 07:18:10'),
(951, 24, 'FSTNR PLAIN WASHER M48', 'NOs', 9.00, 9.00, NULL, '2025-07-15 07:18:10', '2025-07-15 07:18:10'),
(952, 24, 'FSTNR PLAIN WASHER M5', 'NOs', 9.00, 9.00, NULL, '2025-07-15 07:18:10', '2025-07-15 07:18:10'),
(953, 24, 'FSTNR PLAIN WASHER M6', 'NOs', 9.00, 9.00, NULL, '2025-07-15 07:18:10', '2025-07-15 07:18:10'),
(954, 24, 'FSTNR PLAIN WASHER M8', 'NOs', 9.00, 9.00, NULL, '2025-07-15 07:18:10', '2025-07-15 07:18:10'),
(955, 24, 'FSTNR POP SCREWS', 'NOs', 9.00, 9.00, NULL, '2025-07-15 07:18:10', '2025-07-15 07:18:10'),
(956, 24, 'FSTNR SDS SCREWS 12X25', 'NOs', 9.00, 9.00, NULL, '2025-07-15 07:18:10', '2025-07-15 07:18:10'),
(957, 24, 'FSTNR SDS SCREWS 12X35', 'NOs', 9.00, 9.00, NULL, '2025-07-15 07:18:10', '2025-07-15 07:18:10'),
(958, 24, 'FSTNR SHCS  5/8 x 21/2', 'NOs', 9.00, 9.00, NULL, '2025-07-15 07:18:10', '2025-07-15 07:18:10'),
(959, 24, 'FSTNR SHCS 1/4 X 11/4', 'NOs', 9.00, 9.00, NULL, '2025-07-15 07:18:10', '2025-07-15 07:18:10'),
(960, 24, 'FSTNR SHCS 10x100', 'NOs', 9.00, 9.00, NULL, '2025-07-15 07:18:10', '2025-07-15 07:18:10'),
(961, 24, 'FSTNR SHCS 10x110', 'NOs', 9.00, 9.00, NULL, '2025-07-15 07:18:10', '2025-07-15 07:18:10'),
(962, 24, 'FSTNR SHCS 10X20', 'NOs', 9.00, 9.00, NULL, '2025-07-15 07:18:10', '2025-07-15 07:18:10'),
(963, 24, 'FSTNR SHCS 10X25', 'NOs', 9.00, 9.00, NULL, '2025-07-15 07:18:10', '2025-07-15 07:18:10');
INSERT INTO `stock_items` (`id`, `category_id`, `item_name`, `uom`, `sgst`, `cgst`, `igst`, `created_at`, `updated_at`) VALUES
(964, 24, 'FSTNR SHCS 10X30', 'NOs', 9.00, 9.00, NULL, '2025-07-15 07:18:10', '2025-07-15 07:18:10'),
(965, 24, 'FSTNR SHCS 10X35', 'NOs', 9.00, 9.00, NULL, '2025-07-15 07:18:10', '2025-07-15 07:18:10'),
(966, 24, 'FSTNR SHCS 10X40', 'NOs', 9.00, 9.00, NULL, '2025-07-15 07:18:10', '2025-07-15 07:18:10'),
(967, 24, 'FSTNR SHCS 10X45', 'NOs', 9.00, 9.00, NULL, '2025-07-15 07:18:10', '2025-07-15 07:18:10'),
(968, 24, 'FSTNR SHCS 10X50', 'NOs', 9.00, 9.00, NULL, '2025-07-15 07:18:10', '2025-07-15 07:18:10'),
(969, 24, 'FSTNR SHCS 10X60', 'NOs', 9.00, 9.00, NULL, '2025-07-15 07:18:10', '2025-07-15 07:18:10'),
(970, 24, 'FSTNR SHCS 10X80', 'NOs', 9.00, 9.00, NULL, '2025-07-15 07:18:10', '2025-07-15 07:18:10'),
(971, 24, 'FSTNR SHCS 12X100', 'NOs', 9.00, 9.00, NULL, '2025-07-15 07:18:10', '2025-07-15 07:18:10'),
(972, 24, 'FSTNR SHCS 12X130', 'NOs', 9.00, 9.00, NULL, '2025-07-15 07:18:10', '2025-07-15 07:18:10'),
(973, 24, 'FSTNR SHCS 12X20', 'NOs', 9.00, 9.00, NULL, '2025-07-15 07:18:10', '2025-07-15 07:18:10'),
(974, 24, 'FSTNR SHCS 12x25', 'NOs', 9.00, 9.00, NULL, '2025-07-15 07:18:10', '2025-07-15 07:18:10'),
(975, 24, 'FSTNR SHCS 12X30', 'NOs', 9.00, 9.00, NULL, '2025-07-15 07:18:10', '2025-07-15 07:18:10'),
(976, 24, 'FSTNR SHCS 12X35', 'NOs', 9.00, 9.00, NULL, '2025-07-15 07:18:10', '2025-07-15 07:18:10'),
(977, 24, 'FSTNR SHCS 12X40', 'NOs', 9.00, 9.00, NULL, '2025-07-15 07:18:10', '2025-07-15 07:18:10'),
(978, 24, 'FSTNR SHCS 12X50', 'NOs', 9.00, 9.00, NULL, '2025-07-15 07:18:10', '2025-07-15 07:18:10'),
(979, 24, 'FSTNR SHCS 12X55', 'NOs', 9.00, 9.00, NULL, '2025-07-15 07:18:10', '2025-07-15 07:18:10'),
(980, 24, 'FSTNR SHCS 12X60', 'NOs', 9.00, 9.00, NULL, '2025-07-15 07:18:10', '2025-07-15 07:18:10'),
(981, 24, 'FSTNR SHCS 12X65', 'NOs', 9.00, 9.00, NULL, '2025-07-15 07:18:10', '2025-07-15 07:18:10'),
(982, 24, 'FSTNR SHCS 12X70', 'NOs', 9.00, 9.00, NULL, '2025-07-15 07:18:10', '2025-07-15 07:18:10'),
(983, 24, 'FSTNR SHCS 12X80', 'NOs', 9.00, 9.00, NULL, '2025-07-15 07:18:10', '2025-07-15 07:18:10'),
(984, 24, 'FSTNR SHCS 16X120', 'NOs', 9.00, 9.00, NULL, '2025-07-15 07:18:10', '2025-07-15 07:18:10'),
(985, 24, 'FSTNR SHCS 16X130', 'NOs', 9.00, 9.00, NULL, '2025-07-15 07:18:10', '2025-07-15 07:18:10'),
(986, 24, 'FSTNR SHCS 16X150', 'NOs', 9.00, 9.00, NULL, '2025-07-15 07:18:10', '2025-07-15 07:18:10'),
(987, 24, 'FSTNR SHCS 16X190', 'NOs', 9.00, 9.00, NULL, '2025-07-15 07:18:10', '2025-07-15 07:18:10'),
(988, 24, 'FSTNR SHCS 16X25', 'NOs', 9.00, 9.00, NULL, '2025-07-15 07:18:10', '2025-07-15 07:18:10'),
(989, 24, 'FSTNR SHCS 16X40', 'NOs', 9.00, 9.00, NULL, '2025-07-15 07:18:10', '2025-07-15 07:18:10'),
(990, 24, 'FSTNR SHCS 16X45', 'NOs', 9.00, 9.00, NULL, '2025-07-15 07:18:10', '2025-07-15 07:18:10'),
(991, 24, 'FSTNR SHCS 16X50', 'NOs', 9.00, 9.00, NULL, '2025-07-15 07:18:10', '2025-07-15 07:18:10'),
(992, 24, 'FSTNR SHCS 16X60', 'NOs', 9.00, 9.00, NULL, '2025-07-15 07:18:10', '2025-07-15 07:18:10'),
(993, 24, 'FSTNR SHCS 16X65', 'NOs', 9.00, 9.00, NULL, '2025-07-15 07:18:10', '2025-07-15 07:18:10'),
(994, 24, 'FSTNR SHCS 16X70', 'NOs', 9.00, 9.00, NULL, '2025-07-15 07:18:10', '2025-07-15 07:18:10'),
(995, 24, 'FSTNR SHCS 18X65', 'NOs', 9.00, 9.00, NULL, '2025-07-15 07:18:10', '2025-07-15 07:18:10'),
(996, 24, 'FSTNR SHCS 20X170', 'NOs', 9.00, 9.00, NULL, '2025-07-15 07:18:10', '2025-07-15 07:18:10'),
(997, 24, 'FSTNR SHCS 20X180', 'NOs', 9.00, 9.00, NULL, '2025-07-15 07:18:10', '2025-07-15 07:18:10'),
(998, 24, 'FSTNR SHCS 20X40', 'NOs', 9.00, 9.00, NULL, '2025-07-15 07:18:10', '2025-07-15 07:18:10'),
(999, 24, 'FSTNR SHCS 20X45', 'NOs', 9.00, 9.00, NULL, '2025-07-15 07:18:10', '2025-07-15 07:18:10'),
(1000, 24, 'FSTNR SHCS 20x50', 'NOs', 9.00, 9.00, NULL, '2025-07-15 07:18:10', '2025-07-15 07:18:10'),
(1001, 24, 'FSTNR SHCS 20X55', 'NOs', 9.00, 9.00, NULL, '2025-07-15 07:18:10', '2025-07-15 07:18:10'),
(1002, 24, 'FSTNR SHCS 20X60', 'NOs', 9.00, 9.00, NULL, '2025-07-15 07:18:10', '2025-07-15 07:18:10'),
(1003, 24, 'FSTNR SHCS 20x65', 'NOs', 9.00, 9.00, NULL, '2025-07-15 07:18:10', '2025-07-15 07:18:10'),
(1004, 24, 'FSTNR SHCS 20X70', 'NOs', 9.00, 9.00, NULL, '2025-07-15 07:18:10', '2025-07-15 07:18:10'),
(1005, 24, 'FSTNR SHCS 24X150', 'NOs', 9.00, 9.00, NULL, '2025-07-15 07:18:10', '2025-07-15 07:18:10'),
(1006, 24, 'FSTNR SHCS 24X45', 'NOs', 9.00, 9.00, NULL, '2025-07-15 07:18:10', '2025-07-15 07:18:10'),
(1007, 24, 'FSTNR SHCS 24X60', 'NOs', 9.00, 9.00, NULL, '2025-07-15 07:18:10', '2025-07-15 07:18:10'),
(1008, 24, 'FSTNR SHCS 24x65', 'NOs', 9.00, 9.00, NULL, '2025-07-15 07:18:10', '2025-07-15 07:18:10'),
(1009, 24, 'FSTNR SHCS 24x75', 'NOs', 9.00, 9.00, NULL, '2025-07-15 07:18:10', '2025-07-15 07:18:10'),
(1010, 24, 'FSTNR SHCS 24X80', 'NOs', 9.00, 9.00, NULL, '2025-07-15 07:18:10', '2025-07-15 07:18:10'),
(1011, 24, 'FSTNR SHCS 30X90', 'NOs', 9.00, 9.00, NULL, '2025-07-15 07:18:10', '2025-07-15 07:18:10'),
(1012, 24, 'FSTNR SHCS 36X100', 'NOs', 9.00, 9.00, NULL, '2025-07-15 07:18:10', '2025-07-15 07:18:10'),
(1013, 24, 'FSTNR SHCS 3X10', 'NOs', 9.00, 9.00, NULL, '2025-07-15 07:18:10', '2025-07-15 07:18:10'),
(1014, 24, 'FSTNR SHCS 4X16', 'NOs', 9.00, 9.00, NULL, '2025-07-15 07:18:10', '2025-07-15 07:18:10'),
(1015, 24, 'FSTNR SHCS 4X25', 'NOs', 9.00, 9.00, NULL, '2025-07-15 07:18:10', '2025-07-15 07:18:10'),
(1016, 24, 'FSTNR SHCS 4X40', 'NOs', 9.00, 9.00, NULL, '2025-07-15 07:18:10', '2025-07-15 07:18:10'),
(1017, 24, 'FSTNR SHCS 4X8', 'NOs', 9.00, 9.00, NULL, '2025-07-15 07:18:10', '2025-07-15 07:18:10'),
(1018, 24, 'FSTNR SHCS 5/16X1', 'NOs', 9.00, 9.00, NULL, '2025-07-15 07:18:10', '2025-07-15 07:18:10'),
(1019, 24, 'FSTNR SHCS 5/16X5/8', 'NOs', 9.00, 9.00, NULL, '2025-07-15 07:18:10', '2025-07-15 07:18:10'),
(1020, 24, 'FSTNR SHCS 5X10', 'NOs', 9.00, 9.00, NULL, '2025-07-15 07:18:10', '2025-07-15 07:18:10'),
(1021, 24, 'FSTNR SHCS 5X16', 'NOs', 9.00, 9.00, NULL, '2025-07-15 07:18:10', '2025-07-15 07:18:10'),
(1022, 24, 'FSTNR SHCS 5X20', 'NOs', 9.00, 9.00, NULL, '2025-07-15 07:18:10', '2025-07-15 07:18:10'),
(1023, 24, 'FSTNR SHCS 5X25', 'NOs', 9.00, 9.00, NULL, '2025-07-15 07:18:10', '2025-07-15 07:18:10'),
(1024, 24, 'FSTNR SHCS 5X40', 'NOs', 9.00, 9.00, NULL, '2025-07-15 07:18:10', '2025-07-15 07:18:10'),
(1025, 24, 'FSTNR SHCS 5X50', 'NOs', 9.00, 9.00, NULL, '2025-07-15 07:18:10', '2025-07-15 07:18:10'),
(1026, 24, 'FSTNR SHCS 6X10', 'NOs', 9.00, 9.00, NULL, '2025-07-15 07:18:10', '2025-07-15 07:18:10'),
(1027, 24, 'FSTNR SHCS 6X12', 'NOs', 9.00, 9.00, NULL, '2025-07-15 07:18:10', '2025-07-15 07:18:10'),
(1028, 24, 'FSTNR SHCS 6X15', 'NOs', 9.00, 9.00, NULL, '2025-07-15 07:18:10', '2025-07-15 07:18:10'),
(1029, 24, 'FSTNR SHCS 6X16', 'NOs', 9.00, 9.00, NULL, '2025-07-15 07:18:10', '2025-07-15 07:18:10'),
(1030, 24, 'FSTNR SHCS 6X20', 'NOs', 9.00, 9.00, NULL, '2025-07-15 07:18:10', '2025-07-15 07:18:10'),
(1031, 24, 'FSTNR SHCS 6X25', 'NOs', 9.00, 9.00, NULL, '2025-07-15 07:18:10', '2025-07-15 07:18:10'),
(1032, 24, 'FSTNR SHCS 6X30', 'NOs', 9.00, 9.00, NULL, '2025-07-15 07:18:10', '2025-07-15 07:18:10'),
(1033, 24, 'FSTNR SHCS 6X40', 'NOs', 9.00, 9.00, NULL, '2025-07-15 07:18:10', '2025-07-15 07:18:10'),
(1034, 24, 'FSTNR SHCS 6X50', 'NOs', 9.00, 9.00, NULL, '2025-07-15 07:18:10', '2025-07-15 07:18:10'),
(1035, 24, 'FSTNR SHCS 6X70', 'NOs', 9.00, 9.00, NULL, '2025-07-15 07:18:10', '2025-07-15 07:18:10'),
(1036, 24, 'FSTNR SHCS 8X100', 'NOs', 9.00, 9.00, NULL, '2025-07-15 07:18:10', '2025-07-15 07:18:10'),
(1037, 24, 'FSTNR SHCS 8X12', 'NOs', 9.00, 9.00, NULL, '2025-07-15 07:18:10', '2025-07-15 07:18:10'),
(1038, 24, 'FSTNR SHCS 8X140', 'NOs', 9.00, 9.00, NULL, '2025-07-15 07:18:10', '2025-07-15 07:18:10'),
(1039, 24, 'FSTNR SHCS 8X16', 'NOs', 9.00, 9.00, NULL, '2025-07-15 07:18:10', '2025-07-15 07:18:10'),
(1040, 24, 'FSTNR SHCS 8X20', 'NOs', 9.00, 9.00, NULL, '2025-07-15 07:18:10', '2025-07-15 07:18:10'),
(1041, 24, 'FSTNR SHCS 8X25', 'NOs', 9.00, 9.00, NULL, '2025-07-15 07:18:10', '2025-07-15 07:18:10'),
(1042, 24, 'FSTNR SHCS 8X30', 'NOs', 9.00, 9.00, NULL, '2025-07-15 07:18:10', '2025-07-15 07:18:10'),
(1043, 24, 'FSTNR SHCS 8x35', 'NOs', 9.00, 9.00, NULL, '2025-07-15 07:18:10', '2025-07-15 07:18:10'),
(1044, 24, 'FSTNR SHCS 8X40', 'NOs', 9.00, 9.00, NULL, '2025-07-15 07:18:10', '2025-07-15 07:18:10'),
(1045, 24, 'FSTNR SHCS 8X50', 'NOs', 9.00, 9.00, NULL, '2025-07-15 07:18:10', '2025-07-15 07:18:10'),
(1046, 24, 'FSTNR SHCS 8x55', 'NOs', 9.00, 9.00, NULL, '2025-07-15 07:18:10', '2025-07-15 07:18:10'),
(1047, 24, 'FSTNR SHCS 8X70', 'NOs', 9.00, 9.00, NULL, '2025-07-15 07:18:10', '2025-07-15 07:18:10'),
(1048, 24, 'FSTNR SHCS 8X80', 'NOs', 9.00, 9.00, NULL, '2025-07-15 07:18:10', '2025-07-15 07:18:10'),
(1049, 24, 'FSTNR SHCS 8X85', 'NOs', 9.00, 9.00, NULL, '2025-07-15 07:18:10', '2025-07-15 07:18:10'),
(1050, 24, 'FSTNR SHCS 8X90', 'NOs', 9.00, 9.00, NULL, '2025-07-15 07:18:10', '2025-07-15 07:18:10'),
(1051, 24, 'FSTNR SHCS F T M10X100', 'NOs', 9.00, 9.00, NULL, '2025-07-15 07:18:10', '2025-07-15 07:18:10'),
(1052, 24, 'FSTNR SHCS F T M10X45', 'NOs', 9.00, 9.00, NULL, '2025-07-15 07:18:10', '2025-07-15 07:18:10'),
(1053, 24, 'FSTNR SHCS F T M10X50', 'NOs', 9.00, 9.00, NULL, '2025-07-15 07:18:10', '2025-07-15 07:18:10'),
(1054, 24, 'FSTNR SHCS F T M10X90', 'NOs', 9.00, 9.00, NULL, '2025-07-15 07:18:10', '2025-07-15 07:18:10'),
(1055, 24, 'FSTNR SHCS F T M8X60', 'NOs', 9.00, 9.00, NULL, '2025-07-15 07:18:10', '2025-07-15 07:18:10'),
(1056, 24, 'FSTNR SHCS FT 8X40', 'NOs', 9.00, 9.00, NULL, '2025-07-15 07:18:10', '2025-07-15 07:18:10'),
(1057, 24, 'FSTNR SHCS FT M10X55', 'NOs', 9.00, 9.00, NULL, '2025-07-15 07:18:10', '2025-07-15 07:18:10'),
(1058, 24, 'FSTNR SHCS FT M12X55', 'NOs', 9.00, 9.00, NULL, '2025-07-15 07:18:10', '2025-07-15 07:18:10'),
(1059, 24, 'FSTNR SHCS FT M12X60', 'NOs', 9.00, 9.00, NULL, '2025-07-15 07:18:10', '2025-07-15 07:18:10'),
(1060, 24, 'FSTNR SHCS FT M12X65', 'NOs', 9.00, 9.00, NULL, '2025-07-15 07:18:10', '2025-07-15 07:18:10'),
(1061, 24, 'FSTNR SHCS FT M16X150', 'NOs', 9.00, 9.00, NULL, '2025-07-15 07:18:10', '2025-07-15 07:18:10'),
(1062, 24, 'FSTNR SHCS FT M16X65', 'NOs', 9.00, 9.00, NULL, '2025-07-15 07:18:10', '2025-07-15 07:18:10'),
(1063, 24, 'FSTNR SHCS FT M16X70', 'NOs', 9.00, 9.00, NULL, '2025-07-15 07:18:10', '2025-07-15 07:18:10'),
(1064, 24, 'FSTNR SHCS FT M6X35', 'NOs', 9.00, 9.00, NULL, '2025-07-15 07:18:10', '2025-07-15 07:18:10'),
(1065, 24, 'FSTNR SHCS FT M6X40', 'NOs', 9.00, 9.00, NULL, '2025-07-15 07:18:10', '2025-07-15 07:18:10'),
(1066, 24, 'FSTNR SHCS FT M6X45', 'NOs', 9.00, 9.00, NULL, '2025-07-15 07:18:10', '2025-07-15 07:18:10'),
(1067, 24, 'FSTNR SHCS FT M6X50', 'NOs', 9.00, 9.00, NULL, '2025-07-15 07:18:10', '2025-07-15 07:18:10'),
(1068, 24, 'FSTNR SHCS FT M6X60', 'NOs', 9.00, 9.00, NULL, '2025-07-15 07:18:10', '2025-07-15 07:18:10'),
(1069, 24, 'FSTNR SHCS FT M8X45', 'NOs', 9.00, 9.00, NULL, '2025-07-15 07:18:10', '2025-07-15 07:18:10'),
(1070, 24, 'FSTNR SHCS FT M8X60', 'NOs', 9.00, 9.00, NULL, '2025-07-15 07:18:10', '2025-07-15 07:18:10'),
(1071, 24, 'FSTNR SHCS M14X100', 'NOs', 9.00, 9.00, NULL, '2025-07-15 07:18:10', '2025-07-15 07:18:10'),
(1072, 24, 'FSTNR SHCS M4X10', 'NOs', 9.00, 9.00, NULL, '2025-07-15 07:18:10', '2025-07-15 07:18:10'),
(1073, 24, 'FSTNR SHCS M5X100', 'NOs', 9.00, 9.00, NULL, '2025-07-15 07:18:10', '2025-07-15 07:18:10'),
(1074, 24, 'FSTNR SHCS M5X20', 'NOs', 9.00, 9.00, NULL, '2025-07-15 07:18:10', '2025-07-15 07:18:10'),
(1075, 24, 'FSTNR SHCS M5X90', 'NOs', 9.00, 9.00, NULL, '2025-07-15 07:18:10', '2025-07-15 07:18:10'),
(1076, 24, 'FSTNR SHCS M6X16', 'NOs', 9.00, 9.00, NULL, '2025-07-15 07:18:10', '2025-07-15 07:18:10'),
(1077, 24, 'FSTNR SHCS M8X30', 'NOs', 9.00, 9.00, NULL, '2025-07-15 07:18:10', '2025-07-15 07:18:10'),
(1078, 24, 'FSTNR SHCS M8X35', 'NOs', 9.00, 9.00, NULL, '2025-07-15 07:18:10', '2025-07-15 07:18:10'),
(1079, 24, 'FSTNR SHCS M8X40', 'NOs', 9.00, 9.00, NULL, '2025-07-15 07:18:10', '2025-07-15 07:18:10'),
(1080, 24, 'FSTNR SOCKET CSK SCREW  M10X20', 'NOs', 9.00, 9.00, NULL, '2025-07-15 07:18:10', '2025-07-15 07:18:10'),
(1081, 24, 'FSTNR SOCKET CSK SCREW  M10X25', 'NOs', 9.00, 9.00, NULL, '2025-07-15 07:18:10', '2025-07-15 07:18:10'),
(1082, 24, 'FSTNR SOCKET CSK SCREW  M16X45', 'NOs', 9.00, 9.00, NULL, '2025-07-15 07:18:10', '2025-07-15 07:18:10'),
(1083, 24, 'FSTNR SOCKET CSK SCREW  M5X20', 'NOs', 9.00, 9.00, NULL, '2025-07-15 07:18:10', '2025-07-15 07:18:10'),
(1084, 24, 'FSTNR SOCKET CSK SCREW M3X16', 'NOs', 9.00, 9.00, NULL, '2025-07-15 07:18:10', '2025-07-15 07:18:10'),
(1085, 24, 'FSTNR SOCKET CSK SCREW M4X20', 'NOs', 9.00, 9.00, NULL, '2025-07-15 07:18:10', '2025-07-15 07:18:10'),
(1086, 24, 'FSTNR SOCKET CSK SCREW M5X16', 'NOs', 9.00, 9.00, NULL, '2025-07-15 07:18:10', '2025-07-15 07:18:10'),
(1087, 24, 'FSTNR SOCKET CSK SCREW M6X12', 'NOs', 9.00, 9.00, NULL, '2025-07-15 07:18:10', '2025-07-15 07:18:10'),
(1088, 24, 'FSTNR SOCKET CSK SCREW M6X16', 'NOs', 9.00, 9.00, NULL, '2025-07-15 07:18:10', '2025-07-15 07:18:10'),
(1089, 24, 'FSTNR SOCKET CSK SCREW M6X20', 'NOs', 9.00, 9.00, NULL, '2025-07-15 07:18:10', '2025-07-15 07:18:10'),
(1090, 24, 'FSTNR SOCKET CSK SCREW M8X20', 'NOs', 9.00, 9.00, NULL, '2025-07-15 07:18:10', '2025-07-15 07:18:10'),
(1091, 24, 'FSTNR SOCKET CSK SCREWS M4 X 10', 'NOs', 9.00, 9.00, NULL, '2025-07-15 07:18:10', '2025-07-15 07:18:10'),
(1092, 24, 'FSTNR SOCKET CSK SCREWS M4 X 16', 'NOs', 9.00, 9.00, NULL, '2025-07-15 07:18:10', '2025-07-15 07:18:10'),
(1093, 24, 'FSTNR SOCKET CSK SCREWS M6 X 20', 'NOs', 9.00, 9.00, NULL, '2025-07-15 07:18:10', '2025-07-15 07:18:10'),
(1094, 24, 'FSTNR SOCKET SET SCREW  M12X16', 'NOs', 9.00, 9.00, NULL, '2025-07-15 07:18:10', '2025-07-15 07:18:10'),
(1095, 24, 'FSTNR SOCKET SET SCREW  M16X50', 'NOs', 9.00, 9.00, NULL, '2025-07-15 07:18:10', '2025-07-15 07:18:10'),
(1096, 24, 'FSTNR SOCKET SET SCREW  M20X25', 'NOs', 9.00, 9.00, NULL, '2025-07-15 07:18:10', '2025-07-15 07:18:10'),
(1097, 24, 'FSTNR SOCKET SET SCREW  M5X20', 'NOs', 9.00, 9.00, NULL, '2025-07-15 07:18:10', '2025-07-15 07:18:10'),
(1098, 24, 'FSTNR SOCKET SET SCREW  M6X16', 'NOs', 9.00, 9.00, NULL, '2025-07-15 07:18:10', '2025-07-15 07:18:10'),
(1099, 24, 'FSTNR SOCKET SET SCREW  M6X20', 'NOs', 9.00, 9.00, NULL, '2025-07-15 07:18:10', '2025-07-15 07:18:10'),
(1100, 24, 'FSTNR SOCKET SET SCREW  M6X30', 'NOs', 9.00, 9.00, NULL, '2025-07-15 07:18:10', '2025-07-15 07:18:10'),
(1101, 24, 'FSTNR SOCKET SET SCREW  M8X20', 'NOs', 9.00, 9.00, NULL, '2025-07-15 07:18:10', '2025-07-15 07:18:10'),
(1102, 24, 'FSTNR SOCKET SET SCREW M10X16', 'NOs', 9.00, 9.00, NULL, '2025-07-15 07:18:10', '2025-07-15 07:18:10'),
(1103, 24, 'FSTNR SOCKET SET SCREW M16X25', 'NOs', 9.00, 9.00, NULL, '2025-07-15 07:18:10', '2025-07-15 07:18:10'),
(1104, 24, 'FSTNR SOCKET SET SCREW M6X12', 'NOs', 9.00, 9.00, NULL, '2025-07-15 07:18:10', '2025-07-15 07:18:10'),
(1105, 24, 'FSTNR SOCKET SET SCREWS M20X40', 'NOs', 9.00, 9.00, NULL, '2025-07-15 07:18:10', '2025-07-15 07:18:10'),
(1106, 24, 'FSTNR SOCKET SET SCREWS M6X10', 'NOs', 9.00, 9.00, NULL, '2025-07-15 07:18:10', '2025-07-15 07:18:10'),
(1107, 24, 'FSTNR SOCKET SET SCREWS M6X6', 'NOs', 9.00, 9.00, NULL, '2025-07-15 07:18:10', '2025-07-15 07:18:10'),
(1108, 24, 'FSTNR SOCKET SET SCREWS M6X8', 'NOs', 9.00, 9.00, NULL, '2025-07-15 07:18:10', '2025-07-15 07:18:10'),
(1109, 24, 'FSTNR SOCKET SET SCREWS M8X16', 'NOs', 9.00, 9.00, NULL, '2025-07-15 07:18:10', '2025-07-15 07:18:10'),
(1110, 24, 'FSTNR SOCKET SET SCREWS M8X45', 'NOs', 9.00, 9.00, NULL, '2025-07-15 07:18:10', '2025-07-15 07:18:10'),
(1111, 24, 'FSTNR SPRING WASHER M10', 'NOs', 9.00, 9.00, NULL, '2025-07-15 07:18:10', '2025-07-15 07:18:10'),
(1112, 24, 'FSTNR SPRING WASHER M12', 'NOs', 9.00, 9.00, NULL, '2025-07-15 07:18:10', '2025-07-15 07:18:10'),
(1113, 24, 'FSTNR SPRING WASHER M16', 'NOs', 9.00, 9.00, NULL, '2025-07-15 07:18:10', '2025-07-15 07:18:10'),
(1114, 24, 'FSTNR SPRING WASHER M20', 'NOs', 9.00, 9.00, NULL, '2025-07-15 07:18:10', '2025-07-15 07:18:10'),
(1115, 24, 'FSTNR SPRING WASHER M30', 'NOs', 9.00, 9.00, NULL, '2025-07-15 07:18:10', '2025-07-15 07:18:10'),
(1116, 24, 'FSTNR SPRING WASHER M6', 'NOs', 9.00, 9.00, NULL, '2025-07-15 07:18:10', '2025-07-15 07:18:10'),
(1117, 24, 'FSTNR SPRING WASHERS M10', 'NOs', 9.00, 9.00, NULL, '2025-07-15 07:18:10', '2025-07-15 07:18:10'),
(1118, 24, 'FSTNR SPRING WASHERS M12', 'NOs', 9.00, 9.00, NULL, '2025-07-15 07:18:10', '2025-07-15 07:18:10'),
(1119, 24, 'FSTNR SPRING WASHERS M24', 'NOs', 9.00, 9.00, NULL, '2025-07-15 07:18:10', '2025-07-15 07:18:10'),
(1120, 24, 'FSTNR SPRING WASHERS M4', 'NOs', 9.00, 9.00, NULL, '2025-07-15 07:18:10', '2025-07-15 07:18:10'),
(1121, 24, 'FSTNR SPRING WASHERS M5', 'NOs', 9.00, 9.00, NULL, '2025-07-15 07:18:10', '2025-07-15 07:18:10'),
(1122, 24, 'FSTNR SPRING WASHERS M6', 'NOs', 9.00, 9.00, NULL, '2025-07-15 07:18:10', '2025-07-15 07:18:10'),
(1123, 24, 'FSTNR SPRING WASHERS M8', 'NOs', 9.00, 9.00, NULL, '2025-07-15 07:18:10', '2025-07-15 07:18:10'),
(1124, 24, 'FSTNR SQ HEAD BOLT 12X50', 'NOs', 9.00, 9.00, NULL, '2025-07-15 07:18:10', '2025-07-15 07:18:10'),
(1125, 24, 'FSTNR SS BOLT 10X50', 'NOs', 9.00, 9.00, NULL, '2025-07-15 07:18:10', '2025-07-15 07:18:10'),
(1126, 24, 'FSTNR SS BOLT 10X65', 'NOs', 9.00, 9.00, NULL, '2025-07-15 07:18:10', '2025-07-15 07:18:10'),
(1127, 24, 'FSTNR SS BOLT M6X25', 'NOs', 9.00, 9.00, NULL, '2025-07-15 07:18:10', '2025-07-15 07:18:10'),
(1128, 24, 'FSTNR SS BOLT M8X60', 'NOs', 9.00, 9.00, NULL, '2025-07-15 07:18:10', '2025-07-15 07:18:10'),
(1129, 24, 'FSTNR SS HEX BOLT M12X30', 'NOs', 9.00, 9.00, NULL, '2025-07-15 07:18:10', '2025-07-15 07:18:10'),
(1130, 24, 'FSTNR SS HEX BOLT M12X70', 'NOs', 9.00, 9.00, NULL, '2025-07-15 07:18:10', '2025-07-15 07:18:10'),
(1131, 24, 'FSTNR SS HEX BOLT M20X90', 'NOs', 9.00, 9.00, NULL, '2025-07-15 07:18:10', '2025-07-15 07:18:10'),
(1132, 24, 'FSTNR ss hex nut m8', 'NOs', 9.00, 9.00, NULL, '2025-07-15 07:18:10', '2025-07-15 07:18:10'),
(1133, 24, 'FSTNR SS HEX NUTS M12', 'NOs', 9.00, 9.00, NULL, '2025-07-15 07:18:10', '2025-07-15 07:18:10'),
(1134, 24, 'FSTNR SS HEX NUTS M20', 'NOs', 9.00, 9.00, NULL, '2025-07-15 07:18:10', '2025-07-15 07:18:10'),
(1135, 24, 'FSTNR SS HEX NUTS M6', 'NOs', 9.00, 9.00, NULL, '2025-07-15 07:18:10', '2025-07-15 07:18:10'),
(1136, 24, 'FSTNR SS HEX NUTS M8', 'NOs', 9.00, 9.00, NULL, '2025-07-15 07:18:10', '2025-07-15 07:18:10'),
(1137, 24, 'FSTNR SS HHB M12 X 30', 'NOs', 9.00, 9.00, NULL, '2025-07-15 07:18:10', '2025-07-15 07:18:10'),
(1138, 24, 'FSTNR SS HHB M12 X 50', 'NOs', 9.00, 9.00, NULL, '2025-07-15 07:18:10', '2025-07-15 07:18:10'),
(1139, 24, 'FSTNR SS HHB M6 X 25', 'NOs', 9.00, 9.00, NULL, '2025-07-15 07:18:10', '2025-07-15 07:18:10'),
(1140, 24, 'FSTNR SS HHB M6X25', 'NOs', 9.00, 9.00, NULL, '2025-07-15 07:18:10', '2025-07-15 07:18:10'),
(1141, 24, 'FSTNR SS HHB M6X70', 'NOs', 9.00, 9.00, NULL, '2025-07-15 07:18:10', '2025-07-15 07:18:10'),
(1142, 24, 'FSTNR SS HHB M8 X 25', 'NOs', 9.00, 9.00, NULL, '2025-07-15 07:18:10', '2025-07-15 07:18:10'),
(1143, 24, 'FSTNR SS HHB M8X25', 'NOs', 9.00, 9.00, NULL, '2025-07-15 07:18:10', '2025-07-15 07:18:10'),
(1144, 24, 'FSTNR SS HHB M8X75', 'NOs', 9.00, 9.00, NULL, '2025-07-15 07:18:10', '2025-07-15 07:18:10'),
(1145, 24, 'FSTNR ss HHS M10X25', 'NOs', 9.00, 9.00, NULL, '2025-07-15 07:18:10', '2025-07-15 07:18:10'),
(1146, 24, 'FSTNR ss HHS M10X50', 'NOs', 9.00, 9.00, NULL, '2025-07-15 07:18:10', '2025-07-15 07:18:10'),
(1147, 24, 'FSTNR ss HHS M8X100', 'NOs', 9.00, 9.00, NULL, '2025-07-15 07:18:10', '2025-07-15 07:18:10'),
(1148, 24, 'FSTNR ss hhs m8x25', 'NOs', 9.00, 9.00, NULL, '2025-07-15 07:18:10', '2025-07-15 07:18:10'),
(1149, 24, 'FSTNR ss HHS M8X30', 'NOs', 9.00, 9.00, NULL, '2025-07-15 07:18:10', '2025-07-15 07:18:10'),
(1150, 24, 'FSTNR ss hhs m8x75', 'NOs', 9.00, 9.00, NULL, '2025-07-15 07:18:10', '2025-07-15 07:18:10'),
(1151, 24, 'FSTNR SS NUT M10', 'NOs', 9.00, 9.00, NULL, '2025-07-15 07:18:10', '2025-07-15 07:18:10'),
(1152, 24, 'FSTNR SS NUT M12', 'NOs', 9.00, 9.00, NULL, '2025-07-15 07:18:10', '2025-07-15 07:18:10'),
(1153, 24, 'FSTNR SS NUT M20', 'NOs', 9.00, 9.00, NULL, '2025-07-15 07:18:10', '2025-07-15 07:18:10'),
(1154, 24, 'FSTNR SS NUT M6', 'NOs', 9.00, 9.00, NULL, '2025-07-15 07:18:10', '2025-07-15 07:18:10'),
(1155, 24, 'FSTNR SS NUT M8', 'NOs', 9.00, 9.00, NULL, '2025-07-15 07:18:10', '2025-07-15 07:18:10'),
(1156, 24, 'FSTNR SS PLAIN WASHER M10', 'NOs', 9.00, 9.00, NULL, '2025-07-15 07:18:10', '2025-07-15 07:18:10'),
(1157, 24, 'FSTNR SS PLAIN WASHER M12', 'NOs', 9.00, 9.00, NULL, '2025-07-15 07:18:10', '2025-07-15 07:18:10'),
(1158, 24, 'FSTNR SS PLAIN WASHER M20', 'NOs', 9.00, 9.00, NULL, '2025-07-15 07:18:10', '2025-07-15 07:18:10'),
(1159, 24, 'FSTNR SS PLAIN WASHER M6', 'NOs', 9.00, 9.00, NULL, '2025-07-15 07:18:10', '2025-07-15 07:18:10'),
(1160, 24, 'FSTNR SS PLAIN WASHER M8', 'NOs', 9.00, 9.00, NULL, '2025-07-15 07:18:10', '2025-07-15 07:18:10'),
(1161, 24, 'FSTNR SS SHCS M8X75', 'NOs', 9.00, 9.00, NULL, '2025-07-15 07:18:10', '2025-07-15 07:18:10'),
(1162, 24, 'FSTNR SS SPRING WASHER M24', 'NOs', 9.00, 9.00, NULL, '2025-07-15 07:18:10', '2025-07-15 07:18:10'),
(1163, 24, 'FSTNR SS WASHER M12', 'NOs', 9.00, 9.00, NULL, '2025-07-15 07:18:10', '2025-07-15 07:18:10'),
(1164, 24, 'FSTNR SS WASHER M20', 'NOs', 9.00, 9.00, NULL, '2025-07-15 07:18:10', '2025-07-15 07:18:10'),
(1165, 24, 'FSTNR SS WASHER M6', 'NOs', 9.00, 9.00, NULL, '2025-07-15 07:18:10', '2025-07-15 07:18:10'),
(1166, 24, 'FSTNR SS WASHER M8', 'NOs', 9.00, 9.00, NULL, '2025-07-15 07:18:10', '2025-07-15 07:18:10'),
(1167, 24, 'FSTNR TAPER DOWEL PIN 8X55', 'NOs', 9.00, 9.00, NULL, '2025-07-15 07:18:10', '2025-07-15 07:18:10'),
(1168, 24, 'FSTNR TAPER PIN 8X80', 'NOs', 9.00, 9.00, NULL, '2025-07-15 07:18:10', '2025-07-15 07:18:10'),
(1169, 24, 'FSTNR THREAD ROD M10X2MTR', 'NOs', 9.00, 9.00, NULL, '2025-07-15 07:18:10', '2025-07-15 07:18:10'),
(1170, 24, 'FSTNR THREAD ROD M12X1MTR', 'NOs', 9.00, 9.00, NULL, '2025-07-15 07:18:10', '2025-07-15 07:18:10'),
(1171, 24, 'FSTNR THREAD ROD M16X1MTR', 'NOs', 9.00, 9.00, NULL, '2025-07-15 07:18:10', '2025-07-15 07:18:10'),
(1172, 24, 'FSTNR THREADED ROD M10', 'NOs', 9.00, 9.00, NULL, '2025-07-15 07:18:10', '2025-07-15 07:18:10'),
(1173, 24, 'FSTNR THREADED ROD M12', 'NOs', 9.00, 9.00, NULL, '2025-07-15 07:18:10', '2025-07-15 07:18:10'),
(1174, 24, 'FSTNR THREADED ROD M16', 'NOs', 9.00, 9.00, NULL, '2025-07-15 07:18:10', '2025-07-15 07:18:10'),
(1175, 24, 'FSTNR THREADED ROD M20', 'KG', 9.00, 9.00, NULL, '2025-07-15 07:18:10', '2025-07-15 07:18:10'),
(1176, 24, 'FSTNR THREADED ROD M8', 'NOs', 9.00, 9.00, NULL, '2025-07-15 07:18:10', '2025-07-15 07:18:10'),
(1177, 24, 'FSTNR WASHER  M5', 'NOs', 9.00, 9.00, NULL, '2025-07-15 07:18:10', '2025-07-15 07:18:10'),
(1178, 24, 'FSTNR WASHER M16', 'NOs', 9.00, 9.00, NULL, '2025-07-15 07:18:10', '2025-07-15 07:18:10'),
(1179, 24, 'FSTNR WASHER M20', 'NOs', 9.00, 9.00, NULL, '2025-07-15 07:18:10', '2025-07-15 07:18:10'),
(1180, 24, 'FSTNR WASHER M24', 'NOs', 9.00, 9.00, NULL, '2025-07-15 07:18:10', '2025-07-15 07:18:10'),
(1181, 24, 'FSTNR WASHER M30', 'NOs', 9.00, 9.00, NULL, '2025-07-15 07:18:10', '2025-07-15 07:18:10'),
(1182, 24, 'FSTNR WASHER M5', 'NOs', 9.00, 9.00, NULL, '2025-07-15 07:18:10', '2025-07-15 07:18:10'),
(1183, 24, 'FSTNR WASHER M6', 'NOs', 9.00, 9.00, NULL, '2025-07-15 07:18:10', '2025-07-15 07:18:10'),
(1184, 24, 'FSTNR WASHER M8', 'NOs', 9.00, 9.00, NULL, '2025-07-15 07:18:10', '2025-07-15 07:18:10'),
(1185, 24, 'FSTNR WOOD SCREWS 0.5\"', 'NOs', 9.00, 9.00, NULL, '2025-07-15 07:18:10', '2025-07-15 07:18:10'),
(1186, 24, 'INTERNAL CIRCLIP B-22', 'NOs', 9.00, 9.00, NULL, '2025-07-15 07:18:10', '2025-07-15 07:18:10'),
(1187, 24, 'INTERNAL CIRCLIP B-32', 'NOs', 9.00, 9.00, NULL, '2025-07-15 07:18:10', '2025-07-15 07:18:10'),
(1188, 24, 'ITCP 10X20', 'NOs', 9.00, 9.00, NULL, '2025-07-15 07:18:10', '2025-07-15 07:18:10'),
(1189, 24, 'ITCP 10X60', 'NOs', 9.00, 9.00, NULL, '2025-07-15 07:18:10', '2025-07-15 07:18:10'),
(1190, 24, 'ITCP 20X70', 'NOs', 9.00, 9.00, NULL, '2025-07-15 07:18:10', '2025-07-15 07:18:10'),
(1191, 24, 'ITCP 6X20', 'NOs', 9.00, 9.00, NULL, '2025-07-15 07:18:10', '2025-07-15 07:18:10'),
(1192, 24, 'ITTP 6X60', 'NOs', 9.00, 9.00, NULL, '2025-07-15 07:18:10', '2025-07-15 07:18:10'),
(1193, 24, 'ITTP 8X60', 'NOs', 9.00, 9.00, NULL, '2025-07-15 07:18:10', '2025-07-15 07:18:10'),
(1194, 24, 'ITTP M10X40', 'NOs', 9.00, 9.00, NULL, '2025-07-15 07:18:10', '2025-07-15 07:18:10'),
(1195, 24, 'ITTP M10X50', 'NOs', 9.00, 9.00, NULL, '2025-07-15 07:18:10', '2025-07-15 07:18:10'),
(1196, 24, 'ITTP M10X70', 'NOs', 9.00, 9.00, NULL, '2025-07-15 07:18:10', '2025-07-15 07:18:10'),
(1197, 24, 'ITTP M10X80', 'NOs', 9.00, 9.00, NULL, '2025-07-15 07:18:10', '2025-07-15 07:18:10'),
(1198, 24, 'ITTP M8X70', 'NOs', 9.00, 9.00, NULL, '2025-07-15 07:18:10', '2025-07-15 07:18:10'),
(1199, 24, 'JOINT CLAMP', 'NOs', 9.00, 9.00, NULL, '2025-07-15 07:18:10', '2025-07-15 07:18:10'),
(1200, 24, 'KRPC 1/2X8', 'NOs', 9.00, 9.00, NULL, '2025-07-15 07:18:10', '2025-07-15 07:18:10'),
(1201, 24, 'KRPC 1/4 X 12', 'NOs', 9.00, 9.00, NULL, '2025-07-15 07:18:10', '2025-07-15 07:18:10'),
(1202, 24, 'KRPC 1/4X10', 'NOs', 9.00, 9.00, NULL, '2025-07-15 07:18:10', '2025-07-15 07:18:10'),
(1203, 24, 'MS BOLT NUT WASHER', 'Kgs', 9.00, 9.00, NULL, '2025-07-15 07:18:10', '2025-07-15 07:18:10'),
(1204, 24, 'MS NAILS', 'KG', 9.00, 9.00, NULL, '2025-07-15 07:18:10', '2025-07-15 07:18:10'),
(1205, 24, 'PLAIN WASHER M10', 'Kgs', 9.00, 9.00, NULL, '2025-07-15 07:18:10', '2025-07-15 07:18:10'),
(1206, 24, 'PLAIN WASHER M12', 'NOs', 9.00, 9.00, NULL, '2025-07-15 07:18:10', '2025-07-15 07:18:10'),
(1207, 24, 'PLAIN WASHER M20', 'NOs', 9.00, 9.00, NULL, '2025-07-15 07:18:10', '2025-07-15 07:18:10'),
(1208, 24, 'PLAIN WASHER M24', 'NOs', 9.00, 9.00, NULL, '2025-07-15 07:18:10', '2025-07-15 07:18:10'),
(1209, 24, 'PLAIN WASHER M30', 'NOs', 9.00, 9.00, NULL, '2025-07-15 07:18:10', '2025-07-15 07:18:10'),
(1210, 24, 'PLANT MESH HEXAGON', 'SqMtr', 9.00, 9.00, NULL, '2025-07-15 07:18:10', '2025-07-15 07:18:10'),
(1211, 24, 'PLATED WAHER M12', 'NOs', 9.00, 9.00, NULL, '2025-07-15 07:18:10', '2025-07-15 07:18:10'),
(1212, 24, 'RACK BOLT', 'NOs', 9.00, 9.00, NULL, '2025-07-15 07:18:10', '2025-07-15 07:18:10'),
(1213, 24, 'SCREW', 'NOs', 9.00, 9.00, NULL, '2025-07-15 07:18:10', '2025-07-15 07:18:10'),
(1214, 24, 'SCREW MOUNT', 'NOs', 9.00, 9.00, NULL, '2025-07-15 07:18:10', '2025-07-15 07:18:10'),
(1215, 24, 'SDS 12X35', 'NOs', 9.00, 9.00, NULL, '2025-07-15 07:18:10', '2025-07-15 07:18:10'),
(1216, 24, 'SDS 12X35 500NO', 'NOs', 9.00, 9.00, NULL, '2025-07-15 07:18:10', '2025-07-15 07:18:10'),
(1217, 24, 'SDS 14X35', 'NOs', 9.00, 9.00, NULL, '2025-07-15 07:18:10', '2025-07-15 07:18:10'),
(1218, 24, 'SDS 8X25', 'NOs', 9.00, 9.00, NULL, '2025-07-15 07:18:10', '2025-07-15 07:18:10'),
(1219, 24, 'SPRING DOWEL 4X45', 'NOS', 9.00, 9.00, NULL, '2025-07-15 07:18:10', '2025-07-15 07:18:10'),
(1220, 24, 'SPRING WASHER M20', 'NOs', 9.00, 9.00, NULL, '2025-07-15 07:18:10', '2025-07-15 07:18:10'),
(1221, 24, 'TAPER PIN 4X50', 'NOs', 9.00, 9.00, NULL, '2025-07-15 07:18:10', '2025-07-15 07:18:10'),
(1222, 24, 'TAPER PIN 6X65', 'NOs', 9.00, 9.00, NULL, '2025-07-15 07:18:10', '2025-07-15 07:18:10'),
(1223, 24, 'TAPER PIN 8X35', 'NOS', 9.00, 9.00, NULL, '2025-07-15 07:18:10', '2025-07-15 07:18:10'),
(1224, 24, 'TAPER PIN 8X65', 'NOs', 9.00, 9.00, NULL, '2025-07-15 07:18:10', '2025-07-15 07:18:10'),
(1225, 24, 'TAPER REAMER', 'NOs', 9.00, 9.00, NULL, '2025-07-15 07:18:10', '2025-07-15 07:18:10'),
(1226, 24, 'THREADING SCREW', 'NOs', 9.00, 9.00, NULL, '2025-07-15 07:18:10', '2025-07-15 07:18:10'),
(1227, 24, 'THREADING SHIM', 'NOs', 9.00, 9.00, NULL, '2025-07-15 07:18:10', '2025-07-15 07:18:10'),
(1228, 24, 'WD 40', 'NOs', 9.00, 9.00, NULL, '2025-07-15 07:18:10', '2025-07-15 07:18:10'),
(1229, 24, 'WD 40 420ML', 'NOs', 9.00, 9.00, NULL, '2025-07-15 07:18:10', '2025-07-15 07:18:10'),
(1230, 24, 'WD-40 5LTR CAN', 'NOs', 9.00, 9.00, NULL, '2025-07-15 07:18:10', '2025-07-15 07:18:10'),
(1231, 25, 'FSTNR DOWEL PIN 16X100', 'NOs', 9.00, 9.00, NULL, '2025-07-15 07:18:10', '2025-07-15 07:18:10'),
(1232, 25, 'FSTNR HHB 20X200', 'NOs', 9.00, 9.00, NULL, '2025-07-15 07:18:10', '2025-07-15 07:18:10'),
(1233, 25, 'FSTNR SHCS 10x120', 'NOs', 9.00, 9.00, NULL, '2025-07-15 07:18:10', '2025-07-15 07:18:10'),
(1234, 25, 'FSTNR SHCS 8X130', 'NOs', 9.00, 9.00, NULL, '2025-07-15 07:18:10', '2025-07-15 07:18:10'),
(1235, 25, 'FSTNR SHCS FT M8X90', 'NOs', 9.00, 9.00, NULL, '2025-07-15 07:18:10', '2025-07-15 07:18:10'),
(1236, 25, 'FSTNR SOCKET CSK SCREW  1/4\"X3/4\"', 'NOs', 9.00, 9.00, NULL, '2025-07-15 07:18:10', '2025-07-15 07:18:10'),
(1237, 25, 'FSTNR SS HEX NUTS M10', 'NOs', 9.00, 9.00, NULL, '2025-07-15 07:18:10', '2025-07-15 07:18:10'),
(1238, 25, 'FSTNR SS SHCS M10X40', 'NOs', 9.00, 9.00, NULL, '2025-07-15 07:18:10', '2025-07-15 07:18:10'),
(1239, 25, 'FSTNR SS SPRING WASHER M10', 'NOs', 9.00, 9.00, NULL, '2025-07-15 07:18:10', '2025-07-15 07:18:10'),
(1240, 26, 'BREAKFAST', 'NOs', NULL, NULL, NULL, '2025-07-15 07:18:10', '2025-07-15 07:18:10'),
(1241, 26, 'DE MINERALISED WATER', 'LTR', 9.00, 9.00, NULL, '2025-07-15 07:18:10', '2025-07-15 07:18:10'),
(1242, 26, 'DINNER', 'NOs', NULL, NULL, NULL, '2025-07-15 07:18:10', '2025-07-15 07:18:10'),
(1243, 26, 'DRINKING WATER 20LTR CAN', 'NOs', NULL, NULL, NULL, '2025-07-15 07:18:10', '2025-07-15 07:18:10'),
(1244, 26, 'LUNCH', 'NOs', NULL, NULL, NULL, '2025-07-15 07:18:10', '2025-07-15 07:18:10'),
(1245, 26, 'PUDINA MIXTURE 100GM', 'PKT', 6.00, 6.00, NULL, '2025-07-15 07:18:10', '2025-07-15 07:18:10'),
(1246, 26, 'PUDINA MIXTURE 200GM', 'PKT', 6.00, 6.00, NULL, '2025-07-15 07:18:10', '2025-07-15 07:18:10'),
(1247, 26, 'R O WATER CAN 20LTR', 'NOs', 9.00, 9.00, NULL, '2025-07-15 07:18:10', '2025-07-15 07:18:10'),
(1248, 26, 'SWEET BOX 1000GM', 'NOs', 2.50, 2.50, NULL, '2025-07-15 07:18:10', '2025-07-15 07:18:10'),
(1249, 26, 'SWEET BOX 250GM', 'PKT', 2.50, 2.50, NULL, '2025-07-15 07:18:10', '2025-07-15 07:18:10'),
(1250, 26, 'SWEET BOX 500GM', 'PKT', 2.50, 2.50, NULL, '2025-07-15 07:18:10', '2025-07-15 07:18:10'),
(1251, 27, 'GAS ACM', 'CuMtr', 9.00, 9.00, NULL, '2025-07-15 07:18:10', '2025-07-15 07:18:10'),
(1252, 27, 'GAS ARGON', 'CuMtr', 9.00, 9.00, NULL, '2025-07-15 07:18:10', '2025-07-15 07:18:10'),
(1253, 27, 'GAS ARGON COMMERCIAL', 'CuMtr', 9.00, 9.00, NULL, '2025-07-15 07:18:10', '2025-07-15 07:18:10'),
(1254, 27, 'GAS BUTANE 400ml', 'NOs', 9.00, 9.00, NULL, '2025-07-15 07:18:10', '2025-07-15 07:18:10'),
(1255, 27, 'GAS CO2', 'KG', 9.00, 9.00, NULL, '2025-07-15 07:18:10', '2025-07-15 07:18:10'),
(1256, 27, 'GAS LIQUID OXYGEN', 'CuMtr', 9.00, 9.00, NULL, '2025-07-15 07:18:10', '2025-07-15 07:18:10'),
(1257, 27, 'GAS LPG 19KG', 'cyl', 9.00, 9.00, NULL, '2025-07-15 07:18:10', '2025-07-15 07:18:10'),
(1258, 27, 'GAS LPG 19KG CYLINDER', 'NOs', 9.00, 9.00, NULL, '2025-07-15 07:18:10', '2025-07-15 07:18:10'),
(1259, 27, 'GAS MEDICAL OXYGEN', 'CuMtr', 6.00, 6.00, NULL, '2025-07-15 07:18:10', '2025-07-15 07:18:10'),
(1260, 27, 'GAS OXYGEN COMMERCIAL GAS', 'CuMtr', 9.00, 9.00, NULL, '2025-07-15 07:18:10', '2025-07-15 07:18:10'),
(1261, 27, 'GAS OXYGEN IN BGL DURA CYLINDER', 'CuMtr', 9.00, 9.00, NULL, '2025-07-15 07:18:10', '2025-07-15 07:18:10'),
(1262, 27, 'GASKET SHEET 1.5MM', 'NOs', 9.00, 9.00, NULL, '2025-07-15 07:18:10', '2025-07-15 07:18:10'),
(1263, 28, 'ALL ROUNDER HAND PADS', 'NOs', 9.00, 9.00, NULL, '2025-07-15 07:18:10', '2025-07-15 07:18:10'),
(1264, 28, 'BOX SPANNER', 'NOS', 9.00, 9.00, NULL, '2025-07-15 07:18:10', '2025-07-15 07:18:10'),
(1265, 28, 'C SPANNER ER40 HOOK TYPE', 'NOs', 9.00, 9.00, NULL, '2025-07-15 07:18:10', '2025-07-15 07:18:10'),
(1266, 28, 'DIAMOND FILE SET', 'SET', 9.00, 9.00, NULL, '2025-07-15 07:18:10', '2025-07-15 07:18:10'),
(1267, 28, 'HAND GLOUSE LATEX', 'pair', 9.00, 9.00, NULL, '2025-07-15 07:18:10', '2025-07-15 07:18:10'),
(1268, 28, 'HAND HEATING TORCH', 'NOs', 9.00, 9.00, NULL, '2025-07-15 07:18:10', '2025-07-15 07:18:10'),
(1269, 28, 'HAND PADS - 3M', 'NOs', 9.00, 9.00, NULL, '2025-07-15 07:18:10', '2025-07-15 07:18:10'),
(1270, 28, 'HAND TAP SET HSS', 'SET', 9.00, 9.00, NULL, '2025-07-15 07:18:10', '2025-07-15 07:18:10'),
(1271, 28, 'HAND TOOL 200MM CUTTING PLIER', 'NOs', 9.00, 9.00, NULL, '2025-07-15 07:18:10', '2025-07-15 07:18:10'),
(1272, 28, 'HANDLE', 'NOS', 9.00, 9.00, NULL, '2025-07-15 07:18:10', '2025-07-15 07:18:10'),
(1273, 28, 'HANDTOOL 0-TPK01-99-06K torque wrench', 'NOs', 9.00, 9.00, NULL, '2025-07-15 07:18:10', '2025-07-15 07:18:10'),
(1274, 28, 'HANDTOOL 21MM 3/4\" SOCKET', 'NOs', 9.00, 9.00, NULL, '2025-07-15 07:18:10', '2025-07-15 07:18:10'),
(1275, 28, 'HANDTOOL 22MM HOLE SAW BIT', 'NOs', 9.00, 9.00, NULL, '2025-07-15 07:18:10', '2025-07-15 07:18:10'),
(1276, 28, 'HANDTOOL 32MM HOLE SAW BIT', 'NOs', 9.00, 9.00, NULL, '2025-07-15 07:18:10', '2025-07-15 07:18:10'),
(1277, 28, 'HANDTOOL 45MM HOLE SAW BIT', 'NOs', 9.00, 9.00, NULL, '2025-07-15 07:18:10', '2025-07-15 07:18:10'),
(1278, 28, 'HANDTOOL 8MM SOCKET', 'NOs', 9.00, 9.00, NULL, '2025-07-15 07:18:10', '2025-07-15 07:18:10'),
(1279, 28, 'HANDTOOL ALLEN KEY 3/32', 'NOs', 9.00, 9.00, NULL, '2025-07-15 07:18:10', '2025-07-15 07:18:10'),
(1280, 28, 'HANDTOOL ALLEN KEY M10', 'NOs', 9.00, 9.00, NULL, '2025-07-15 07:18:10', '2025-07-15 07:18:10'),
(1281, 28, 'HANDTOOL ALLEN KEY M14', 'NOs', 9.00, 9.00, NULL, '2025-07-15 07:18:10', '2025-07-15 07:18:10'),
(1282, 28, 'HANDTOOL ALLEN KEY M17', 'NOs', 9.00, 9.00, NULL, '2025-07-15 07:18:10', '2025-07-15 07:18:10'),
(1283, 28, 'HANDTOOL ALLEN KEY M19', 'NOs', 9.00, 9.00, NULL, '2025-07-15 07:18:10', '2025-07-15 07:18:10'),
(1284, 28, 'HANDTOOL ALLEN KEY M2', 'NOs', 9.00, 9.00, NULL, '2025-07-15 07:18:10', '2025-07-15 07:18:10'),
(1285, 28, 'HANDTOOL ALLEN KEY M2.5', 'NOs', 9.00, 9.00, NULL, '2025-07-15 07:18:10', '2025-07-15 07:18:10'),
(1286, 28, 'HANDTOOL ALLEN KEY M22', 'NOs', 9.00, 9.00, NULL, '2025-07-15 07:18:10', '2025-07-15 07:18:10'),
(1287, 28, 'HANDTOOL ALLEN KEY M3', 'NOs', 9.00, 9.00, NULL, '2025-07-15 07:18:10', '2025-07-15 07:18:10'),
(1288, 28, 'HANDTOOL ALLEN KEY M4', 'NOs', 9.00, 9.00, NULL, '2025-07-15 07:18:10', '2025-07-15 07:18:10'),
(1289, 28, 'HANDTOOL ALLEN KEY M5', 'NOs', 9.00, 9.00, NULL, '2025-07-15 07:18:10', '2025-07-15 07:18:10'),
(1290, 28, 'HANDTOOL ALLEN KEY M6', 'NOs', 9.00, 9.00, NULL, '2025-07-15 07:18:10', '2025-07-15 07:18:10'),
(1291, 28, 'HANDTOOL ALLEN KEY M8', 'NOs', 9.00, 9.00, NULL, '2025-07-15 07:18:10', '2025-07-15 07:18:10'),
(1292, 28, 'HANDTOOL ALLEN SOCKET 10mm', 'NOs', 9.00, 9.00, NULL, '2025-07-15 07:18:10', '2025-07-15 07:18:10'),
(1293, 28, 'HANDTOOL ALLEN SOCKET 11mm', 'NOs', 9.00, 9.00, NULL, '2025-07-15 07:18:10', '2025-07-15 07:18:10'),
(1294, 28, 'HANDTOOL ALLEN SOCKET 14mm', 'NOs', 9.00, 9.00, NULL, '2025-07-15 07:18:10', '2025-07-15 07:18:10'),
(1295, 28, 'HANDTOOL ALLEN SOCKET 3/4\" 17mm', 'NOs', 9.00, 9.00, NULL, '2025-07-15 07:18:10', '2025-07-15 07:18:10'),
(1296, 28, 'HANDTOOL ALLEN SOCKET BIT 12mm', 'NOs', 9.00, 9.00, NULL, '2025-07-15 07:18:10', '2025-07-15 07:18:10'),
(1297, 28, 'HANDTOOL ALLEN SOCKET BIT 8mm', 'NOs', 9.00, 9.00, NULL, '2025-07-15 07:18:10', '2025-07-15 07:18:10'),
(1298, 28, 'HANDTOOL BOLT CUTTER', 'NOs', 9.00, 9.00, NULL, '2025-07-15 07:18:10', '2025-07-15 07:18:10'),
(1299, 28, 'HANDTOOL BRASS SOCKET 3/8\"', 'NOs', 9.00, 9.00, NULL, '2025-07-15 07:18:10', '2025-07-15 07:18:10'),
(1300, 28, 'HANDTOOL COMBINATION PLIER', 'NOs', 9.00, 9.00, NULL, '2025-07-15 07:18:10', '2025-07-15 07:18:10'),
(1301, 28, 'HANDTOOL CRIMPING TOOL 300 SQ MM', 'NOs', 9.00, 9.00, NULL, '2025-07-15 07:18:10', '2025-07-15 07:18:10'),
(1302, 28, 'HANDTOOL DEBURRING BLADES', 'NOs', 9.00, 9.00, NULL, '2025-07-15 07:18:10', '2025-07-15 07:18:10'),
(1303, 28, 'HANDTOOL DEBURRING TOOL DT-2', 'NOs', 9.00, 9.00, NULL, '2025-07-15 07:18:10', '2025-07-15 07:18:10'),
(1304, 28, 'HANDTOOL DIE M20X2.5 HSS', 'NOs', 9.00, 9.00, NULL, '2025-07-15 07:18:10', '2025-07-15 07:18:10'),
(1305, 28, 'HANDTOOL DIE M30X3.5 HSS', 'NOs', 9.00, 9.00, NULL, '2025-07-15 07:18:10', '2025-07-15 07:18:10'),
(1306, 28, 'HANDTOOL DIVISION PLATE', 'NOs', 9.00, 9.00, NULL, '2025-07-15 07:18:10', '2025-07-15 07:18:10'),
(1307, 28, 'HANDTOOL DOUBLE END SPANNER', 'NOs', 9.00, 9.00, NULL, '2025-07-15 07:18:10', '2025-07-15 07:18:10'),
(1308, 28, 'HANDTOOL DOUBLE END SPANNER 12X13', 'NOs', 9.00, 9.00, NULL, '2025-07-15 07:18:10', '2025-07-15 07:18:10'),
(1309, 28, 'HANDTOOL DOUBLE END SPANNER 16X17', 'NOs', 9.00, 9.00, NULL, '2025-07-15 07:18:10', '2025-07-15 07:18:10'),
(1310, 28, 'HANDTOOL DOUBLE END SPANNER 6X7', 'NOs', 9.00, 9.00, NULL, '2025-07-15 07:18:10', '2025-07-15 07:18:10'),
(1311, 28, 'HANDTOOL DOUBLE END SPANNERS 10X11', 'NOs', 9.00, 9.00, NULL, '2025-07-15 07:18:10', '2025-07-15 07:18:10'),
(1312, 28, 'HANDTOOL DOUBLE END SPANNERS 18X19', 'NOs', 9.00, 9.00, NULL, '2025-07-15 07:18:10', '2025-07-15 07:18:10'),
(1313, 28, 'HANDTOOL DOUBLE END SPANNERS 24X26', 'NOs', 9.00, 9.00, NULL, '2025-07-15 07:18:10', '2025-07-15 07:18:10'),
(1314, 28, 'HANDTOOL DOUBLE END SPANNERS 24X27', 'NOs', 9.00, 9.00, NULL, '2025-07-15 07:18:10', '2025-07-15 07:18:10'),
(1315, 28, 'HANDTOOL DOUBLE END SPANNERS 8X9', 'NOs', 9.00, 9.00, NULL, '2025-07-15 07:18:10', '2025-07-15 07:18:10'),
(1316, 28, 'HANDTOOL DRILL CHUCK', 'NOs', 9.00, 9.00, NULL, '2025-07-15 07:18:10', '2025-07-15 07:18:10'),
(1317, 28, 'HANDTOOL DRILL CHUCK  ARBOUR 3/4\"', 'NOS', 9.00, 9.00, NULL, '2025-07-15 07:18:10', '2025-07-15 07:18:10'),
(1318, 28, 'HANDTOOL DRILL CHUCK KEY', 'NOs', 9.00, 9.00, NULL, '2025-07-15 07:18:10', '2025-07-15 07:18:10'),
(1319, 28, 'HANDTOOL FILE HALF ROUND 100 B', 'NOs', 9.00, 9.00, NULL, '2025-07-15 07:18:10', '2025-07-15 07:18:10'),
(1320, 28, 'HANDTOOL FILE HALF ROUND 100 II CUT', 'NOS', 9.00, 9.00, NULL, '2025-07-15 07:18:10', '2025-07-15 07:18:10'),
(1321, 28, 'HANDTOOL FILE HALF ROUND 100 S', 'NOS', 9.00, 9.00, NULL, '2025-07-15 07:18:10', '2025-07-15 07:18:10'),
(1322, 28, 'HANDTOOL FILE HALF ROUND 150 B', 'NOs', 9.00, 9.00, NULL, '2025-07-15 07:18:10', '2025-07-15 07:18:10'),
(1323, 28, 'HANDTOOL FILE HALF ROUND 150 MM II CUT', 'NOs', 9.00, 9.00, NULL, '2025-07-15 07:18:10', '2025-07-15 07:18:10'),
(1324, 28, 'HANDTOOL FILE HALF ROUND 200 B', 'NOs', 9.00, 9.00, NULL, '2025-07-15 07:18:10', '2025-07-15 07:18:10'),
(1325, 28, 'HANDTOOL FILE HALF ROUND 200 MM II CUT', 'NOs', 9.00, 9.00, NULL, '2025-07-15 07:18:10', '2025-07-15 07:18:10'),
(1326, 28, 'HANDTOOL FILE HALF ROUND 250 B', 'NOs', 9.00, 9.00, NULL, '2025-07-15 07:18:10', '2025-07-15 07:18:10'),
(1327, 28, 'HANDTOOL FILE HALF ROUND 250 MM II CUT', 'NOs', 9.00, 9.00, NULL, '2025-07-15 07:18:10', '2025-07-15 07:18:10'),
(1328, 28, 'HANDTOOL FILE HALF ROUND 300 B', 'NOs', 9.00, 9.00, NULL, '2025-07-15 07:18:10', '2025-07-15 07:18:10'),
(1329, 28, 'HANDTOOL FLAT FILE 100MM B', 'NOS', 9.00, 9.00, NULL, '2025-07-15 07:18:10', '2025-07-15 07:18:10'),
(1330, 28, 'HANDTOOL FLAT FILE 100MM II CUT', 'NOs', 9.00, 9.00, NULL, '2025-07-15 07:18:10', '2025-07-15 07:18:10'),
(1331, 28, 'HANDTOOL FLAT FILE 150 B', 'NOs', 9.00, 9.00, NULL, '2025-07-15 07:18:10', '2025-07-15 07:18:10'),
(1332, 28, 'HANDTOOL FLAT FILE 150MM II CUT', 'NOs', 9.00, 9.00, NULL, '2025-07-15 07:18:10', '2025-07-15 07:18:10'),
(1333, 28, 'HANDTOOL FLAT FILE 200 B', 'NOs', 9.00, 9.00, NULL, '2025-07-15 07:18:10', '2025-07-15 07:18:10'),
(1334, 28, 'HANDTOOL FLAT FILE 200MM II CUT', 'NOs', 9.00, 9.00, NULL, '2025-07-15 07:18:10', '2025-07-15 07:18:10'),
(1335, 28, 'HANDTOOL FLAT FILE 250 B', 'NOs', 9.00, 9.00, NULL, '2025-07-15 07:18:10', '2025-07-15 07:18:10'),
(1336, 28, 'HANDTOOL FLAT FILE 250MM II CUT', 'NOs', 9.00, 9.00, NULL, '2025-07-15 07:18:10', '2025-07-15 07:18:10'),
(1337, 28, 'HANDTOOL HACKSAW BLADE 12X12X18/24 TPI', 'NOs', 9.00, 9.00, NULL, '2025-07-15 07:18:10', '2025-07-15 07:18:10'),
(1338, 28, 'HANDTOOL IR IMPACT WRENCH MODEL IR 2146Q1 MAX', 'NOs', 9.00, 9.00, NULL, '2025-07-15 07:18:10', '2025-07-15 07:18:10'),
(1339, 28, 'HANDTOOL LINE TESTER', 'NOs', 9.00, 9.00, NULL, '2025-07-15 07:18:10', '2025-07-15 07:18:10'),
(1340, 28, 'HANDTOOL LINE TESTOR', 'NOs', 9.00, 9.00, NULL, '2025-07-15 07:18:10', '2025-07-15 07:18:10'),
(1341, 28, 'HANDTOOL LONG BALL POINT ALLEN KEY SET', 'NOs', 9.00, 9.00, NULL, '2025-07-15 07:18:10', '2025-07-15 07:18:10'),
(1342, 28, 'HANDTOOL LONG NOSE PLIER', 'NOs', 9.00, 9.00, NULL, '2025-07-15 07:18:10', '2025-07-15 07:18:10'),
(1343, 28, 'HANDTOOL LONG NOSE PLIER 6\" / 150mm', 'NOs', 9.00, 9.00, NULL, '2025-07-15 07:18:10', '2025-07-15 07:18:10'),
(1344, 28, 'HANDTOOL MALLET HAMMER', 'NOs', 9.00, 9.00, NULL, '2025-07-15 07:18:10', '2025-07-15 07:18:10'),
(1345, 28, 'HANDTOOL NEEDLE FILE FLAT HANDCUT', 'NOs', 9.00, 9.00, NULL, '2025-07-15 07:18:10', '2025-07-15 07:18:10'),
(1346, 28, 'HANDTOOL NEEDLE FILE HALFROUND CUT', 'NOs', 9.00, 9.00, NULL, '2025-07-15 07:18:10', '2025-07-15 07:18:10'),
(1347, 28, 'HANDTOOL NEEDLE FILE SET', 'NOS', 9.00, 9.00, NULL, '2025-07-15 07:18:10', '2025-07-15 07:18:10'),
(1348, 28, 'HANDTOOL RING SPANNER 21X23', 'NOs', 9.00, 9.00, NULL, '2025-07-15 07:18:10', '2025-07-15 07:18:10'),
(1349, 28, 'HANDTOOL RING SPANNER 24X26', 'NOs', 9.00, 9.00, NULL, '2025-07-15 07:18:10', '2025-07-15 07:18:10'),
(1350, 28, 'HANDTOOL RING SPANNER 30X32', 'NOs', 9.00, 9.00, NULL, '2025-07-15 07:18:10', '2025-07-15 07:18:10'),
(1351, 28, 'HANDTOOL RING SPANNER 41X46', 'NOs', 9.00, 9.00, NULL, '2025-07-15 07:18:10', '2025-07-15 07:18:10'),
(1352, 28, 'HANDTOOL ROUND FILE 150 MM II CUT', 'NOs', 9.00, 9.00, NULL, '2025-07-15 07:18:10', '2025-07-15 07:18:10'),
(1353, 28, 'HANDTOOL ROUND FILE 150mm B', 'NOs', 9.00, 9.00, NULL, '2025-07-15 07:18:10', '2025-07-15 07:18:10'),
(1354, 28, 'HANDTOOL ROUND FILE 200mm B', 'NOs', 9.00, 9.00, NULL, '2025-07-15 07:18:10', '2025-07-15 07:18:10'),
(1355, 28, 'HANDTOOL ROUND FILE 250 MM II CUT', 'NOs', 9.00, 9.00, NULL, '2025-07-15 07:18:10', '2025-07-15 07:18:10'),
(1356, 28, 'HANDTOOL ROUND FILE 250mm B', 'NOs', 9.00, 9.00, NULL, '2025-07-15 07:18:10', '2025-07-15 07:18:10'),
(1357, 28, 'HANDTOOL ROUND FILE 300mm B', 'NOs', 9.00, 9.00, NULL, '2025-07-15 07:18:10', '2025-07-15 07:18:10'),
(1358, 28, 'HANDTOOL SCREW DRIVER', 'NOs', 9.00, 9.00, NULL, '2025-07-15 07:18:10', '2025-07-15 07:18:10'),
(1359, 28, 'HANDTOOL SINGLE END SPANNER', 'NOs', 9.00, 9.00, NULL, '2025-07-15 07:18:10', '2025-07-15 07:18:10'),
(1360, 28, 'HANDTOOL socket bit 14mm', 'NOs', 9.00, 9.00, NULL, '2025-07-15 07:18:10', '2025-07-15 07:18:10'),
(1361, 28, 'HANDTOOL SOCKET BIT 17MM', 'NOs', 9.00, 9.00, NULL, '2025-07-15 07:18:10', '2025-07-15 07:18:10'),
(1362, 28, 'HANDTOOL SOCKET BIT 19MM', 'NOs', 9.00, 9.00, NULL, '2025-07-15 07:18:10', '2025-07-15 07:18:10'),
(1363, 28, 'HANDTOOL socket bit 22mm', 'NOs', 9.00, 9.00, NULL, '2025-07-15 07:18:10', '2025-07-15 07:18:10'),
(1364, 28, 'HANDTOOL SOCKET BIT 8MM', 'NOs', 9.00, 9.00, NULL, '2025-07-15 07:18:10', '2025-07-15 07:18:10'),
(1365, 28, 'HANDTOOL SPARE MALLET', 'NOs', 9.00, 9.00, NULL, '2025-07-15 07:18:10', '2025-07-15 07:18:10'),
(1366, 28, 'HANDTOOL TAP WRENCH 3/4\"', 'NOs', 9.00, 9.00, NULL, '2025-07-15 07:18:10', '2025-07-15 07:18:10'),
(1367, 28, 'HANDTOOL THREADING DIE BIT M16', 'NOs', 9.00, 9.00, NULL, '2025-07-15 07:18:10', '2025-07-15 07:18:10'),
(1368, 28, 'HANDTOOL TORQUE WRENCH RTW 100/R -25-135Nm', 'NOs', 9.00, 9.00, NULL, '2025-07-15 07:18:10', '2025-07-15 07:18:10'),
(1369, 28, 'HANDTOOL TORQUE WRENCH RTW 250/R -70-340Nm', 'NOs', 9.00, 9.00, NULL, '2025-07-15 07:18:10', '2025-07-15 07:18:10'),
(1370, 28, 'HANDTOOL TORQUE WRENCH RTW 500/R -135-675Nm', 'NOs', 9.00, 9.00, NULL, '2025-07-15 07:18:11', '2025-07-15 07:18:11'),
(1371, 28, 'RAOUND HEAD RATCHET', 'NOs', 9.00, 9.00, NULL, '2025-07-15 07:18:11', '2025-07-15 07:18:11'),
(1372, 28, 'RJ 45 CRIMPING TOOL', 'NOs', 9.00, 9.00, NULL, '2025-07-15 07:18:11', '2025-07-15 07:18:11'),
(1373, 28, 'SS PIPE BENDER', 'NOs', 9.00, 9.00, NULL, '2025-07-15 07:18:11', '2025-07-15 07:18:11'),
(1374, 28, 'TUBE CUTTER', 'NOs', 9.00, 9.00, NULL, '2025-07-15 07:18:11', '2025-07-15 07:18:11'),
(1375, 28, 'WOODEN FILE HANDLE', 'NOs', 9.00, 9.00, NULL, '2025-07-15 07:18:11', '2025-07-15 07:18:11'),
(1376, 29, 'HANDTOOL ALLEN KEY 5/32', 'NOs', 9.00, 9.00, NULL, '2025-07-15 07:18:11', '2025-07-15 07:18:11'),
(1377, 29, 'HANDTOOL TAP WRENCH 1/4\"', 'NOs', 9.00, 9.00, NULL, '2025-07-15 07:18:11', '2025-07-15 07:18:11'),
(1378, 30, 'ANNEALING', 'Kgs', 9.00, 9.00, NULL, '2025-07-15 07:18:11', '2025-07-15 07:18:11'),
(1379, 30, 'FLAME HARDENING', 'NOs', 9.00, 9.00, NULL, '2025-07-15 07:18:11', '2025-07-15 07:18:11'),
(1380, 30, 'HARDENING AND TEMPERING', 'NOs', 9.00, 9.00, NULL, '2025-07-15 07:18:11', '2025-07-15 07:18:11'),
(1381, 30, 'INDUCTION HARDENING', 'Kgs', 9.00, 9.00, NULL, '2025-07-15 07:18:11', '2025-07-15 07:18:11'),
(1382, 31, 'INSERT DNMG 150608', 'NOs', 9.00, 9.00, NULL, '2025-07-15 07:18:11', '2025-07-15 07:18:11'),
(1383, 32, 'DIGITAL DEPTH MICROMETER 0-25', 'NOs', 9.00, 9.00, NULL, '2025-07-15 07:18:11', '2025-07-15 07:18:11'),
(1384, 32, 'DRO VISION V1 733 IN N 230 05 DRO VISION 700 - 3 AXIS DRO', 'NOs', 9.00, 9.00, NULL, '2025-07-15 07:18:11', '2025-07-15 07:18:11'),
(1385, 32, 'INSTRUMENT BAKER DIAL GUAGE', 'NOs', 9.00, 9.00, NULL, '2025-07-15 07:18:11', '2025-07-15 07:18:11'),
(1386, 32, 'INSTRUMENT BEWEL PROTRACTOR DIGITAL0-300°', 'NOs', 9.00, 9.00, NULL, '2025-07-15 07:18:11', '2025-07-15 07:18:11'),
(1387, 32, 'INSTRUMENT BORE GUAGE ANALOG 160-250', 'NOs', 9.00, 9.00, NULL, '2025-07-15 07:18:11', '2025-07-15 07:18:11'),
(1388, 32, 'INSTRUMENT BORE GUAGE ANALOG 250-400', 'NOs', 9.00, 9.00, NULL, '2025-07-15 07:18:11', '2025-07-15 07:18:11'),
(1389, 32, 'INSTRUMENT BORE GUAGE ANALOG 35-60', 'NOs', 9.00, 9.00, NULL, '2025-07-15 07:18:11', '2025-07-15 07:18:11'),
(1390, 32, 'INSTRUMENT BORE GUAGE ANALOG 50-150', 'NOs', 9.00, 9.00, NULL, '2025-07-15 07:18:11', '2025-07-15 07:18:11'),
(1391, 32, 'INSTRUMENT DEPTH VERNIER ANALOG 0-300mm', 'NOs', 9.00, 9.00, NULL, '2025-07-15 07:18:11', '2025-07-15 07:18:11'),
(1392, 32, 'INSTRUMENT DEPTH VERNIER ANALOG 0-600mm', 'NOs', 9.00, 9.00, NULL, '2025-07-15 07:18:11', '2025-07-15 07:18:11'),
(1393, 32, 'INSTRUMENT DEPTH VERNIER DIGITAL 0-300mm', 'NOs', 9.00, 9.00, NULL, '2025-07-15 07:18:11', '2025-07-15 07:18:11'),
(1394, 32, 'INSTRUMENT DIAL CALIPER 0-300', 'NOs', 9.00, 9.00, NULL, '2025-07-15 07:18:11', '2025-07-15 07:18:11'),
(1395, 32, 'INSTRUMENT DIGITAL DEPTH VERNIER', 'NOs', 9.00, 9.00, NULL, '2025-07-15 07:18:11', '2025-07-15 07:18:11'),
(1396, 32, 'INSTRUMENT LEVER DIAL GUAGE BAKER', 'NOs', 9.00, 9.00, NULL, '2025-07-15 07:18:11', '2025-07-15 07:18:11'),
(1397, 32, 'INSTRUMENT LEVER DIAL GUAGE MITUTOYO', 'NOs', 9.00, 9.00, NULL, '2025-07-15 07:18:11', '2025-07-15 07:18:11'),
(1398, 32, 'INSTRUMENT MITUTOYO  DIAL GUAGE', 'NOs', 9.00, 9.00, NULL, '2025-07-15 07:18:11', '2025-07-15 07:18:11'),
(1399, 32, 'INSTRUMENT PLUNGER DIAL', 'NOs', 9.00, 9.00, NULL, '2025-07-15 07:18:11', '2025-07-15 07:18:11'),
(1400, 32, 'INSTRUMENT PLUNGER DIAL GUAGE 0-10', 'NOs', 9.00, 9.00, 18.00, '2025-07-15 07:18:11', '2025-07-15 07:18:11'),
(1401, 32, 'INSTRUMENT RADIUS GUAGE SET', 'NOs', 9.00, 9.00, NULL, '2025-07-15 07:18:11', '2025-07-15 07:18:11'),
(1402, 32, 'INSTRUMENT SLIP GUAGE BOX 80X108', 'NOs', 9.00, 9.00, NULL, '2025-07-15 07:18:11', '2025-07-15 07:18:11'),
(1403, 32, 'INSTRUMENT TRY SQUARE 2\"', 'NOs', 9.00, 9.00, NULL, '2025-07-15 07:18:11', '2025-07-15 07:18:11'),
(1404, 32, 'IR THERMOMETER DEGITAL', 'NOs', 9.00, 9.00, NULL, '2025-07-15 07:18:11', '2025-07-15 07:18:11'),
(1405, 32, 'MEASURING TAPE 2MTR', 'NOs', 9.00, 9.00, NULL, '2025-07-15 07:18:11', '2025-07-15 07:18:11'),
(1406, 32, 'MEASURING TAPE 3MTR', 'NOs', 9.00, 9.00, NULL, '2025-07-15 07:18:11', '2025-07-15 07:18:11'),
(1407, 32, 'MEASURING TAPE 50MTR STEEL', 'NOs', 9.00, 9.00, NULL, '2025-07-15 07:18:11', '2025-07-15 07:18:11'),
(1408, 32, 'MEASURING TAPE 5MTR', 'NOs', 9.00, 9.00, NULL, '2025-07-15 07:18:11', '2025-07-15 07:18:11'),
(1409, 32, 'MECHANICAL EDGE FINDER', 'NOs', 9.00, 9.00, NULL, '2025-07-15 07:18:11', '2025-07-15 07:18:11'),
(1410, 32, 'MIC PIN MIC 700-800 PIN 725-750', 'NOs', 9.00, 9.00, NULL, '2025-07-15 07:18:11', '2025-07-15 07:18:11'),
(1411, 32, 'OPTICAL EDGE FINDER', 'NOs', 9.00, 9.00, NULL, '2025-07-15 07:18:11', '2025-07-15 07:18:11'),
(1412, 32, 'SPIRIT LEVEL 1 MTR', 'NOs', 9.00, 9.00, NULL, '2025-07-15 07:18:11', '2025-07-15 07:18:11'),
(1413, 32, 'THREAD PLUG GUAGE 1/4 BSP', 'NOS', 9.00, 9.00, NULL, '2025-07-15 07:18:11', '2025-07-15 07:18:11'),
(1414, 32, 'THREAD PLUG GUAGE M12', 'NOs', 9.00, 9.00, NULL, '2025-07-15 07:18:11', '2025-07-15 07:18:11'),
(1415, 32, 'THREAD PLUG GUAGE M16', 'NOs', 9.00, 9.00, NULL, '2025-07-15 07:18:11', '2025-07-15 07:18:11'),
(1416, 32, 'THREAD PLUG GUAGE M24X3', 'NOs', 9.00, 9.00, NULL, '2025-07-15 07:18:11', '2025-07-15 07:18:11'),
(1417, 32, 'THREAD PLUG GUAGE M30X3.5', 'NOs', 9.00, 9.00, NULL, '2025-07-15 07:18:11', '2025-07-15 07:18:11'),
(1418, 32, 'THREAD PLUG GUAGE M36X4', 'NOs', 9.00, 9.00, NULL, '2025-07-15 07:18:11', '2025-07-15 07:18:11'),
(1419, 32, 'THREAD PLUG GUAGE M8', 'NOs', 9.00, 9.00, NULL, '2025-07-15 07:18:11', '2025-07-15 07:18:11'),
(1420, 32, 'THREAD RING GUAGE M100X2-6g GO-NOGO', 'NOs', 9.00, 9.00, NULL, '2025-07-15 07:18:11', '2025-07-15 07:18:11'),
(1421, 32, 'THREAD RING GUAGE M10X1.25-6g GO-NOGO', 'NOs', 9.00, 9.00, NULL, '2025-07-15 07:18:11', '2025-07-15 07:18:11'),
(1422, 32, 'THREAD RING GUAGE M110X2-6g GO-NOGO', 'NOs', 9.00, 9.00, NULL, '2025-07-15 07:18:11', '2025-07-15 07:18:11'),
(1423, 32, 'THREAD RING GUAGE M120X2-6g GO-NOGO', 'NOs', 9.00, 9.00, NULL, '2025-07-15 07:18:11', '2025-07-15 07:18:11'),
(1424, 32, 'THREAD RING GUAGE M130X2-6g GO-NOGO', 'NOs', 9.00, 9.00, NULL, '2025-07-15 07:18:11', '2025-07-15 07:18:11'),
(1425, 32, 'THREAD RING GUAGE M140X2-6g GO-NOGO', 'NOs', 9.00, 9.00, NULL, '2025-07-15 07:18:11', '2025-07-15 07:18:11'),
(1426, 32, 'THREAD RING GUAGE M160X3-6g GO-NOGO', 'NOs', 9.00, 9.00, NULL, '2025-07-15 07:18:11', '2025-07-15 07:18:11'),
(1427, 32, 'THREAD RING GUAGE M170X3-6g GO-NOGO', 'NOs', 9.00, 9.00, NULL, '2025-07-15 07:18:11', '2025-07-15 07:18:11'),
(1428, 32, 'THREAD RING GUAGE M190X3-6g GO-NOGO', 'NOs', 9.00, 9.00, NULL, '2025-07-15 07:18:11', '2025-07-15 07:18:11'),
(1429, 32, 'THREAD RING GUAGE M60X2-6g GO-NOGO', 'NOs', NULL, NULL, NULL, '2025-07-15 07:18:11', '2025-07-15 07:18:11'),
(1430, 32, 'THREAD RING GUAGE M70X2-6g GO-NOGO', 'NOs', 9.00, 9.00, NULL, '2025-07-15 07:18:11', '2025-07-15 07:18:11'),
(1431, 32, 'THREAD RING GUAGE M75X2-6g GO-NOGO', 'SET', 9.00, 9.00, NULL, '2025-07-15 07:18:11', '2025-07-15 07:18:11');
INSERT INTO `stock_items` (`id`, `category_id`, `item_name`, `uom`, `sgst`, `cgst`, `igst`, `created_at`, `updated_at`) VALUES
(1432, 32, 'THREAD RING GUAGE M80X2-6g GO-NOGO', 'NOs', 9.00, 9.00, NULL, '2025-07-15 07:18:11', '2025-07-15 07:18:11'),
(1433, 32, 'THREAD RING GUAGE M90X2-6g GO-NOGO', 'NOs', 9.00, 9.00, NULL, '2025-07-15 07:18:11', '2025-07-15 07:18:11'),
(1434, 32, 'WIDTH GUAGE 12.979/13.030', 'NOs', 9.00, 9.00, NULL, '2025-07-15 07:18:11', '2025-07-15 07:18:11'),
(1435, 32, 'WIDTH GUAGE 19.05/19.101', 'NOs', 9.00, 9.00, NULL, '2025-07-15 07:18:11', '2025-07-15 07:18:11'),
(1436, 32, 'WIDTH GUAGE 31.75/31.85', 'NOs', 9.00, 9.00, NULL, '2025-07-15 07:18:11', '2025-07-15 07:18:11'),
(1437, 33, 'GREASE 5Kg', 'NOs', 9.00, 9.00, NULL, '2025-07-15 07:18:11', '2025-07-15 07:18:11'),
(1438, 33, 'GREASE CASTROL AP3  5Kg', 'NOs', 9.00, 9.00, NULL, '2025-07-15 07:18:11', '2025-07-15 07:18:11'),
(1439, 33, 'GREASE CSTL AP3 5KG', 'NOs', 9.00, 9.00, NULL, '2025-07-15 07:18:11', '2025-07-15 07:18:11'),
(1440, 33, 'GREASE SKF 5kg', 'NOs', 9.00, 9.00, NULL, '2025-07-15 07:18:11', '2025-07-15 07:18:11'),
(1441, 33, 'GREASE SKF GREASE 2Kg', 'NOs', 9.00, 9.00, NULL, '2025-07-15 07:18:11', '2025-07-15 07:18:11'),
(1442, 33, 'KLUBER GREASE NBU 1KG', 'NOs', 9.00, 9.00, NULL, '2025-07-15 07:18:11', '2025-07-15 07:18:11'),
(1443, 34, 'ALLCUT CUTXPERT 31/85', 'NOs', NULL, NULL, 18.00, '2025-07-15 07:18:11', '2025-07-15 07:18:11'),
(1444, 35, '1613900100-AIR FILTER ELEMENT', 'NOs', 9.00, 9.00, NULL, '2025-07-15 07:18:11', '2025-07-15 07:18:11'),
(1445, 35, '2903033701-OIL FILTER', 'NOs', 9.00, 9.00, NULL, '2025-07-15 07:18:11', '2025-07-15 07:18:11'),
(1446, 35, '2903087100-OIL SEPARATOR', 'NOs', 9.00, 9.00, NULL, '2025-07-15 07:18:11', '2025-07-15 07:18:11'),
(1447, 35, '8\" 3JAW UNIVERSAL BALL LOCK COMPENSATING POWER CHUCK', 'NOs', 9.00, 9.00, NULL, '2025-07-15 07:18:11', '2025-07-15 07:18:11'),
(1448, 35, '8\" LONG STROKE COMPACT COMPENSATING SPECIAL POWER CHUCK', 'NOs', 9.00, 9.00, NULL, '2025-07-15 07:18:11', '2025-07-15 07:18:11'),
(1449, 35, 'ABC VALVE', 'NOs', 9.00, 9.00, NULL, '2025-07-15 07:18:11', '2025-07-15 07:18:11'),
(1450, 35, 'AC CONDENSATE DRAIN PUMP', 'NOs', 9.00, 9.00, NULL, '2025-07-15 07:18:11', '2025-07-15 07:18:11'),
(1451, 35, 'AC UNIT SEQUENCING CONTROLLER', 'NOs', 9.00, 9.00, NULL, '2025-07-15 07:18:11', '2025-07-15 07:18:11'),
(1452, 35, 'AIR COMPRESSOR SPARE PARTS', 'NOs', 9.00, 9.00, NULL, '2025-07-15 07:18:11', '2025-07-15 07:18:11'),
(1453, 35, 'AIR FILTER', 'NOs', 9.00, 9.00, NULL, '2025-07-15 07:18:11', '2025-07-15 07:18:11'),
(1454, 35, 'AIR GUN 1/4\" CDC', 'NOs', 9.00, 9.00, NULL, '2025-07-15 07:18:11', '2025-07-15 07:18:11'),
(1455, 35, 'ARGON REGULATOR', 'NOs', 9.00, 9.00, NULL, '2025-07-15 07:18:11', '2025-07-15 07:18:11'),
(1456, 35, 'ARMATURE', 'NOs', 9.00, 9.00, NULL, '2025-07-15 07:18:11', '2025-07-15 07:18:11'),
(1457, 35, 'AUTOMATIC WATER LEVEL CONTROLLER CUM INDICATOR', 'NOs', 9.00, 9.00, NULL, '2025-07-15 07:18:11', '2025-07-15 07:18:11'),
(1458, 35, 'AXIAL FAN 8AF 3S2 415V, 50Hz, 2800rpm', 'NOs', 9.00, 9.00, NULL, '2025-07-15 07:18:11', '2025-07-15 07:18:11'),
(1459, 35, 'AXIAL FAN CM250 S2  230V, 50Hz, 2600rpm', 'NOs', 9.00, 9.00, NULL, '2025-07-15 07:18:11', '2025-07-15 07:18:11'),
(1460, 35, 'BATTERY CHARGER BC 12V_10A', 'NOS', 9.00, 9.00, NULL, '2025-07-15 07:18:11', '2025-07-15 07:18:11'),
(1461, 35, 'BATTERY FANUC BR 2/3A-6V', 'NOs', 9.00, 9.00, NULL, '2025-07-15 07:18:11', '2025-07-15 07:18:11'),
(1462, 35, 'BATTERY TERMINAL', 'NOs', 9.00, 9.00, NULL, '2025-07-15 07:18:11', '2025-07-15 07:18:11'),
(1463, 35, 'BI PLAST Technology advance German Machine Tools Slide Ways', 'NOs', NULL, NULL, NULL, '2025-07-15 07:18:11', '2025-07-15 07:18:11'),
(1464, 35, 'BMT LIVE TOOL HOLDER', 'NOs', 9.00, 9.00, NULL, '2025-07-15 07:18:11', '2025-07-15 07:18:11'),
(1465, 35, 'BOSCH 4\" ANGLE GRINDING MACHINE', 'NOs', 9.00, 9.00, NULL, '2025-07-15 07:18:11', '2025-07-15 07:18:11'),
(1466, 35, 'BOSCH 5\" ANGLE GRINDING MACHINE', 'NOs', 9.00, 9.00, NULL, '2025-07-15 07:18:11', '2025-07-15 07:18:11'),
(1467, 35, 'BOSCH 750-100 MC  CARBON BRUSH', 'NOs', 9.00, 9.00, NULL, '2025-07-15 07:18:11', '2025-07-15 07:18:11'),
(1468, 35, 'BOSCH 750-100 MC  CHARGES', 'NOs', 9.00, 9.00, NULL, '2025-07-15 07:18:11', '2025-07-15 07:18:11'),
(1469, 35, 'BOSCH 750-100 MC  SWITCH HANDLE', 'NOs', 9.00, 9.00, NULL, '2025-07-15 07:18:11', '2025-07-15 07:18:11'),
(1470, 35, 'BOSCH DRILLING MACHINE  DRILL CHUCK 13MM', 'NOs', 9.00, 9.00, NULL, '2025-07-15 07:18:11', '2025-07-15 07:18:11'),
(1471, 35, 'BRAKE ASSEMBLY SIZE 08 FSB 190VDC DBT TYPE', 'NOs', 9.00, 9.00, NULL, '2025-07-15 07:18:11', '2025-07-15 07:18:11'),
(1472, 35, 'BRAKE LINER', 'NOs', 9.00, 9.00, NULL, '2025-07-15 07:18:11', '2025-07-15 07:18:11'),
(1473, 35, 'BRAKE LINER 5/16\"', 'NOs', 9.00, 9.00, NULL, '2025-07-15 07:18:11', '2025-07-15 07:18:11'),
(1474, 35, 'BRAKE LINER DISC HUB ALU DIA150 - 27 TEETH', 'NOs', 9.00, 9.00, NULL, '2025-07-15 07:18:11', '2025-07-15 07:18:11'),
(1475, 35, 'BRAKE LINER DISC HUB ALU DIA190 -SPLINE IN BORE PETHE', 'NOs', 9.00, 9.00, NULL, '2025-07-15 07:18:11', '2025-07-15 07:18:11'),
(1476, 35, 'BRAKE LINER DISC HUB ALU DIA95 - 26 TEETH', 'NOs', 9.00, 9.00, NULL, '2025-07-15 07:18:11', '2025-07-15 07:18:11'),
(1477, 35, 'BRASS IMPELLER', 'NOs', 9.00, 9.00, NULL, '2025-07-15 07:18:11', '2025-07-15 07:18:11'),
(1478, 35, 'BRUSH FOR CLUTCH', 'NOs', 9.00, 9.00, NULL, '2025-07-15 07:18:11', '2025-07-15 07:18:11'),
(1479, 35, 'BULLET FOR MT5 REVOLVING CENTRE', 'NOs', 9.00, 9.00, NULL, '2025-07-15 07:18:11', '2025-07-15 07:18:11'),
(1480, 35, 'BUSHING', 'NOs', 9.00, 9.00, NULL, '2025-07-15 07:18:11', '2025-07-15 07:18:11'),
(1481, 35, 'CA 2010 DS 100 003 CHAIN GUIDE ASSEMBLY 7X21.9 CHAIN', 'NOs', 9.00, 9.00, NULL, '2025-07-15 07:18:11', '2025-07-15 07:18:11'),
(1482, 35, 'CA 2010 DS 100 005 CHAIN SPROCKET 7X21.9', 'NOs', 9.00, 9.00, NULL, '2025-07-15 07:18:11', '2025-07-15 07:18:11'),
(1483, 35, 'CA 2010 DS 100 02b CHAIN 7X21.9', 'NOs', 9.00, 9.00, NULL, '2025-07-15 07:18:11', '2025-07-15 07:18:11'),
(1484, 35, 'CA2010 DS 100 015 BRAKE COIL ASSEMBLY', 'NOs', 9.00, 9.00, NULL, '2025-07-15 07:18:11', '2025-07-15 07:18:11'),
(1485, 35, 'CAM', 'NOs', 9.00, 9.00, NULL, '2025-07-15 07:18:11', '2025-07-15 07:18:11'),
(1486, 35, 'CARBIDE GRIPPERS', 'NOs', 9.00, 9.00, NULL, '2025-07-15 07:18:11', '2025-07-15 07:18:11'),
(1487, 35, 'CARBIDE TIP DEAD CENTRE', 'NOs', 9.00, 9.00, NULL, '2025-07-15 07:18:11', '2025-07-15 07:18:11'),
(1488, 35, 'CARBON BRUSH', 'NOs', 9.00, 9.00, NULL, '2025-07-15 07:18:11', '2025-07-15 07:18:11'),
(1489, 35, 'CARBON BRUSH 4145', 'NOs', 9.00, 9.00, NULL, '2025-07-15 07:18:11', '2025-07-15 07:18:11'),
(1490, 35, 'CARBON BRUSH 4171', 'NOs', 9.00, 9.00, NULL, '2025-07-15 07:18:11', '2025-07-15 07:18:11'),
(1491, 35, 'CARBON BRUSH 4176', 'NOs', 9.00, 9.00, NULL, '2025-07-15 07:18:11', '2025-07-15 07:18:11'),
(1492, 35, 'CASTOR WHEEL FIXED', 'NOs', 9.00, 9.00, NULL, '2025-07-15 07:18:11', '2025-07-15 07:18:11'),
(1493, 35, 'CASTOR WHEEL SWIVEL', 'NOs', 9.00, 9.00, NULL, '2025-07-15 07:18:11', '2025-07-15 07:18:11'),
(1494, 35, 'CENTRE DRILL CUT SLEEVE 12XMT2', 'NOS', 9.00, 9.00, NULL, '2025-07-15 07:18:11', '2025-07-15 07:18:11'),
(1495, 35, 'CENTRE DRILL CUT SLEEVE 16XMT3', 'NOs', 9.00, 9.00, NULL, '2025-07-15 07:18:11', '2025-07-15 07:18:11'),
(1496, 35, 'CENTRE DRILL CUT SLEEVE 20XMT4', 'NOs', 9.00, 9.00, NULL, '2025-07-15 07:18:11', '2025-07-15 07:18:11'),
(1497, 35, 'CENTRE MT6', 'NOs', 9.00, 9.00, NULL, '2025-07-15 07:18:11', '2025-07-15 07:18:11'),
(1498, 35, 'CHUCK MOUNTING FLANGE AND DRAW BAR', 'NOs', 9.00, 9.00, NULL, '2025-07-15 07:18:11', '2025-07-15 07:18:11'),
(1499, 35, 'CIRCULAR SAW MACHINE', 'NOs', 9.00, 9.00, NULL, '2025-07-15 07:18:11', '2025-07-15 07:18:11'),
(1500, 35, 'CLUTCH PLATE FOR COLLET FLOOR BOARING', 'NOs', 9.00, 9.00, NULL, '2025-07-15 07:18:11', '2025-07-15 07:18:11'),
(1501, 35, 'CMM MACHINE', 'NOs', 9.00, 9.00, NULL, '2025-07-15 07:18:11', '2025-07-15 07:18:11'),
(1502, 35, 'CO2 HEATER', 'NOs', 9.00, 9.00, NULL, '2025-07-15 07:18:11', '2025-07-15 07:18:11'),
(1503, 35, 'CO2 INSULATOR 500A', 'NOs', 9.00, 9.00, NULL, '2025-07-15 07:18:11', '2025-07-15 07:18:11'),
(1504, 35, 'CO2 REGULATOR', 'NOs', 9.00, 9.00, NULL, '2025-07-15 07:18:11', '2025-07-15 07:18:11'),
(1505, 35, 'CO2 TIP 1.6X45 M6', 'NOs', 9.00, 9.00, NULL, '2025-07-15 07:18:11', '2025-07-15 07:18:11'),
(1506, 35, 'COLLET', 'NOs', 9.00, 9.00, NULL, '2025-07-15 07:18:11', '2025-07-15 07:18:11'),
(1507, 35, 'COLLET BODY', 'NOs', 9.00, 9.00, NULL, '2025-07-15 07:18:11', '2025-07-15 07:18:11'),
(1508, 35, 'COOLANT SYSTEM', 'SET', 9.00, 9.00, NULL, '2025-07-15 07:18:11', '2025-07-15 07:18:11'),
(1509, 35, 'COOLENT PUMP', 'NOs', 9.00, 9.00, NULL, '2025-07-15 07:18:11', '2025-07-15 07:18:11'),
(1510, 35, 'CROSS FEED SCREW ROD WITH NUT', 'NOs', 9.00, 9.00, NULL, '2025-07-15 07:18:11', '2025-07-15 07:18:11'),
(1511, 35, 'DIA 25X12 SLEEVE', 'NOs', 9.00, 9.00, NULL, '2025-07-15 07:18:11', '2025-07-15 07:18:11'),
(1512, 35, 'DIA 32X20 SLEEVE', 'NOs', 9.00, 9.00, NULL, '2025-07-15 07:18:11', '2025-07-15 07:18:11'),
(1513, 35, 'DIODE SAW MACHINE', 'NOs', 9.00, 9.00, NULL, '2025-07-15 07:18:11', '2025-07-15 07:18:11'),
(1514, 35, 'DISC SPRINGS', 'NOs', 9.00, 9.00, NULL, '2025-07-15 07:18:11', '2025-07-15 07:18:11'),
(1515, 35, 'DISCS -SA R S 100 X 16X G80', 'NOs', 9.00, 9.00, NULL, '2025-07-15 07:18:11', '2025-07-15 07:18:11'),
(1516, 35, 'DOUBLE ENDED FACING CENTRING MACHINE MICROTECH MAKE MODEL FC-190', 'NOs', 9.00, 9.00, NULL, '2025-07-15 07:18:11', '2025-07-15 07:18:11'),
(1517, 35, 'DOUBLE GEAR', 'NOs', 9.00, 9.00, NULL, '2025-07-15 07:18:11', '2025-07-15 07:18:11'),
(1518, 35, 'DRILL SLEEVE MT3XMT1', 'NOs', 9.00, 9.00, NULL, '2025-07-15 07:18:11', '2025-07-15 07:18:11'),
(1519, 35, 'DRILL SLEEVE MT3XMT2', 'NOS', 9.00, 9.00, NULL, '2025-07-15 07:18:11', '2025-07-15 07:18:11'),
(1520, 35, 'DRILL SLEEVE MT4XMT3', 'NOS', 9.00, 9.00, NULL, '2025-07-15 07:18:11', '2025-07-15 07:18:11'),
(1521, 35, 'DRIVE COOLING FAN', 'NOs', 9.00, 9.00, NULL, '2025-07-15 07:18:11', '2025-07-15 07:18:11'),
(1522, 35, 'EM DOUBLE CLUTCH EK40', 'NOs', 9.00, 9.00, NULL, '2025-07-15 07:18:11', '2025-07-15 07:18:11'),
(1523, 35, 'ER 32 COLLET -10MM', 'NOs', 9.00, 9.00, NULL, '2025-07-15 07:18:11', '2025-07-15 07:18:11'),
(1524, 35, 'ER 32 COLLET -12MM', 'NOs', 9.00, 9.00, NULL, '2025-07-15 07:18:11', '2025-07-15 07:18:11'),
(1525, 35, 'ER 32 COLLET -16MM', 'NOs', 9.00, 9.00, NULL, '2025-07-15 07:18:11', '2025-07-15 07:18:11'),
(1526, 35, 'ER 32 COLLET -18MM', 'NOs', 9.00, 9.00, NULL, '2025-07-15 07:18:11', '2025-07-15 07:18:11'),
(1527, 35, 'ER 32 COLLET -20MM', 'NOs', 9.00, 9.00, NULL, '2025-07-15 07:18:11', '2025-07-15 07:18:11'),
(1528, 35, 'ER 40 COLLET - 25MM', 'NOs', 9.00, 9.00, NULL, '2025-07-15 07:18:11', '2025-07-15 07:18:11'),
(1529, 35, 'FERRULE 6mm', 'NOs', 9.00, 9.00, NULL, '2025-07-15 07:18:11', '2025-07-15 07:18:11'),
(1530, 35, 'FERRULE 8mm', 'NOs', 9.00, 9.00, NULL, '2025-07-15 07:18:11', '2025-07-15 07:18:11'),
(1531, 35, 'FILTER', 'NOs', 9.00, 9.00, NULL, '2025-07-15 07:18:11', '2025-07-15 07:18:11'),
(1532, 35, 'FILTER PAPER ROLL', 'NOs', 9.00, 9.00, NULL, '2025-07-15 07:18:11', '2025-07-15 07:18:11'),
(1533, 35, 'FLOW CONTROL VALVE FG-01-4-11 YUKEN', 'NOs', 9.00, 9.00, NULL, '2025-07-15 07:18:11', '2025-07-15 07:18:11'),
(1534, 35, 'FLOW METER', 'NOs', 9.00, 9.00, NULL, '2025-07-15 07:18:11', '2025-07-15 07:18:11'),
(1535, 35, 'FOOT SWITCH', 'NOs', 9.00, 9.00, NULL, '2025-07-15 07:18:11', '2025-07-15 07:18:11'),
(1536, 35, 'FUEL FILTER ELEMENT', 'NOs', 9.00, 9.00, NULL, '2025-07-15 07:18:11', '2025-07-15 07:18:11'),
(1537, 35, 'GREASE GUN', 'NOs', 9.00, 9.00, NULL, '2025-07-15 07:18:11', '2025-07-15 07:18:11'),
(1538, 35, 'GREASE NIPPLE 1/4\" BSP', 'NOs', 9.00, 9.00, NULL, '2025-07-15 07:18:11', '2025-07-15 07:18:11'),
(1539, 35, 'GUN METAL PADS FOR JAWS', 'NOs', 9.00, 9.00, NULL, '2025-07-15 07:18:11', '2025-07-15 07:18:11'),
(1540, 35, 'H S SLEEVE 4mm', 'Mtr', 9.00, 9.00, NULL, '2025-07-15 07:18:11', '2025-07-15 07:18:11'),
(1541, 35, 'H S SLEEVE 5mm', 'Mtr', 9.00, 9.00, NULL, '2025-07-15 07:18:11', '2025-07-15 07:18:11'),
(1542, 35, 'H S SLEEVE 6mm', 'Mtr', 9.00, 9.00, NULL, '2025-07-15 07:18:11', '2025-07-15 07:18:11'),
(1543, 35, 'H S SLEEVE 8mm', 'Mtr', 9.00, 9.00, NULL, '2025-07-15 07:18:11', '2025-07-15 07:18:11'),
(1544, 35, 'HAMMER DRILLING MACHINE', 'NOs', 9.00, 9.00, NULL, '2025-07-15 07:18:11', '2025-07-15 07:18:11'),
(1545, 35, 'HAMMERING BIT 8X160', 'NOs', 9.00, 9.00, NULL, '2025-07-15 07:18:11', '2025-07-15 07:18:11'),
(1546, 35, 'HELICAL GEAR', 'NOs', 9.00, 9.00, NULL, '2025-07-15 07:18:11', '2025-07-15 07:18:11'),
(1547, 35, 'HELICAL PINION', 'NOs', 9.00, 9.00, NULL, '2025-07-15 07:18:11', '2025-07-15 07:18:11'),
(1548, 35, 'HOIST BRAKE DRUM', 'NOs', 9.00, 9.00, 18.00, '2025-07-15 07:18:11', '2025-07-15 07:18:11'),
(1549, 35, 'HSK A63 100L ER32 COLLET HOLDER', 'NOs', 9.00, 9.00, NULL, '2025-07-15 07:18:11', '2025-07-15 07:18:11'),
(1550, 35, 'HSK A63 EM25 100L SIDELOCK HOLDER', 'NOs', 9.00, 9.00, NULL, '2025-07-15 07:18:11', '2025-07-15 07:18:11'),
(1551, 35, 'HSK A63 EM25 160L SIDELOCK HOLDER', 'NOs', 9.00, 9.00, NULL, '2025-07-15 07:18:11', '2025-07-15 07:18:11'),
(1552, 35, 'HSK A63 EM25 COOLENT TUBE', 'NOs', 9.00, 9.00, NULL, '2025-07-15 07:18:11', '2025-07-15 07:18:11'),
(1553, 35, 'HYDRAULIC PUMP', 'NOs', 9.00, 9.00, NULL, '2025-07-15 07:18:11', '2025-07-15 07:18:11'),
(1554, 35, 'HYDRAULIC SERVICE GAS VALVE 5/8\" X 1/2\"UNF', 'NOs', 9.00, 9.00, NULL, '2025-07-15 07:18:11', '2025-07-15 07:18:11'),
(1555, 35, 'ID GRINDING SPLINE SHAFT', 'NOs', 9.00, 9.00, NULL, '2025-07-15 07:18:11', '2025-07-15 07:18:11'),
(1556, 35, 'INSULATED WIRE ROPE 5MM', 'NOs', 9.00, 9.00, NULL, '2025-07-15 07:18:11', '2025-07-15 07:18:11'),
(1557, 35, 'JAWS FOR GRINDING CHUCK', 'NOs', 9.00, 9.00, NULL, '2025-07-15 07:18:11', '2025-07-15 07:18:11'),
(1558, 35, 'KABEL CHAIN 320.42 KR 047', 'NOs', 9.00, 9.00, NULL, '2025-07-15 07:18:11', '2025-07-15 07:18:11'),
(1559, 35, 'KEN DIE GRINDING MACHINE REPAIR CHARGES', 'NOs', 9.00, 9.00, NULL, '2025-07-15 07:18:11', '2025-07-15 07:18:11'),
(1560, 35, 'KEN5037820K 260mm BOTTLE JACK', 'NOs', 9.00, 9.00, NULL, '2025-07-15 07:18:11', '2025-07-15 07:18:11'),
(1561, 35, 'KEYWAY OFFSET CHECK BLOCK WITH DIAL STAND', 'NOs', 9.00, 9.00, NULL, '2025-07-15 07:18:11', '2025-07-15 07:18:11'),
(1562, 35, 'LINEAR BLOCK LR 3275 THK', 'NOs', 9.00, 9.00, NULL, '2025-07-15 07:18:11', '2025-07-15 07:18:11'),
(1563, 35, 'LINEAR MAGNETIC SCALE MP500', 'Mtr', 9.00, 9.00, NULL, '2025-07-15 07:18:11', '2025-07-15 07:18:11'),
(1564, 35, 'LM GUIDEWAYS HABC 20X900', 'NOs', 9.00, 9.00, NULL, '2025-07-15 07:18:11', '2025-07-15 07:18:11'),
(1565, 35, 'LPG  REGULATOR', 'NOs', 9.00, 9.00, NULL, '2025-07-15 07:18:11', '2025-07-15 07:18:11'),
(1566, 35, 'LUB OIL FILTER ELEMENT', 'NOs', 9.00, 9.00, NULL, '2025-07-15 07:18:11', '2025-07-15 07:18:11'),
(1567, 35, 'LUBRICATION CARTRIDGE 0.16cc', 'NOs', 9.00, 9.00, NULL, '2025-07-15 07:18:11', '2025-07-15 07:18:11'),
(1568, 35, 'LUBRICATION CARTRIDGE 0.25cc', 'NOS', 14.00, 14.00, NULL, '2025-07-15 07:18:11', '2025-07-15 07:18:11'),
(1569, 35, 'LUBRICATION CARTRIDGE 0.4cc', 'NOs', 14.00, 14.00, NULL, '2025-07-15 07:18:11', '2025-07-15 07:18:11'),
(1570, 35, 'LUBRICATION MANIFOLD M1', 'NOs', 9.00, 9.00, NULL, '2025-07-15 07:18:11', '2025-07-15 07:18:11'),
(1571, 35, 'LUBRICATION MANIFOLD M2', 'NOs', 9.00, 9.00, NULL, '2025-07-15 07:18:11', '2025-07-15 07:18:11'),
(1572, 35, 'LUBRICATION MANIFOLD M3', 'NOs', 9.00, 9.00, NULL, '2025-07-15 07:18:11', '2025-07-15 07:18:11'),
(1573, 35, 'LUBRICATION MANIFOLD M8', 'NOs', 9.00, 9.00, NULL, '2025-07-15 07:18:11', '2025-07-15 07:18:11'),
(1574, 35, 'MACHINE PARTS', 'NOs', 9.00, 9.00, NULL, '2025-07-15 07:18:11', '2025-07-15 07:18:11'),
(1575, 35, 'MAGNETIC SENSOR ASSEMBLY MTS H5C 5 28VL M05', 'NOs', 9.00, 9.00, NULL, '2025-07-15 07:18:11', '2025-07-15 07:18:11'),
(1576, 35, 'MAGNETIC TAPE WITH GVS100 ASSEMBLY 1350MM', 'Mtr', 9.00, 9.00, NULL, '2025-07-15 07:18:11', '2025-07-15 07:18:11'),
(1577, 35, 'MANIFOLD BLOCK', 'NOs', 9.00, 9.00, NULL, '2025-07-15 07:18:11', '2025-07-15 07:18:11'),
(1578, 35, 'MOTOR HOUSING', 'NOs', 9.00, 9.00, NULL, '2025-07-15 07:18:11', '2025-07-15 07:18:11'),
(1579, 35, 'MP500 MAGNETIC TAPE 1500MM CV103 ML', 'MTR', 9.00, 9.00, NULL, '2025-07-15 07:18:11', '2025-07-15 07:18:11'),
(1580, 35, 'MP500 MAGNETIC TAPE 3100MM CV103 ML', 'NOs', 9.00, 9.00, NULL, '2025-07-15 07:18:11', '2025-07-15 07:18:11'),
(1581, 35, 'MP500 MAGNETIC TAPE 7000MM WITH CV103 ML:7000MM', 'NOs', 9.00, 9.00, NULL, '2025-07-15 07:18:11', '2025-07-15 07:18:11'),
(1582, 35, 'MP500 MAGNETIC TAPE 710MM WITH CV103 ML:710MM', 'NOs', 9.00, 9.00, NULL, '2025-07-15 07:18:11', '2025-07-15 07:18:11'),
(1583, 35, 'MT6 DEADCENTRE', 'NOs', 9.00, 9.00, NULL, '2025-07-15 07:18:11', '2025-07-15 07:18:11'),
(1584, 35, 'MULTIMETER PROBE', 'NOs', 9.00, 9.00, NULL, '2025-07-15 07:18:11', '2025-07-15 07:18:11'),
(1585, 35, 'NEOPRENE RUBBER SHEET', 'NOs', 9.00, 9.00, NULL, '2025-07-15 07:18:11', '2025-07-15 07:18:11'),
(1586, 35, 'OD GRINDING CENTRE BULLET', 'NOs', 9.00, 9.00, NULL, '2025-07-15 07:18:11', '2025-07-15 07:18:11'),
(1587, 35, 'OIL BAUM OIL CAN 1/2 PINT 250CC', 'NOs', 2.50, 2.50, NULL, '2025-07-15 07:18:11', '2025-07-15 07:18:11'),
(1588, 35, 'OIL FILTER', 'NOs', 9.00, 9.00, NULL, '2025-07-15 07:18:11', '2025-07-15 07:18:11'),
(1589, 35, 'OIL INDICATOR', 'NOs', 9.00, 9.00, NULL, '2025-07-15 07:18:11', '2025-07-15 07:18:11'),
(1590, 35, 'OIL SEPARATOR', 'NOs', 9.00, 9.00, NULL, '2025-07-15 07:18:11', '2025-07-15 07:18:11'),
(1591, 35, 'OPTICAL LINEAR SCALE ASSEMBLY RES 1micron MODEL: GVS400 T1Z 0450 05LDQ M04/A SC ML:450mm', 'NOs', 9.00, 9.00, NULL, '2025-07-15 07:18:11', '2025-07-15 07:18:11'),
(1592, 35, 'OPTICAL LINEAR SCALE ASSEMBLY RES 5micron MODEL: GVS300 T5Z 0400 05VQ M04/A SC ML:400mm', 'NOs', 9.00, 9.00, NULL, '2025-07-15 07:18:11', '2025-07-15 07:18:11'),
(1593, 35, 'PAPER FILTER REFILL ROLL 700WIDTH 30 MTR', 'NOs', 9.00, 9.00, NULL, '2025-07-15 07:18:11', '2025-07-15 07:18:11'),
(1594, 35, 'PINION FOR G22 GM', 'NOs', 9.00, 9.00, NULL, '2025-07-15 07:18:11', '2025-07-15 07:18:11'),
(1595, 35, 'POWER TRANSFORMER 315KVA', 'NOs', 9.00, 9.00, NULL, '2025-07-15 07:18:11', '2025-07-15 07:18:11'),
(1596, 35, 'PRE FILTER 177 CFM', 'NOs', 9.00, 9.00, NULL, '2025-07-15 07:18:11', '2025-07-15 07:18:11'),
(1597, 35, 'PRESSURE GUAGE DIAL 50MM RANGE 25KG', 'NOs', 9.00, 9.00, NULL, '2025-07-15 07:18:11', '2025-07-15 07:18:11'),
(1598, 35, 'PRESSURE GUAGE DIAL 63MM RANGE 70KG', 'NOs', 9.00, 9.00, NULL, '2025-07-15 07:18:11', '2025-07-15 07:18:11'),
(1599, 35, 'PROTECTIVE COVER', 'NOs', 9.00, 9.00, NULL, '2025-07-15 07:18:11', '2025-07-15 07:18:11'),
(1600, 35, 'PULLEY 3X3A', 'NOS', 9.00, 9.00, NULL, '2025-07-15 07:18:11', '2025-07-15 07:18:11'),
(1601, 35, 'PULLEY 5 X3B', 'NOs', 9.00, 9.00, NULL, '2025-07-15 07:18:11', '2025-07-15 07:18:11'),
(1602, 35, 'PVC PULLEY', 'NOs', 9.00, 9.00, NULL, '2025-07-15 07:18:11', '2025-07-15 07:18:11'),
(1603, 35, 'RECOVERY RING', 'NOs', NULL, NULL, NULL, '2025-07-15 07:18:11', '2025-07-15 07:18:11'),
(1604, 35, 'REVOLVING CENTRE MT6 HD STRIBECK', 'NOs', 9.00, 9.00, NULL, '2025-07-15 07:18:11', '2025-07-15 07:18:11'),
(1605, 35, 'ROLLER SPLINE BUSH 36TX2.10MX55F/W BOTTOM', 'NOs', 9.00, 9.00, NULL, '2025-07-15 07:18:11', '2025-07-15 07:18:11'),
(1606, 35, 'ROLLER SPLINE BUSH44TX2.25MX70F/W TOP', 'NOs', 9.00, 9.00, NULL, '2025-07-15 07:18:11', '2025-07-15 07:18:11'),
(1607, 35, 'ROLLON SLIDEWAY ROLLON', 'SQFT', 9.00, 9.00, NULL, '2025-07-15 07:18:11', '2025-07-15 07:18:11'),
(1608, 35, 'ROLLON SLIDEWAY ROLLON 1.6X12\"X4360', 'NOs', 9.00, 9.00, NULL, '2025-07-15 07:18:11', '2025-07-15 07:18:11'),
(1609, 35, 'ROLLON SLIDEWAY ROLLON 2.0X12\"X800', 'NOs', 9.00, 9.00, NULL, '2025-07-15 07:18:11', '2025-07-15 07:18:11'),
(1610, 35, 'ROLLON SLIDEWAY ROLLON 2.0X12\"X82\"', 'NOs', 9.00, 9.00, NULL, '2025-07-15 07:18:11', '2025-07-15 07:18:11'),
(1611, 35, 'RUBBER O-RING', 'NOs', 9.00, 9.00, NULL, '2025-07-15 07:18:11', '2025-07-15 07:18:11'),
(1612, 35, 'RUBBER SHEET', 'kg', 9.00, 9.00, NULL, '2025-07-15 07:18:11', '2025-07-15 07:18:11'),
(1613, 35, 'SINGLE AXIS DRO ASSEMBLY V1518 230V 0/5', 'NOs', 9.00, 9.00, NULL, '2025-07-15 07:18:11', '2025-07-15 07:18:11'),
(1614, 35, 'SLAT TYPE CHIP CONVEYOR', 'NOs', 9.00, 9.00, NULL, '2025-07-15 07:18:11', '2025-07-15 07:18:11'),
(1615, 35, 'SOFT JAWS', 'SET', 9.00, 9.00, NULL, '2025-07-15 07:18:11', '2025-07-15 07:18:11'),
(1616, 35, 'SOLENOID VALVE', 'NOs', 9.00, 9.00, NULL, '2025-07-15 07:18:11', '2025-07-15 07:18:11'),
(1617, 35, 'SPEED GOVERNOR', 'NOs', 9.00, 9.00, NULL, '2025-07-15 07:18:11', '2025-07-15 07:18:11'),
(1618, 35, 'SPLINE BUSH FOR PATHE BRAKE', 'NOs', 9.00, 9.00, NULL, '2025-07-15 07:18:11', '2025-07-15 07:18:11'),
(1619, 35, 'SPLIT SLEEVE MT2 12MM', 'NOs', 9.00, 9.00, NULL, '2025-07-15 07:18:11', '2025-07-15 07:18:11'),
(1620, 35, 'SPRING Q4', 'NOs', 9.00, 9.00, NULL, '2025-07-15 07:18:11', '2025-07-15 07:18:11'),
(1621, 35, 'SPRING Q6', 'NOs', 9.00, 9.00, NULL, '2025-07-15 07:18:11', '2025-07-15 07:18:11'),
(1622, 35, 'SPUR GEAR FOR G22 GM', 'NOs', 9.00, 9.00, NULL, '2025-07-15 07:18:11', '2025-07-15 07:18:11'),
(1623, 35, 'SPUR GEAR FOR HMT FN3', 'NOs', 9.00, 9.00, NULL, '2025-07-15 07:18:11', '2025-07-15 07:18:11'),
(1624, 35, 'SPUR GEAR NH22 LATHE', 'NOs', 9.00, 9.00, NULL, '2025-07-15 07:18:11', '2025-07-15 07:18:11'),
(1625, 35, 'SPUR GEARS', 'NOs', 9.00, 9.00, NULL, '2025-07-15 07:18:11', '2025-07-15 07:18:11'),
(1626, 35, 'STEADY PIN CAP WHITE METAL', 'NOs', 9.00, 9.00, NULL, '2025-07-15 07:18:11', '2025-07-15 07:18:11'),
(1627, 35, 'STRIBECK MT5 REV CENTRE', 'NOs', 9.00, 9.00, NULL, '2025-07-15 07:18:11', '2025-07-15 07:18:11'),
(1628, 35, 'STRIBECK SLEEVE', 'NOs', 9.00, 9.00, NULL, '2025-07-15 07:18:11', '2025-07-15 07:18:11'),
(1629, 35, 'SUBMERCIBLE PUMP', 'NOs', 9.00, 9.00, NULL, '2025-07-15 07:18:11', '2025-07-15 07:18:11'),
(1630, 35, 'SUCTION STRAINER 1\"', 'NOs', 9.00, 9.00, NULL, '2025-07-15 07:18:11', '2025-07-15 07:18:11'),
(1631, 35, 'SUCTION STRAINER 1/2\"', 'NOs', 9.00, 9.00, NULL, '2025-07-15 07:18:11', '2025-07-15 07:18:11'),
(1632, 35, 'SUPPLY POINT MODULO GEN 02 MAIN FRAME', 'NOs', 9.00, 9.00, NULL, '2025-07-15 07:18:11', '2025-07-15 07:18:11'),
(1633, 35, 'TAPER GRINDING MT3 DEAD CENTRE', 'NOs', 9.00, 9.00, NULL, '2025-07-15 07:18:11', '2025-07-15 07:18:11'),
(1634, 35, 'TAPER GRINDING MT6 DEAD CENTRE', 'NOs', 9.00, 9.00, NULL, '2025-07-15 07:18:11', '2025-07-15 07:18:11'),
(1635, 35, 'TAPER MOUNT 48X72X34 M12X70', 'NOs', 9.00, 9.00, NULL, '2025-07-15 07:18:11', '2025-07-15 07:18:11'),
(1636, 35, 'TENON FOR CHUCK JAWS', 'NOs', 9.00, 9.00, NULL, '2025-07-15 07:18:11', '2025-07-15 07:18:11'),
(1637, 35, 'THROUGH COOLENT ADAPTOR', 'NOs', 9.00, 9.00, NULL, '2025-07-15 07:18:11', '2025-07-15 07:18:11'),
(1638, 35, 'TOOL HOLDER DLLNR/L 3232M16', 'NOs', 9.00, 9.00, 18.00, '2025-07-15 07:18:11', '2025-07-15 07:18:11'),
(1639, 35, 'TOOL HOLDER PCLNR/L 2525M12', 'NOs', 9.00, 9.00, NULL, '2025-07-15 07:18:11', '2025-07-15 07:18:11'),
(1640, 35, 'TOOL HOLDER PSSNR 2525 M12', 'NOs', 9.00, 9.00, NULL, '2025-07-15 07:18:11', '2025-07-15 07:18:11'),
(1641, 35, 'TOOL HOLDER SCREWS CSPB-18FL4.3', 'NOs', NULL, NULL, NULL, '2025-07-15 07:18:11', '2025-07-15 07:18:11'),
(1642, 35, 'TOOLHOLDER BDJNL 32-32 M15', 'NOs', 9.00, 9.00, NULL, '2025-07-15 07:18:11', '2025-07-15 07:18:11'),
(1643, 35, 'TOWER LAMP 3 TIER WITH BUZZER 24V DC', 'NOs', 9.00, 9.00, NULL, '2025-07-15 07:18:11', '2025-07-15 07:18:11'),
(1644, 35, 'TRANSFORMER', 'NOS', 9.00, 9.00, NULL, '2025-07-15 07:18:11', '2025-07-15 07:18:11'),
(1645, 35, 'TRANSFORMER SILICON JELLY BREATHER', 'NOs', 9.00, 9.00, NULL, '2025-07-15 07:18:11', '2025-07-15 07:18:11'),
(1646, 35, 'TURCITE', 'NOs', 9.00, 9.00, NULL, '2025-07-15 07:18:11', '2025-07-15 07:18:11'),
(1647, 35, 'TURRET SLEEVE 25DIAX55 : 12MM', 'NOs', 9.00, 9.00, NULL, '2025-07-15 07:18:11', '2025-07-15 07:18:11'),
(1648, 35, 'TURRET SLEEVE 50DIAX12 MM', 'NOS', 9.00, 9.00, NULL, '2025-07-15 07:18:11', '2025-07-15 07:18:11'),
(1649, 35, 'TURRET SLEEVE 50DIAX40 MM', 'NOS', 9.00, 9.00, NULL, '2025-07-15 07:18:11', '2025-07-15 07:18:11'),
(1650, 35, 'TURRET SLEEVE 50DIAXMT3', 'NOS', 9.00, 9.00, NULL, '2025-07-15 07:18:11', '2025-07-15 07:18:11'),
(1651, 35, 'VARNISH', 'NOs', 9.00, 9.00, NULL, '2025-07-15 07:18:11', '2025-07-15 07:18:11'),
(1652, 35, 'VOLTAGE STABILIZER', 'NOs', 9.00, 9.00, NULL, '2025-07-15 07:18:11', '2025-07-15 07:18:11'),
(1653, 35, 'WOOD CUTTING machine  4\" planet', 'NOs', 9.00, 9.00, NULL, '2025-07-15 07:18:11', '2025-07-15 07:18:11'),
(1654, 36, '2X2 MAN HOLE COVER', 'NOs', 9.00, 9.00, NULL, '2025-07-15 07:18:11', '2025-07-15 07:18:11'),
(1655, 36, 'BINDING WIRE', 'NOs', 9.00, 9.00, NULL, '2025-07-15 07:18:11', '2025-07-15 07:18:11'),
(1656, 36, 'CEMENT', 'Bag', 14.00, 14.00, NULL, '2025-07-15 07:18:11', '2025-07-15 07:18:11'),
(1657, 36, 'CEMENT ULTRATEC PPC', 'BAG', 14.00, 14.00, NULL, '2025-07-15 07:18:11', '2025-07-15 07:18:11'),
(1658, 36, 'CERAMIC TILES 4X2', 'NOs', 9.00, 9.00, NULL, '2025-07-15 07:18:11', '2025-07-15 07:18:11'),
(1659, 36, 'CERAMIC TILES 6X4', 'NOs', 9.00, 9.00, NULL, '2025-07-15 07:18:11', '2025-07-15 07:18:11'),
(1660, 36, 'CONBEXTRA GP2 25KG', 'BAG', 9.00, 9.00, NULL, '2025-07-15 07:18:11', '2025-07-15 07:18:11'),
(1661, 36, 'DR FIXIT PIDICRETE URP 5 LTR', 'NOs', 9.00, 9.00, NULL, '2025-07-15 07:18:11', '2025-07-15 07:18:11'),
(1662, 36, 'EPOXY FLOORING 2MM THK', 'SQFT', 9.00, 9.00, NULL, '2025-07-15 07:18:11', '2025-07-15 07:18:11'),
(1663, 36, 'EWC', 'NOs', 9.00, 9.00, NULL, '2025-07-15 07:18:11', '2025-07-15 07:18:11'),
(1664, 36, 'FLOORING TILES 600X600', 'NOs', 9.00, 9.00, NULL, '2025-07-15 07:18:11', '2025-07-15 07:18:11'),
(1665, 36, 'FLORA SINGLE PIECE EWC', 'NOs', 9.00, 9.00, NULL, '2025-07-15 07:18:11', '2025-07-15 07:18:11'),
(1666, 36, 'GLAZED TILES', 'NOs', 9.00, 9.00, NULL, '2025-07-15 07:18:11', '2025-07-15 07:18:11'),
(1667, 36, 'GLAZED TILES 300X300', 'NOs', 9.00, 9.00, NULL, '2025-07-15 07:18:11', '2025-07-15 07:18:11'),
(1668, 36, 'GLAZED TILES 300X450', 'NOs', 9.00, 9.00, NULL, '2025-07-15 07:18:11', '2025-07-15 07:18:11'),
(1669, 36, 'GLAZED TILES 300X600', 'NOs', 9.00, 9.00, NULL, '2025-07-15 07:18:11', '2025-07-15 07:18:11'),
(1670, 36, 'GURMALA', 'NOs', 9.00, 9.00, NULL, '2025-07-15 07:18:11', '2025-07-15 07:18:11'),
(1671, 36, 'HEALTH FAUCET', 'NOs', 9.00, 9.00, 0.00, '2025-07-15 07:18:11', '2025-07-15 07:18:11'),
(1672, 36, 'HEALTH FAUCET PVC', 'NOs', 9.00, 9.00, NULL, '2025-07-15 07:18:11', '2025-07-15 07:18:11'),
(1673, 36, 'injectable MORTAR', 'NOs', 9.00, 9.00, NULL, '2025-07-15 07:18:11', '2025-07-15 07:18:11'),
(1674, 36, 'MAN HOLE COVER', 'NOs', 9.00, 9.00, NULL, '2025-07-15 07:18:11', '2025-07-15 07:18:11'),
(1675, 36, 'RCM GROUT 1KG', 'NOs', 9.00, 9.00, NULL, '2025-07-15 07:18:11', '2025-07-15 07:18:11'),
(1676, 36, 'READYMIX CONCRETE GRADE M25', 'NOs', 9.00, 9.00, NULL, '2025-07-15 07:18:11', '2025-07-15 07:18:11'),
(1677, 36, 'ROFF CEMENT', 'kg', 14.00, 14.00, NULL, '2025-07-15 07:18:11', '2025-07-15 07:18:11'),
(1678, 36, 'ROFF CEMENT 30KG', 'Bag', 14.00, 14.00, NULL, '2025-07-15 07:18:11', '2025-07-15 07:18:11'),
(1679, 36, 'RTM GROUT 1KG', 'NOs', 9.00, 9.00, NULL, '2025-07-15 07:18:11', '2025-07-15 07:18:11'),
(1680, 36, 'SANITARY FITTINGS', 'NOs', 9.00, 9.00, NULL, '2025-07-15 07:18:11', '2025-07-15 07:18:11'),
(1681, 36, 'TABLE TOP WASH BASIN', 'NOs', 9.00, 9.00, NULL, '2025-07-15 07:18:11', '2025-07-15 07:18:11'),
(1682, 36, 'TATA GREEN OXIDE 1KG', 'NOs', 9.00, 9.00, NULL, '2025-07-15 07:18:11', '2025-07-15 07:18:11'),
(1683, 36, 'ULTRATEC WEATHER PRO 5 Ltr', 'NOs', 9.00, 9.00, NULL, '2025-07-15 07:18:11', '2025-07-15 07:18:11'),
(1684, 36, 'URINAL PARTITION', 'NOs', 9.00, 9.00, NULL, '2025-07-15 07:18:11', '2025-07-15 07:18:11'),
(1685, 36, 'URINALS', 'NOs', 9.00, 9.00, NULL, '2025-07-15 07:18:11', '2025-07-15 07:18:11'),
(1686, 36, 'WALL TILES 300X600', 'NOs', 9.00, 9.00, NULL, '2025-07-15 07:18:11', '2025-07-15 07:18:11'),
(1687, 36, 'WASH BASIN RACK BOLT', 'NOs', 9.00, 9.00, NULL, '2025-07-15 07:18:11', '2025-07-15 07:18:11'),
(1688, 36, 'WHITE CEMENT 1KG', 'NOs', 14.00, 14.00, NULL, '2025-07-15 07:18:11', '2025-07-15 07:18:11'),
(1689, 36, 'WHITE CEMENT 5KG', 'NOs', 14.00, 14.00, NULL, '2025-07-15 07:18:11', '2025-07-15 07:18:11'),
(1690, 37, '1630204105-OIL RS ULTRA 5L', 'NOs', 9.00, 9.00, NULL, '2025-07-15 07:18:11', '2025-07-15 07:18:11'),
(1691, 37, 'OIL AIR LUBE XD-20L (BPCL)', 'NOS', 9.00, 9.00, NULL, '2025-07-15 07:18:11', '2025-07-15 07:18:11'),
(1692, 37, 'OIL CASTROL CRB PLUS 20W40', 'Ltr', 9.00, 9.00, NULL, '2025-07-15 07:18:11', '2025-07-15 07:18:11'),
(1693, 37, 'OIL COOLANT FRICON COOLCUT G', 'LTR', 9.00, 9.00, NULL, '2025-07-15 07:18:11', '2025-07-15 07:18:11'),
(1694, 37, 'OIL ENKLO 32', 'LTR', 9.00, 9.00, NULL, '2025-07-15 07:18:11', '2025-07-15 07:18:11'),
(1695, 37, 'OIL ENKLO 68 DRUM', 'Ltr', 9.00, 9.00, NULL, '2025-07-15 07:18:11', '2025-07-15 07:18:11'),
(1696, 37, 'OIL FRICON COOLKUTT G', 'Ltr', 9.00, 9.00, NULL, '2025-07-15 07:18:11', '2025-07-15 07:18:11'),
(1697, 37, 'OIL FRICON SYSTEM OIL - 220', 'LTR', 9.00, 9.00, NULL, '2025-07-15 07:18:11', '2025-07-15 07:18:11'),
(1698, 37, 'OIL GEAR 220 VG220', 'LTR', 9.00, 9.00, NULL, '2025-07-15 07:18:11', '2025-07-15 07:18:11'),
(1699, 37, 'OIL KIRLOSKAR CARE SUPER GENUINE OIL 5 LT', 'CAN', 9.00, 9.00, NULL, '2025-07-15 07:18:11', '2025-07-15 07:18:11'),
(1700, 37, 'OIL MOBIL VELOCITE NO 3', 'Ltr', 9.00, 9.00, NULL, '2025-07-15 07:18:11', '2025-07-15 07:18:11'),
(1701, 37, 'OIL MORLINA S2 BL 10', 'Ltr', 9.00, 9.00, NULL, '2025-07-15 07:18:11', '2025-07-15 07:18:11'),
(1702, 37, 'OIL MULTI ACTION LIQUID RUST PREVENTIVE LIQUID', 'Ltr', 9.00, 9.00, NULL, '2025-07-15 07:18:11', '2025-07-15 07:18:11'),
(1703, 37, 'OIL RELEASE ON TAPPING OIL', 'LTR', 9.00, 9.00, NULL, '2025-07-15 07:18:11', '2025-07-15 07:18:11'),
(1704, 37, 'OIL RELEASE ON TAPPING OIL SS', 'Ltr', 9.00, 9.00, NULL, '2025-07-15 07:18:11', '2025-07-15 07:18:11'),
(1705, 37, 'OIL RP MULTI ACTION LIQUID', 'LTR', 9.00, 9.00, NULL, '2025-07-15 07:18:11', '2025-07-15 07:18:11'),
(1706, 37, 'OIL RP SOVCI 412', 'LTR', 9.00, 9.00, NULL, '2025-07-15 07:18:11', '2025-07-15 07:18:11'),
(1707, 37, 'OIL RP SOVCI 419', 'LTR', 9.00, 9.00, NULL, '2025-07-15 07:18:11', '2025-07-15 07:18:11'),
(1708, 37, 'OIL RS ULTRA 5 LTR', 'NOs', 9.00, 9.00, NULL, '2025-07-15 07:18:11', '2025-07-15 07:18:11'),
(1709, 37, 'OIL RS ULTRA 5LTR', 'NOs', 9.00, 9.00, NULL, '2025-07-15 07:18:11', '2025-07-15 07:18:11'),
(1710, 37, 'OIL RUST PREVENTIVE OIL', 'Ltr', 9.00, 9.00, NULL, '2025-07-15 07:18:11', '2025-07-15 07:18:11'),
(1711, 37, 'OIL SHELL TONNA S2 M68 -20L', 'NOs', 9.00, 9.00, NULL, '2025-07-15 07:18:11', '2025-07-15 07:18:11'),
(1712, 37, 'OIL SPINTEK 12', 'NOs', 9.00, 9.00, NULL, '2025-07-15 07:18:11', '2025-07-15 07:18:11'),
(1713, 37, 'OIL TECTYLE RUST COATING OIL', 'Ltr', 9.00, 9.00, NULL, '2025-07-15 07:18:11', '2025-07-15 07:18:11'),
(1714, 37, 'OIL TRANSFORMER OIL', 'Ltr', 9.00, 9.00, NULL, '2025-07-15 07:18:11', '2025-07-15 07:18:11'),
(1715, 37, 'SOAP OIL', 'NOs', 9.00, 9.00, NULL, '2025-07-15 07:18:11', '2025-07-15 07:18:11'),
(1716, 38, 'BATTERY RACK', 'NOs', 9.00, 9.00, NULL, '2025-07-15 07:18:11', '2025-07-15 07:18:11'),
(1717, 38, 'CEILING FAN 1200MM', 'NOs', 9.00, 9.00, NULL, '2025-07-15 07:18:11', '2025-07-15 07:18:11'),
(1718, 38, 'CEILING FAN 1200MM AD SILENT PRO - CH GREY', 'NOs', 9.00, 9.00, NULL, '2025-07-15 07:18:11', '2025-07-15 07:18:11'),
(1719, 38, 'CENTRIFUGAL FAN', 'NOS', 9.00, 9.00, NULL, '2025-07-15 07:18:11', '2025-07-15 07:18:11'),
(1720, 38, 'CHAIR AURA M B', 'NOs', 9.00, 9.00, NULL, '2025-07-15 07:18:11', '2025-07-15 07:18:11'),
(1721, 38, 'CHAIR MD CHAIR', 'NOs', 9.00, 9.00, NULL, '2025-07-15 07:18:11', '2025-07-15 07:18:11'),
(1722, 38, 'CHAIR VIS 002', 'NOs', 9.00, 9.00, NULL, '2025-07-15 07:18:11', '2025-07-15 07:18:11'),
(1723, 38, 'DIAMOND MESH', 'SQFT', 9.00, 9.00, NULL, '2025-07-15 07:18:11', '2025-07-15 07:18:11'),
(1724, 38, 'EMPTY DRUMS', 'NOs', 9.00, 9.00, NULL, '2025-07-15 07:18:11', '2025-07-15 07:18:11'),
(1725, 38, 'EQUIPMENT PAYMENT', 'NOs', NULL, NULL, NULL, '2025-07-15 07:18:11', '2025-07-15 07:18:11'),
(1726, 38, 'IMPORT LOGISTICS - TERMINAL HANDLING CHARGES', 'NOs', NULL, NULL, NULL, '2025-07-15 07:18:11', '2025-07-15 07:18:11'),
(1727, 38, 'INDUSTRIAL LOCKER WITH 18 COMPS', 'NOs', 9.00, 9.00, NULL, '2025-07-15 07:18:11', '2025-07-15 07:18:11'),
(1728, 38, 'PSB-302 PANDA BINS 315X100X110', 'NOs', 9.00, 9.00, NULL, '2025-07-15 07:18:11', '2025-07-15 07:18:11'),
(1729, 38, 'PSB-303 PANDA BINS 315X150X110', 'NOs', 9.00, 9.00, NULL, '2025-07-15 07:18:11', '2025-07-15 07:18:11'),
(1730, 38, 'PSB-304 PANDA BINS 315X220X135', 'NOs', 9.00, 9.00, NULL, '2025-07-15 07:18:11', '2025-07-15 07:18:11'),
(1731, 38, 'PSB-305 PANDA BINS 315X300X135', 'NOs', 9.00, 9.00, NULL, '2025-07-15 07:18:11', '2025-07-15 07:18:11'),
(1732, 38, 'PVC GHAMELA', 'NOs', 9.00, 9.00, NULL, '2025-07-15 07:18:11', '2025-07-15 07:18:11'),
(1733, 38, 'SS 12FT HANDWASHING SINK', 'NOs', 9.00, 9.00, NULL, '2025-07-15 07:18:11', '2025-07-15 07:18:11'),
(1734, 38, 'SS 2 SEATER BENCH', 'NOs', 9.00, 9.00, NULL, '2025-07-15 07:18:11', '2025-07-15 07:18:11'),
(1735, 38, 'SS 3 TIER PLATE CARRIER', 'NOs', 9.00, 9.00, NULL, '2025-07-15 07:18:11', '2025-07-15 07:18:11'),
(1736, 38, 'SS 4 SEATER BENCH', 'NOs', 9.00, 9.00, NULL, '2025-07-15 07:18:11', '2025-07-15 07:18:11'),
(1737, 38, 'SS 4 SEATER DINING TABLE', 'NOs', 9.00, 9.00, NULL, '2025-07-15 07:18:11', '2025-07-15 07:18:11'),
(1738, 38, 'SS 8 SEATER DINING TABLE', 'NOs', 9.00, 9.00, NULL, '2025-07-15 07:18:11', '2025-07-15 07:18:11'),
(1739, 38, 'SS WORKING TABLE', 'NOs', 9.00, 9.00, NULL, '2025-07-15 07:18:11', '2025-07-15 07:18:11'),
(1740, 38, 'TYRE', 'NOs', 14.00, 14.00, NULL, '2025-07-15 07:18:11', '2025-07-15 07:18:11'),
(1741, 38, 'TYRE JK 8.25-20 16PR JET XTRA XLM TT', 'NOs', 9.00, 9.00, NULL, '2025-07-15 07:18:11', '2025-07-15 07:18:11'),
(1742, 38, 'WELDMESH', 'SQ FT', 9.00, 9.00, NULL, '2025-07-15 07:18:11', '2025-07-15 07:18:11'),
(1743, 38, 'WINDOWS 11 + MS OFFICE PRO 2021', 'NOs', 9.00, 9.00, NULL, '2025-07-15 07:18:11', '2025-07-15 07:18:11'),
(1744, 39, '2\" CELLO TAPE WHITE', 'NOs', 9.00, 9.00, NULL, '2025-07-15 07:18:11', '2025-07-15 07:18:11'),
(1745, 39, 'AIR BUBBLE ROLL', 'ROLL', 9.00, 9.00, NULL, '2025-07-15 07:18:11', '2025-07-15 07:18:11'),
(1746, 39, 'BUCKLES FOR NYLON STRAPS', 'NOs', 9.00, 9.00, NULL, '2025-07-15 07:18:11', '2025-07-15 07:18:11'),
(1747, 39, 'DOUBLE TAPE', 'NOs', 9.00, 9.00, NULL, '2025-07-15 07:18:11', '2025-07-15 07:18:11'),
(1748, 39, 'EPE FOAM 3MM', 'ROLL', 9.00, 9.00, NULL, '2025-07-15 07:18:11', '2025-07-15 07:18:11'),
(1749, 39, 'EPE FOAM 4MM', 'ROLL', 9.00, 9.00, NULL, '2025-07-15 07:18:11', '2025-07-15 07:18:11'),
(1750, 39, 'EPF FOAM 3MM', 'NOs', 9.00, 9.00, NULL, '2025-07-15 07:18:11', '2025-07-15 07:18:11'),
(1751, 39, 'EPF FOAM 4MM', 'NOs', 9.00, 9.00, NULL, '2025-07-15 07:18:11', '2025-07-15 07:18:11'),
(1752, 39, 'HDPE WOVEN FABRIC', 'NOs', 9.00, 9.00, NULL, '2025-07-15 07:18:11', '2025-07-15 07:18:11'),
(1753, 39, 'JUTE TWINE', 'NOs', 9.00, 9.00, NULL, '2025-07-15 07:18:11', '2025-07-15 07:18:11'),
(1754, 39, 'LASHING BELT 10 MTR', 'NOs', 9.00, 9.00, NULL, '2025-07-15 07:18:11', '2025-07-15 07:18:11'),
(1755, 39, 'LASHING BELT 14 MTR', 'NOs', 9.00, 9.00, NULL, '2025-07-15 07:18:11', '2025-07-15 07:18:11'),
(1756, 39, 'LASHING BELT 6 MTR', 'NOs', 9.00, 9.00, NULL, '2025-07-15 07:18:11', '2025-07-15 07:18:11'),
(1757, 39, 'LASHING BELT 8 MTR', 'NOs', 9.00, 9.00, NULL, '2025-07-15 07:18:11', '2025-07-15 07:18:11'),
(1758, 39, 'MASKING TAPE', 'NOs', 9.00, 9.00, NULL, '2025-07-15 07:18:11', '2025-07-15 07:18:11'),
(1759, 39, 'MASKING TAPE 3/4\" X 40MTR', 'NOs', 9.00, 9.00, NULL, '2025-07-15 07:18:11', '2025-07-15 07:18:11'),
(1760, 39, 'MASKING TAPES 12X30', 'NOs', 9.00, 9.00, NULL, '2025-07-15 07:18:11', '2025-07-15 07:18:11'),
(1761, 39, 'MASKING TAPES 25X30', 'NOs', 9.00, 9.00, NULL, '2025-07-15 07:18:11', '2025-07-15 07:18:11'),
(1762, 39, 'MASKING TAPES 48X30', 'NOs', 9.00, 9.00, NULL, '2025-07-15 07:18:11', '2025-07-15 07:18:11'),
(1763, 39, 'NYLON STRAPPS', 'KG', 6.00, 6.00, NULL, '2025-07-15 07:18:11', '2025-07-15 07:18:11'),
(1764, 39, 'PACKING CLIPS 19MM', 'NOs', 9.00, 9.00, NULL, '2025-07-15 07:18:11', '2025-07-15 07:18:11'),
(1765, 39, 'PACKING TENSIONER HEAVY DUTY', 'NOs', 9.00, 9.00, NULL, '2025-07-15 07:18:11', '2025-07-15 07:18:11'),
(1766, 39, 'PLYWOOD 12MM 2.44X1.22', 'NOs', 9.00, 9.00, NULL, '2025-07-15 07:18:11', '2025-07-15 07:18:11'),
(1767, 39, 'PLYWOOD 12MM 8FT X 4FT', 'NOs', 9.00, 9.00, NULL, '2025-07-15 07:18:11', '2025-07-15 07:18:11'),
(1768, 39, 'PLYWOOD 8MM 8FT X 4FT', 'NOs', 9.00, 9.00, NULL, '2025-07-15 07:18:11', '2025-07-15 07:18:11'),
(1769, 39, 'RACHET LASHING BELT 50MM X 10MTR ORANGE', 'NOs', 9.00, 9.00, NULL, '2025-07-15 07:18:11', '2025-07-15 07:18:11'),
(1770, 39, 'RACHET LASHING BELT 50MM X 12MTR ORANGE', 'NOs', 9.00, 9.00, NULL, '2025-07-15 07:18:11', '2025-07-15 07:18:11'),
(1771, 39, 'RACHET LASHING BELT 50MM X 8MTR ORANGE', 'NOs', 9.00, 9.00, NULL, '2025-07-15 07:18:11', '2025-07-15 07:18:11'),
(1772, 39, 'SELF ADHESIVE TAPE 1\" ABRO', 'NOs', 9.00, 9.00, NULL, '2025-07-15 07:18:11', '2025-07-15 07:18:11'),
(1773, 39, 'SELF ADHESIVE TAPE 2\"', 'NOs', 9.00, 9.00, NULL, '2025-07-15 07:18:11', '2025-07-15 07:18:11'),
(1774, 39, 'SELF ADHESIVE TAPE 2\" ABRO', 'NOs', 9.00, 9.00, NULL, '2025-07-15 07:18:11', '2025-07-15 07:18:11'),
(1775, 39, 'SELF ADHESIVE TAPE 2\" BROWN', 'NOs', 9.00, 9.00, NULL, '2025-07-15 07:18:11', '2025-07-15 07:18:11'),
(1776, 39, 'SELF ADHESIVE TAPE 2\" WHITE', 'NOs', 9.00, 9.00, NULL, '2025-07-15 07:18:11', '2025-07-15 07:18:11'),
(1777, 39, 'SELF LOCK COVER', 'NOs', 9.00, 9.00, NULL, '2025-07-15 07:18:11', '2025-07-15 07:18:11'),
(1778, 39, 'SELF STICK ASPHALTIC SHEET', 'NOs', 9.00, 9.00, NULL, '2025-07-15 07:18:11', '2025-07-15 07:18:11'),
(1779, 39, 'SILICA GEL', 'NOs', 9.00, 9.00, NULL, '2025-07-15 07:18:11', '2025-07-15 07:18:11'),
(1780, 39, 'SILICA GEL 50GMS', 'NOs', 9.00, 9.00, NULL, '2025-07-15 07:18:11', '2025-07-15 07:18:11'),
(1781, 39, 'STEEL STRAPPS', 'KG', 9.00, 9.00, NULL, '2025-07-15 07:18:11', '2025-07-15 07:18:11'),
(1782, 39, 'STRECH FILM 150MM', 'kg', 9.00, 9.00, NULL, '2025-07-15 07:18:11', '2025-07-15 07:18:11'),
(1783, 39, 'STRECH FILM 300MM', 'kg', 9.00, 9.00, NULL, '2025-07-15 07:18:11', '2025-07-15 07:18:11'),
(1784, 39, 'STRECH WRAP FILM 150MM', 'Kgs', 9.00, 9.00, NULL, '2025-07-15 07:18:11', '2025-07-15 07:18:11'),
(1785, 39, 'STRECH WRAP FILM 300MM', 'Kgs', 9.00, 9.00, NULL, '2025-07-15 07:18:11', '2025-07-15 07:18:11'),
(1786, 39, 'STRECH WRAP ROLL 100MM', 'Kgs', 9.00, 9.00, NULL, '2025-07-15 07:18:11', '2025-07-15 07:18:11'),
(1787, 39, 'STRECH WRAP ROLL 150MM', 'Kgs', 9.00, 9.00, NULL, '2025-07-15 07:18:11', '2025-07-15 07:18:11'),
(1788, 39, 'STRECH WRAP ROLL 300MM', 'Kgs', 9.00, 9.00, NULL, '2025-07-15 07:18:11', '2025-07-15 07:18:11'),
(1789, 39, 'STRECH WRAP ROLL 500MM', 'Kgs', 9.00, 9.00, NULL, '2025-07-15 07:18:11', '2025-07-15 07:18:11'),
(1790, 39, 'TARPAULIN', 'NOs', 9.00, 9.00, NULL, '2025-07-15 07:18:11', '2025-07-15 07:18:11'),
(1791, 39, 'VCI SHEET YELLOW', 'kg', 9.00, 9.00, NULL, '2025-07-15 07:18:11', '2025-07-15 07:18:11'),
(1792, 39, 'WOODEN BLOCK CFt', 'CFt', 9.00, 9.00, NULL, '2025-07-15 07:18:11', '2025-07-15 07:18:11'),
(1793, 39, 'WOODEN BLOCK Nos', 'NOs', 9.00, 9.00, NULL, '2025-07-15 07:18:11', '2025-07-15 07:18:11'),
(1794, 40, 'ASBESTOS ROPE', 'KG', 9.00, 9.00, NULL, '2025-07-15 07:18:11', '2025-07-15 07:18:11'),
(1795, 8, 'FERM PAINT MIXING MACHINE MODEL PMM1006', 'NOs', 9.00, 9.00, NULL, '2025-07-15 07:18:11', '2025-07-15 07:18:11'),
(1796, 8, 'GP PRIME 205 HV GRAY MF 4:1_3.75L ', 'NOs', 9.00, 9.00, NULL, '2025-07-15 07:18:11', '2025-07-15 07:18:11'),
(1797, 8, 'GP PRIMEGUARD 235 UFD IS 631 DM 3:1_20L', 'NOs', 9.00, 9.00, NULL, '2025-07-15 07:18:11', '2025-07-15 07:18:11'),
(1798, 8, 'PAINT AP APEX ULTIMA 10 LTR', 'NOs', 9.00, 9.00, NULL, '2025-07-15 07:18:11', '2025-07-15 07:18:11'),
(1799, 8, 'PAINT AP APEX ULTIMA 20 LTR', 'NOs', 9.00, 9.00, NULL, '2025-07-15 07:18:11', '2025-07-15 07:18:11'),
(1800, 8, 'PAINT AP DAMP PROOF 20 LTR', 'NOs', 9.00, 9.00, NULL, '2025-07-15 07:18:11', '2025-07-15 07:18:11'),
(1801, 8, 'PAINT AP DISTEMPER 20 KG', 'NOs', 9.00, 9.00, NULL, '2025-07-15 07:18:11', '2025-07-15 07:18:11'),
(1802, 8, 'PAINT AP GLOSS ENAMEL 4 LTR', 'NOs', 9.00, 9.00, NULL, '2025-07-15 07:18:11', '2025-07-15 07:18:11'),
(1803, 8, 'PAINT AP GLOSSY ENAMEL 1L', 'NOs', 9.00, 9.00, NULL, '2025-07-15 07:18:11', '2025-07-15 07:18:11'),
(1804, 8, 'PAINT AP GLOSSY ENAMEL 500', 'NOs', 9.00, 9.00, NULL, '2025-07-15 07:18:11', '2025-07-15 07:18:11'),
(1805, 8, 'PAINT AP PREMIUM EMULSION 1 LTR', 'NOs', 9.00, 9.00, NULL, '2025-07-15 07:18:11', '2025-07-15 07:18:11'),
(1806, 8, 'PAINT AP PREMIUM EMULSION 4 LTR', 'NOs', 9.00, 9.00, NULL, '2025-07-15 07:18:11', '2025-07-15 07:18:11'),
(1807, 8, 'PAINT AP ROYAL EMULSION 1 LTR', 'NOs', 9.00, 9.00, NULL, '2025-07-15 07:18:11', '2025-07-15 07:18:11'),
(1808, 8, 'PAINT AP ROYAL EMULSION 10 LTR', 'NOs', 9.00, 9.00, NULL, '2025-07-15 07:18:11', '2025-07-15 07:18:11'),
(1809, 8, 'PAINT AP ROYAL EMULSION 20 LTR', 'NOS', 9.00, 9.00, NULL, '2025-07-15 07:18:11', '2025-07-15 07:18:11'),
(1810, 8, 'PAINT AP ROYAL EMULSION 4 LTR', 'NOs', 9.00, 9.00, NULL, '2025-07-15 07:18:11', '2025-07-15 07:18:11'),
(1811, 8, 'PAINT AP SATIN ENAMEL 4 LTR', 'NOs', 9.00, 9.00, NULL, '2025-07-15 07:18:11', '2025-07-15 07:18:11'),
(1812, 8, 'PAINT AP STAINER 100ML', 'NOs', 9.00, 9.00, NULL, '2025-07-15 07:18:11', '2025-07-15 07:18:11'),
(1813, 8, 'PAINT AP STAINER 50ML', 'NOs', 9.00, 9.00, NULL, '2025-07-15 07:18:11', '2025-07-15 07:18:11'),
(1814, 8, 'PAINT APC APEX EMULSION 4 LTR', 'NOs', 9.00, 9.00, NULL, '2025-07-15 07:18:11', '2025-07-15 07:18:11'),
(1815, 8, 'PAINT APC DISTEMPER UNO 10 KG', 'NOs', 9.00, 9.00, NULL, '2025-07-15 07:18:11', '2025-07-15 07:18:11'),
(1816, 8, 'PAINT APC GLOSS ENAMEL 200ML', 'NOs', 9.00, 9.00, NULL, '2025-07-15 07:18:11', '2025-07-15 07:18:11'),
(1817, 8, 'PAINT APC GLOSS ENAMEL 50ML', 'NOs', 9.00, 9.00, NULL, '2025-07-15 07:18:11', '2025-07-15 07:18:11'),
(1818, 8, 'PAINT APC SATIN ENAMEL 1 LTR', 'NOs', 9.00, 9.00, NULL, '2025-07-15 07:18:11', '2025-07-15 07:18:11'),
(1819, 8, 'PAINT APC TRACTOR EMULSION 10 LTR', 'NOs', 9.00, 9.00, NULL, '2025-07-15 07:18:11', '2025-07-15 07:18:11'),
(1820, 8, 'PAINT APEX FLOOR GUARD 4 LTR', 'NOs', 9.00, 9.00, NULL, '2025-07-15 07:18:11', '2025-07-15 07:18:11'),
(1821, 8, 'PAINT BRUSH 100 MM', 'NOs', 9.00, 9.00, NULL, '2025-07-15 07:18:11', '2025-07-15 07:18:11'),
(1822, 8, 'PAINT BRUSH 25MM', 'NOs', 9.00, 9.00, NULL, '2025-07-15 07:18:11', '2025-07-15 07:18:11'),
(1823, 8, 'PAINT BRUSH 50MM', 'NOs', 9.00, 9.00, NULL, '2025-07-15 07:18:11', '2025-07-15 07:18:11'),
(1824, 8, 'PAINT BRUSH 75mm', 'NOs', 9.00, 9.00, NULL, '2025-07-15 07:18:11', '2025-07-15 07:18:11'),
(1825, 8, 'PAINT BRUSH FLAT', 'NOs', 9.00, 9.00, NULL, '2025-07-15 07:18:11', '2025-07-15 07:18:11'),
(1826, 8, 'PAINT BRUSH PENCIL', 'NOs', 9.00, 9.00, NULL, '2025-07-15 07:18:11', '2025-07-15 07:18:11'),
(1827, 8, 'PAINT BRUSH ROUND', 'NOs', 9.00, 9.00, NULL, '2025-07-15 07:18:11', '2025-07-15 07:18:11'),
(1828, 8, 'PAINT CHROME SILVER 250ML', 'NOs', 9.00, 9.00, NULL, '2025-07-15 07:18:11', '2025-07-15 07:18:11'),
(1829, 8, 'PAINT EAA964 (CURING AGENT)', 'Ltr', 9.00, 9.00, NULL, '2025-07-15 07:18:11', '2025-07-15 07:18:11'),
(1830, 8, 'PAINT EAD704(IZONE 954 RAL 7035 LT GRAY)', 'Ltr', 9.00, 9.00, NULL, '2025-07-15 07:18:11', '2025-07-15 07:18:11'),
(1831, 8, 'PAINT EGA236(INTERSEAL 670 HS GRAY)', 'Ltr', 9.00, 9.00, NULL, '2025-07-15 07:18:11', '2025-07-15 07:18:11'),
(1832, 8, 'PAINT EGA247(CURING AGENT )', 'Ltr', 9.00, 9.00, NULL, '2025-07-15 07:18:11', '2025-07-15 07:18:11'),
(1833, 8, 'PAINT EPA208 INTERCURE 200 HS GREY', 'NOs', 9.00, 9.00, NULL, '2025-07-15 07:18:11', '2025-07-15 07:18:11'),
(1834, 8, 'PAINT EPA211 INTERCURE CURING AGENT', 'NOs', 9.00, 9.00, NULL, '2025-07-15 07:18:11', '2025-07-15 07:18:11'),
(1835, 8, 'PAINT EPOXY HARDNER MATT 3:1', 'NOs', 9.00, 9.00, NULL, '2025-07-15 07:18:11', '2025-07-15 07:18:11'),
(1836, 8, 'PAINT EPX HARDNER SATIN 3:1', 'NOs', 9.00, 9.00, NULL, '2025-07-15 07:18:11', '2025-07-15 07:18:11'),
(1837, 8, 'PAINT GEM ALUMINIUM PAINT 4 LTR', 'NOs', 9.00, 9.00, NULL, '2025-07-15 07:18:11', '2025-07-15 07:18:11'),
(1838, 8, 'PAINT GEM GLOSS ENAMEL 1 LTR', 'NOs', 9.00, 9.00, NULL, '2025-07-15 07:18:11', '2025-07-15 07:18:11'),
(1839, 8, 'PAINT GEM GLOSS ENAMEL 20 LTR', 'NOs', 9.00, 9.00, NULL, '2025-07-15 07:18:11', '2025-07-15 07:18:11'),
(1840, 8, 'PAINT GEM GLOSS ENAMEL 4 LTR', 'NOs', 9.00, 9.00, NULL, '2025-07-15 07:18:11', '2025-07-15 07:18:11'),
(1841, 8, 'PAINT GEM GLOSS ENAMEL 500ML', 'NOs', 9.00, 9.00, NULL, '2025-07-15 07:18:11', '2025-07-15 07:18:11'),
(1842, 8, 'PAINT GEM GLOSSY SY ENAMEL OX BLUE', 'NOs', 9.00, 9.00, NULL, '2025-07-15 07:18:11', '2025-07-15 07:18:11'),
(1843, 8, 'PAINT GEM GLOSSY SY ENAMEL TA GRAY', 'NOs', 9.00, 9.00, NULL, '2025-07-15 07:18:11', '2025-07-15 07:18:11'),
(1844, 8, 'PAINT GEM SY ENAMEL GLOSSY FINISH 1 LTR', 'NOs', 9.00, 9.00, NULL, '2025-07-15 07:18:11', '2025-07-15 07:18:11'),
(1845, 8, 'PAINT GEM SY ENAMEL GLOSSY FINISH 500 ML', 'NOs', 9.00, 9.00, NULL, '2025-07-15 07:18:11', '2025-07-15 07:18:11'),
(1846, 8, 'PAINT GEM SY ENAMEL GLOSSY FINISH 500 ML RED', 'NOs', 9.00, 9.00, NULL, '2025-07-15 07:18:11', '2025-07-15 07:18:11'),
(1847, 8, 'PAINT GEM SY ENAMEL GLOSSY GREEN', 'NOs', 9.00, 9.00, NULL, '2025-07-15 07:18:11', '2025-07-15 07:18:11'),
(1848, 8, 'PAINT GEM SY ENAMEL GLOSSY OX BLUE', 'NOs', 9.00, 9.00, NULL, '2025-07-15 07:18:11', '2025-07-15 07:18:11'),
(1849, 8, 'PAINT GEM SYNTHETIC ENAMEL GLOSSY', 'NOs', 9.00, 9.00, NULL, '2025-07-15 07:18:11', '2025-07-15 07:18:11'),
(1850, 8, 'PAINT GOL YELLOW ENAMEL 500ML', 'NOs', 9.00, 9.00, NULL, '2025-07-15 07:18:11', '2025-07-15 07:18:11'),
(1851, 8, 'PAINT GP PRIME GUARD PAINT 15 + HARDENER 5', 'NOs', 9.00, 9.00, NULL, '2025-07-15 07:18:11', '2025-07-15 07:18:11'),
(1852, 8, 'PAINT MARKER', 'NOs', 9.00, 9.00, NULL, '2025-07-15 07:18:11', '2025-07-15 07:18:11'),
(1853, 8, 'PAINT PAINT APC SATIN ENAMEL 4 LTR', 'NOs', 9.00, 9.00, NULL, '2025-07-15 07:18:11', '2025-07-15 07:18:11'),
(1854, 8, 'PAINT RAL 7035 LIGHT GRAY SATIN EPOXY 3 LTR CAN X 5 NOS', 'NOs', 9.00, 9.00, NULL, '2025-07-15 07:18:11', '2025-07-15 07:18:11'),
(1855, 8, 'PAINT RAL 7035 LIGHT GREY SATIN EPOXY PAINT', 'NOs', 9.00, 9.00, NULL, '2025-07-15 07:18:11', '2025-07-15 07:18:11'),
(1856, 8, 'PAINT REMOVAL', 'NOs', 9.00, 9.00, NULL, '2025-07-15 07:18:11', '2025-07-15 07:18:11'),
(1857, 8, 'PAINT REMOVER', 'NOs', 9.00, 9.00, NULL, '2025-07-15 07:18:11', '2025-07-15 07:18:11'),
(1858, 8, 'PAINT ROLLER 100mm', 'NOs', 9.00, 9.00, NULL, '2025-07-15 07:18:11', '2025-07-15 07:18:11'),
(1859, 8, 'PAINT ROLLER HANDLE', 'NOs', 9.00, 9.00, NULL, '2025-07-15 07:18:11', '2025-07-15 07:18:11'),
(1860, 8, 'PAINT ROLLER REFILLS', 'NOs', 9.00, 9.00, NULL, '2025-07-15 07:18:11', '2025-07-15 07:18:11'),
(1861, 8, 'PAINT ROLLER REFILLS 100mm', 'NOs', 9.00, 9.00, NULL, '2025-07-15 07:18:11', '2025-07-15 07:18:11'),
(1862, 8, 'PAINT ROLLER REFILLS 50mm', 'NOs', 9.00, 9.00, NULL, '2025-07-15 07:18:11', '2025-07-15 07:18:11'),
(1863, 8, 'PAINT ROYAL EMULSION 1 LTR', 'NOs', 9.00, 9.00, NULL, '2025-07-15 07:18:11', '2025-07-15 07:18:11'),
(1864, 8, 'PAINT SPRAY GUN', 'NOs', 9.00, 9.00, NULL, '2025-07-15 07:18:11', '2025-07-15 07:18:11'),
(1865, 8, 'PAINT TA GRAY 604', 'NOs', 9.00, 9.00, NULL, '2025-07-15 07:18:11', '2025-07-15 07:18:11'),
(1866, 8, 'PAINT VARNA EPOXY GLOSSY', 'Ltr', 9.00, 9.00, NULL, '2025-07-15 07:18:11', '2025-07-15 07:18:11'),
(1867, 8, 'PAINTING 4\" ENAMEL ROLLER', 'NOs', 9.00, 9.00, NULL, '2025-07-15 07:18:11', '2025-07-15 07:18:11'),
(1868, 8, 'PAINTING 4\" MARBLE BLADE', 'NOs', 9.00, 9.00, NULL, '2025-07-15 07:18:11', '2025-07-15 07:18:11'),
(1869, 8, 'PAINTING 4\" PAINTING BRUSH', 'NOs', 9.00, 9.00, NULL, '2025-07-15 07:18:11', '2025-07-15 07:18:11'),
(1870, 8, 'PAINTING 75mm PUTTY BLADE', 'NOs', 9.00, 9.00, NULL, '2025-07-15 07:18:11', '2025-07-15 07:18:11'),
(1871, 8, 'PAINTING 9\" EMULSION ROLLER', 'NOs', 9.00, 9.00, NULL, '2025-07-15 07:18:11', '2025-07-15 07:18:11'),
(1872, 8, 'PAINTING 9\" EMULSION ROLLER EXTERIOR', 'NOs', 9.00, 9.00, NULL, '2025-07-15 07:18:11', '2025-07-15 07:18:11'),
(1873, 8, 'PAINTING 9\" EMULSION ROLLER INSIDE', 'NOs', 9.00, 9.00, NULL, '2025-07-15 07:18:11', '2025-07-15 07:18:11'),
(1874, 8, 'PAINTING 9\" ENAMEL ROLLER', 'NOs', 9.00, 9.00, NULL, '2025-07-15 07:18:11', '2025-07-15 07:18:11'),
(1875, 8, 'PAINTING ACRYLIC PUTTY', 'NOs', 9.00, 9.00, NULL, '2025-07-15 07:18:11', '2025-07-15 07:18:11'),
(1876, 8, 'PRIMER AP EXT WALL PRIMER 10 LTR', 'NOs', 9.00, 9.00, NULL, '2025-07-15 07:18:11', '2025-07-15 07:18:11'),
(1877, 8, 'PRIMER APC INTERIOR WATERBASE 20 LTR', 'NOs', 9.00, 9.00, NULL, '2025-07-15 07:18:11', '2025-07-15 07:18:11'),
(1878, 8, 'PRIMER EPOXY ZINC PHOSPHATE PRIMER GREY', 'NOs', 9.00, 9.00, NULL, '2025-07-15 07:18:11', '2025-07-15 07:18:11'),
(1879, 8, 'PRIMER GEM EPOXY 20 LTR', 'NOs', 9.00, 9.00, NULL, '2025-07-15 07:18:11', '2025-07-15 07:18:11'),
(1880, 8, 'PRIMER GEM EPOXY 4 LTR', 'NOs', 9.00, 9.00, NULL, '2025-07-15 07:18:11', '2025-07-15 07:18:11'),
(1881, 8, 'PRIMER GEM METAL PRIMER REDOXIDE', 'NOs', 9.00, 9.00, NULL, '2025-07-15 07:18:11', '2025-07-15 07:18:11'),
(1882, 8, 'PRIMER GEM METAL PRIMER YELLOW', 'NOs', 9.00, 9.00, NULL, '2025-07-15 07:18:11', '2025-07-15 07:18:11'),
(1883, 8, 'PRIMER GEM PRIMER SURFACER GRAY', 'NOs', 9.00, 9.00, NULL, '2025-07-15 07:18:11', '2025-07-15 07:18:11'),
(1884, 8, 'PRIMER GEM SYNTHETIC GRAY 20 LTR', 'NOs', 9.00, 9.00, NULL, '2025-07-15 07:18:11', '2025-07-15 07:18:11'),
(1885, 8, 'PRIMER METAL PRIMER LOCAL', 'NOs', 9.00, 9.00, NULL, '2025-07-15 07:18:11', '2025-07-15 07:18:11'),
(1886, 8, 'PRIMER SURFACER GRAY MATT EPOXY', 'NOs', 9.00, 9.00, NULL, '2025-07-15 07:18:11', '2025-07-15 07:18:11'),
(1887, 8, 'PRIMER SURFACER GRAY MATT EPOXY 3 LTR', 'NOs', 9.00, 9.00, NULL, '2025-07-15 07:18:11', '2025-07-15 07:18:11'),
(1888, 8, 'PRIMER SY METAL PRIMER YELLOW  ZINC PHOSPHATE', 'NOs', 9.00, 9.00, NULL, '2025-07-15 07:18:11', '2025-07-15 07:18:11'),
(1889, 8, 'PU FINISH PAINT BUS GREEN', 'NOs', 9.00, 9.00, NULL, '2025-07-15 07:18:11', '2025-07-15 07:18:11'),
(1890, 8, 'PU FINISH PAINT MILKY DUROTHANE BLACK', 'NOs', 9.00, 9.00, NULL, '2025-07-15 07:18:11', '2025-07-15 07:18:11');
INSERT INTO `stock_items` (`id`, `category_id`, `item_name`, `uom`, `sgst`, `cgst`, `igst`, `created_at`, `updated_at`) VALUES
(1891, 8, 'PU FINISH PAINT MILKY WHITE', 'NOs', 9.00, 9.00, NULL, '2025-07-15 07:18:11', '2025-07-15 07:18:11'),
(1892, 8, 'PUMPSET 1HP SELF PRIMING SHARP', 'NOs', 9.00, 9.00, NULL, '2025-07-15 07:18:11', '2025-07-15 07:18:11'),
(1893, 8, 'WOOD PRIMER WHITE', 'NOs', 9.00, 9.00, NULL, '2025-07-15 07:18:11', '2025-07-15 07:18:11'),
(1894, 41, 'APC ACRYLIC WALLPUTTY 1KG', 'NOs', 9.00, 9.00, NULL, '2025-07-15 07:18:11', '2025-07-15 07:18:11'),
(1895, 41, 'BIRLA WALL CARE PUTTY 10KG', 'NOs', 9.00, 9.00, NULL, '2025-07-15 07:18:11', '2025-07-15 07:18:11'),
(1896, 41, 'BIRLA WALL CARE PUTTY 1KG', 'NOs', 9.00, 9.00, NULL, '2025-07-15 07:18:11', '2025-07-15 07:18:11'),
(1897, 41, 'BIRLA WALL CARE PUTTY 30KG', 'NOs', 9.00, 9.00, NULL, '2025-07-15 07:18:11', '2025-07-15 07:18:11'),
(1898, 41, 'BIRLA WALL CARE PUTTY 5KG', 'NOs', 9.00, 9.00, NULL, '2025-07-15 07:18:11', '2025-07-15 07:18:11'),
(1899, 41, 'BIRLA WHITE CEMENT 1KG', 'NOs', 14.00, 14.00, NULL, '2025-07-15 07:18:11', '2025-07-15 07:18:11'),
(1900, 41, 'BIRLA WHITE CEMENT 5KG', 'NOs', 14.00, 14.00, NULL, '2025-07-15 07:18:11', '2025-07-15 07:18:11'),
(1901, 41, 'ESDEE NC PUTTY', 'NOs', 9.00, 9.00, NULL, '2025-07-15 07:18:11', '2025-07-15 07:18:11'),
(1902, 41, 'GP EPOXY THINNER 002_20L ', 'NOs', 9.00, 9.00, NULL, '2025-07-15 07:18:11', '2025-07-15 07:18:11'),
(1903, 41, 'HARDNER EPOXY MATT 3:1 1LTR', 'NOs', 9.00, 9.00, NULL, '2025-07-15 07:18:11', '2025-07-15 07:18:11'),
(1904, 41, 'HARDNER EPOXY SATIN 3:1 1LTR CAN X 5 NO', 'NOs', 9.00, 9.00, NULL, '2025-07-15 07:18:11', '2025-07-15 07:18:11'),
(1905, 41, 'HARDNER VARNA EPOXY GLOSSY', 'Ltr', 9.00, 9.00, NULL, '2025-07-15 07:18:11', '2025-07-15 07:18:11'),
(1906, 41, 'METAL PASTE', 'NOs', 9.00, 9.00, NULL, '2025-07-15 07:18:11', '2025-07-15 07:18:11'),
(1907, 41, 'N C THINNER', 'Ltr', 9.00, 9.00, NULL, '2025-07-15 07:18:11', '2025-07-15 07:18:11'),
(1908, 41, 'NC THINNER', 'LTR', 9.00, 9.00, NULL, '2025-07-15 07:18:11', '2025-07-15 07:18:11'),
(1909, 41, 'PAINT ROLLER 225MM', 'NOs', 9.00, 9.00, NULL, '2025-07-15 07:18:11', '2025-07-15 07:18:11'),
(1910, 41, 'PILOT SPRAY GUN TYPE 59', 'NOs', 9.00, 9.00, NULL, '2025-07-15 07:18:11', '2025-07-15 07:18:11'),
(1911, 41, 'POP', 'NOs', 9.00, 9.00, NULL, '2025-07-15 07:18:11', '2025-07-15 07:18:11'),
(1912, 41, 'PROMISE POLYESTER FILLER GREEN 500GMS', 'NOs', 9.00, 9.00, NULL, '2025-07-15 07:18:11', '2025-07-15 07:18:11'),
(1913, 41, 'PROMISE POLYESTER FILLER GREEN 900GMS', 'NOs', 9.00, 9.00, NULL, '2025-07-15 07:18:11', '2025-07-15 07:18:11'),
(1914, 41, 'PROMISE POLYSTER FILLER', 'NOs', 9.00, 9.00, NULL, '2025-07-15 07:18:11', '2025-07-15 07:18:11'),
(1915, 41, 'PUTTY BLADE 100MM', 'NOs', 9.00, 9.00, NULL, '2025-07-15 07:18:11', '2025-07-15 07:18:11'),
(1916, 41, 'PUTTY BLADE 4\"', 'NOs', 9.00, 9.00, NULL, '2025-07-15 07:18:11', '2025-07-15 07:18:11'),
(1917, 41, 'PUTTY BLADE 75MM', 'NOs', 9.00, 9.00, NULL, '2025-07-15 07:18:11', '2025-07-15 07:18:11'),
(1918, 41, 'PUTTY BLADE 8\"', 'NOs', 9.00, 9.00, NULL, '2025-07-15 07:18:11', '2025-07-15 07:18:11'),
(1919, 41, 'ROLLER REFILL 4\"', 'NOs', 9.00, 9.00, NULL, '2025-07-15 07:18:11', '2025-07-15 07:18:11'),
(1920, 41, 'SHEENLAC NC THINNER', 'NOs', 9.00, 9.00, NULL, '2025-07-15 07:18:11', '2025-07-15 07:18:11'),
(1921, 41, 'THINNER', 'NOs', 9.00, 9.00, NULL, '2025-07-15 07:18:11', '2025-07-15 07:18:11'),
(1922, 41, 'THINNER EPOXY THINNER', 'NOs', 9.00, 9.00, NULL, '2025-07-15 07:18:11', '2025-07-15 07:18:11'),
(1923, 41, 'THINNER FOR EPOXY FINISHES', 'NOs', 9.00, 9.00, NULL, '2025-07-15 07:18:11', '2025-07-15 07:18:11'),
(1924, 41, 'THINNER GTA220 (INTERNATIONAL THINNER)', 'Ltr', 9.00, 9.00, NULL, '2025-07-15 07:18:11', '2025-07-15 07:18:11'),
(1925, 41, 'THINNER GTA220 INTERNATIONALA THINNER', 'NOs', 9.00, 9.00, NULL, '2025-07-15 07:18:11', '2025-07-15 07:18:11'),
(1926, 42, 'AC DRAIN PIPING', 'MTR', 9.00, 9.00, NULL, '2025-07-15 07:18:11', '2025-07-15 07:18:11'),
(1927, 42, 'AIR PIPE PU HOSE 10X6.5mm', 'NOs', 9.00, 9.00, NULL, '2025-07-15 07:18:11', '2025-07-15 07:18:11'),
(1928, 42, 'AIR PIPE PU HOSE 10X7mm', 'MTR', 9.00, 9.00, NULL, '2025-07-15 07:18:11', '2025-07-15 07:18:11'),
(1929, 42, 'AIR PIPE PU HOSE 10X8mm', 'NOs', 9.00, 9.00, NULL, '2025-07-15 07:18:11', '2025-07-15 07:18:11'),
(1930, 42, 'AIR PIPE PU HOSE 6mm', 'NOs', 9.00, 9.00, NULL, '2025-07-15 07:18:11', '2025-07-15 07:18:11'),
(1931, 42, 'AIR PIPE PU HOSE 8X5.5mm', 'NOs', 9.00, 9.00, NULL, '2025-07-15 07:18:11', '2025-07-15 07:18:11'),
(1932, 42, 'AIR PIPE PU HOSE 8X6mm', 'NOs', 9.00, 9.00, NULL, '2025-07-15 07:18:11', '2025-07-15 07:18:11'),
(1933, 42, 'CONNECTION PIPE', 'NOs', 9.00, 9.00, NULL, '2025-07-15 07:18:11', '2025-07-15 07:18:11'),
(1934, 42, 'COOLANT PIPE 1/2X12', 'NOs', 9.00, 9.00, NULL, '2025-07-15 07:18:11', '2025-07-15 07:18:11'),
(1935, 42, 'COOLENT PIPE', 'NOs', 9.00, 9.00, NULL, '2025-07-15 07:18:11', '2025-07-15 07:18:11'),
(1936, 42, 'COOLENT PIPE 1/2 X 12', 'NOs', 9.00, 9.00, NULL, '2025-07-15 07:18:11', '2025-07-15 07:18:11'),
(1937, 42, 'COOLENT PIPE 3/8 X 12', 'NOs', 9.00, 9.00, NULL, '2025-07-15 07:18:11', '2025-07-15 07:18:11'),
(1938, 42, 'COPPER DOUBLE PIPE', 'NOs', 9.00, 9.00, NULL, '2025-07-15 07:18:11', '2025-07-15 07:18:11'),
(1939, 42, 'ELE FITTING 3/4 PVC ELE PIPE', 'NOs', 9.00, 9.00, NULL, '2025-07-15 07:18:11', '2025-07-15 07:18:11'),
(1940, 42, 'ELE FITTING I\" PVC ELE PIPE', 'NOs', 9.00, 9.00, NULL, '2025-07-15 07:18:11', '2025-07-15 07:18:11'),
(1941, 42, 'GAS HOSE PIPE RUBBER', 'NOs', 9.00, 9.00, NULL, '2025-07-15 07:18:11', '2025-07-15 07:18:11'),
(1942, 42, 'HANDTOOL PIPE WRENCH 14\"', 'NOs', 9.00, 9.00, NULL, '2025-07-15 07:18:11', '2025-07-15 07:18:11'),
(1943, 42, 'NYLON PIPE Q4', 'Mtr', 9.00, 9.00, NULL, '2025-07-15 07:18:11', '2025-07-15 07:18:11'),
(1944, 42, 'NYLON PIPE Q6', 'Mtr', 9.00, 9.00, NULL, '2025-07-15 07:18:11', '2025-07-15 07:18:11'),
(1945, 42, 'PETROL PIPE', 'MTR', 9.00, 9.00, NULL, '2025-07-15 07:18:11', '2025-07-15 07:18:11'),
(1946, 42, 'PG 16 HOSE PIPE', 'MTR', 9.00, 9.00, NULL, '2025-07-15 07:18:11', '2025-07-15 07:18:11'),
(1947, 42, 'PG 16 HOSE PP PIPE GLAND', 'NOs', 9.00, 9.00, NULL, '2025-07-15 07:18:11', '2025-07-15 07:18:11'),
(1948, 42, 'PG 21 HOSE PIPE', 'MTR', 9.00, 9.00, NULL, '2025-07-15 07:18:11', '2025-07-15 07:18:11'),
(1949, 42, 'PG 21 HOSE PIPE GLAND', 'NOs', 9.00, 9.00, NULL, '2025-07-15 07:18:11', '2025-07-15 07:18:11'),
(1950, 42, 'PG 21 HOSE PP PIPE', 'NOs', 9.00, 9.00, NULL, '2025-07-15 07:18:11', '2025-07-15 07:18:11'),
(1951, 42, 'PG 29 HOSE PP PIPE', 'NOs', 9.00, 9.00, NULL, '2025-07-15 07:18:11', '2025-07-15 07:18:11'),
(1952, 42, 'PG 36 HOSE PP PIPE', 'NOs', 9.00, 9.00, NULL, '2025-07-15 07:18:11', '2025-07-15 07:18:11'),
(1953, 42, 'PG 9 HOSE PP PIPE', 'Mtr', 9.00, 9.00, NULL, '2025-07-15 07:18:11', '2025-07-15 07:18:11'),
(1954, 42, 'PG11 HOSE PP PIPE', 'Mtr', 9.00, 9.00, NULL, '2025-07-15 07:18:11', '2025-07-15 07:18:11'),
(1955, 42, 'PG13.5 HOSE PP PIPE', 'MTR', 9.00, 9.00, NULL, '2025-07-15 07:18:11', '2025-07-15 07:18:11'),
(1956, 42, 'PG16 HOSE PP PIPE', 'Mtr', 9.00, 9.00, NULL, '2025-07-15 07:18:11', '2025-07-15 07:18:11'),
(1957, 42, 'PG21 HOSE PP PIPE', 'Mtr', 9.00, 9.00, NULL, '2025-07-15 07:18:11', '2025-07-15 07:18:11'),
(1958, 42, 'PG9 HOSE PP PIPE', 'Mtr', 9.00, 9.00, NULL, '2025-07-15 07:18:11', '2025-07-15 07:18:11'),
(1959, 42, 'PIPE 0.75 CPVC PIPE', 'NOs', 9.00, 9.00, NULL, '2025-07-15 07:18:11', '2025-07-15 07:18:11'),
(1960, 42, 'PIPE 0.75 PVC PIPE', 'LEN', 9.00, 9.00, NULL, '2025-07-15 07:18:11', '2025-07-15 07:18:11'),
(1961, 42, 'PIPE 1 CPVC', 'NOs', 9.00, 9.00, NULL, '2025-07-15 07:18:11', '2025-07-15 07:18:11'),
(1962, 42, 'PIPE 1 CPVC PIPE', 'NOs', 9.00, 9.00, NULL, '2025-07-15 07:18:11', '2025-07-15 07:18:11'),
(1963, 42, 'PIPE 1 PVC PIPE', 'NOs', 9.00, 9.00, NULL, '2025-07-15 07:18:11', '2025-07-15 07:18:11'),
(1964, 42, 'PIPE 1.25 CPVC PIPES', 'NOs', 9.00, 9.00, NULL, '2025-07-15 07:18:11', '2025-07-15 07:18:11'),
(1965, 42, 'PIPE 1.25 PVC PIPE', 'NOs', 9.00, 9.00, NULL, '2025-07-15 07:18:11', '2025-07-15 07:18:11'),
(1966, 42, 'PIPE 1.5 CPVC PIPE', 'NOs', 9.00, 9.00, NULL, '2025-07-15 07:18:11', '2025-07-15 07:18:11'),
(1967, 42, 'PIPE 1.5 PVC PIPE', 'LEN', 9.00, 9.00, NULL, '2025-07-15 07:18:11', '2025-07-15 07:18:11'),
(1968, 42, 'PIPE 160MM X 4KGF  PVC PIPE', 'NOs', 9.00, 9.00, NULL, '2025-07-15 07:18:11', '2025-07-15 07:18:11'),
(1969, 42, 'PIPE 2 CPVC PIPE', 'NOs', 9.00, 9.00, NULL, '2025-07-15 07:18:11', '2025-07-15 07:18:11'),
(1970, 42, 'PIPE 200MM X 4KGF  PVC PIPE', 'NOs', 9.00, 9.00, NULL, '2025-07-15 07:18:11', '2025-07-15 07:18:11'),
(1971, 42, 'PIPE 3/4 CPVC', 'NOs', 9.00, 9.00, NULL, '2025-07-15 07:18:11', '2025-07-15 07:18:11'),
(1972, 42, 'PIPE 6 FEET GI PIPE', 'NOs', 9.00, 9.00, NULL, '2025-07-15 07:18:11', '2025-07-15 07:18:11'),
(1973, 42, 'PIPE 9MM SPIRAL SLEEVE', 'Mtr', 9.00, 9.00, NULL, '2025-07-15 07:18:11', '2025-07-15 07:18:11'),
(1974, 42, 'PIPE ALUMINIUM PIPE 20mm', 'NOs', 9.00, 9.00, NULL, '2025-07-15 07:18:11', '2025-07-15 07:18:11'),
(1975, 42, 'PIPE ALUMINIUM PIPE 25mm', 'NOs', 9.00, 9.00, NULL, '2025-07-15 07:18:11', '2025-07-15 07:18:11'),
(1976, 42, 'PIPE ALUMINIUM PIPE 32mm', 'NOs', 9.00, 9.00, NULL, '2025-07-15 07:18:11', '2025-07-15 07:18:11'),
(1977, 42, 'PIPE CENTRE MT5 STRIBECK', 'NOs', 9.00, 9.00, NULL, '2025-07-15 07:18:11', '2025-07-15 07:18:11'),
(1978, 42, 'PIPE CONNECTION PIPE 18\"', 'NOs', 9.00, 9.00, NULL, '2025-07-15 07:18:11', '2025-07-15 07:18:11'),
(1979, 42, 'PIPE CONNECTION PIPE 1MTR', 'NOs', 9.00, 9.00, NULL, '2025-07-15 07:18:11', '2025-07-15 07:18:11'),
(1980, 42, 'PIPE COPPER TUBE - 6MM', 'MTR', 9.00, 9.00, NULL, '2025-07-15 07:18:11', '2025-07-15 07:18:11'),
(1981, 42, 'PIPE COPPER TUBE - 8MM', 'NOs', 9.00, 9.00, NULL, '2025-07-15 07:18:11', '2025-07-15 07:18:11'),
(1982, 42, 'PIPE ELE PVC CABLE DUCT 25X25', 'NOs', 9.00, 9.00, NULL, '2025-07-15 07:18:11', '2025-07-15 07:18:11'),
(1983, 42, 'PIPE HOSE 1 BRAIDED GREEN HOSE', 'Mtr', 9.00, 9.00, NULL, '2025-07-15 07:18:11', '2025-07-15 07:18:11'),
(1984, 42, 'PIPE HOSE 12mm WHITE BRAIDED PIPE', 'Mtr', 9.00, 9.00, NULL, '2025-07-15 07:18:11', '2025-07-15 07:18:11'),
(1985, 42, 'PIPE HOSE 2 WHITE BRAIDED PIPE', 'Mtr', 9.00, 9.00, NULL, '2025-07-15 07:18:11', '2025-07-15 07:18:11'),
(1986, 42, 'PIPE HOSE PIPE 12MM', 'Mtr', 9.00, 9.00, NULL, '2025-07-15 07:18:11', '2025-07-15 07:18:11'),
(1987, 42, 'PIPE HOSE PIPE 20MM', 'Mtr', 9.00, 9.00, NULL, '2025-07-15 07:18:11', '2025-07-15 07:18:11'),
(1988, 42, 'PIPE HOSE PIPE M8', 'Mtr', 9.00, 9.00, NULL, '2025-07-15 07:18:11', '2025-07-15 07:18:11'),
(1989, 42, 'PIPE HOSE RUBBER  8MM', 'Mtr', 9.00, 9.00, NULL, '2025-07-15 07:18:11', '2025-07-15 07:18:11'),
(1990, 42, 'PIPE HOSE TRANSPERENT 12MM', 'Mtr', 9.00, 9.00, NULL, '2025-07-15 07:18:11', '2025-07-15 07:18:11'),
(1991, 42, 'PIPE HYDRAULIC HOSE R2 3/8 X 1.4MTR', 'NOs', 9.00, 9.00, NULL, '2025-07-15 07:18:11', '2025-07-15 07:18:11'),
(1992, 42, 'PIPE HYDRAULIC HOSE R71/4 X 2.8MTR', 'Mtr', 9.00, 9.00, NULL, '2025-07-15 07:18:11', '2025-07-15 07:18:11'),
(1993, 42, 'PIPE HYDRAULIC HOSE R71/4 X 6MTR', 'Mtr', 9.00, 9.00, NULL, '2025-07-15 07:18:11', '2025-07-15 07:18:11'),
(1994, 42, 'PIPE HYDRAULIC PIPE', 'Mtr', 9.00, 9.00, NULL, '2025-07-15 07:18:11', '2025-07-15 07:18:11'),
(1995, 42, 'PIPE LEVELING TUBE', 'Mtr', 9.00, 9.00, NULL, '2025-07-15 07:18:11', '2025-07-15 07:18:11'),
(1996, 42, 'PIPE PG 11 HOSE PP PIPE', 'Mtr', 9.00, 9.00, NULL, '2025-07-15 07:18:11', '2025-07-15 07:18:11'),
(1997, 42, 'PIPE PVC BRAIDED HOSE PIPE 16', 'Mtr', 9.00, 9.00, NULL, '2025-07-15 07:18:11', '2025-07-15 07:18:11'),
(1998, 42, 'PIPE PVC BRAIDED HOSE PIPE 20mm', 'Mtr', 9.00, 9.00, NULL, '2025-07-15 07:18:11', '2025-07-15 07:18:11'),
(1999, 42, 'PIPE PVC BRAIDED HOSE PIPE 8mm', 'Mtr', 9.00, 9.00, NULL, '2025-07-15 07:18:11', '2025-07-15 07:18:11'),
(2000, 42, 'PIPE RUBBER HOSE 8mm', 'Mtr', 9.00, 9.00, NULL, '2025-07-15 07:18:11', '2025-07-15 07:18:11'),
(2001, 42, 'PIPE TO PIPE CONNECTOR 25mm', 'NOs', 9.00, 9.00, NULL, '2025-07-15 07:18:11', '2025-07-15 07:18:11'),
(2002, 42, 'PIPE TO PIPE CONNECTOR 32mm', 'NOs', 9.00, 9.00, NULL, '2025-07-15 07:18:11', '2025-07-15 07:18:11'),
(2003, 42, 'PIPE UD 200MM PVC PIPE 10KG/CM2 6MTRS', 'NOs', 9.00, 9.00, NULL, '2025-07-15 07:18:11', '2025-07-15 07:18:11'),
(2004, 42, 'RM M S SQ PIPE 100X100 3mm - 2L', 'Kgs', 9.00, 9.00, NULL, '2025-07-15 07:18:11', '2025-07-15 07:18:11'),
(2005, 42, 'RM M S SQ PIPE 50X50 16G - 2L', 'Kgs', 9.00, 9.00, NULL, '2025-07-15 07:18:11', '2025-07-15 07:18:11'),
(2006, 42, 'RM M S SQ PIPE 50X50 3mm - 2L', 'Kgs', 9.00, 9.00, NULL, '2025-07-15 07:18:11', '2025-07-15 07:18:11'),
(2007, 42, 'RM M S SQ PIPE 50X50 3mm - 3L', 'Kgs', 9.00, 9.00, NULL, '2025-07-15 07:18:11', '2025-07-15 07:18:11'),
(2008, 42, 'RM M S SQ PIPE 50X50 3mm - 6L', 'Kgs', 9.00, 9.00, NULL, '2025-07-15 07:18:11', '2025-07-15 07:18:11'),
(2009, 42, 'RM M S SQ PIPE 50X50 3mm - 8L', 'Kgs', 9.00, 9.00, NULL, '2025-07-15 07:18:11', '2025-07-15 07:18:11'),
(2010, 42, 'RM ss sq pipe 25x25x1.2 - 20L', 'Kgs', 9.00, 9.00, NULL, '2025-07-15 07:18:11', '2025-07-15 07:18:11'),
(2011, 42, 'SEAMLESS TUBE 12X1.5 BLUE', 'MTR', 9.00, 9.00, NULL, '2025-07-15 07:18:11', '2025-07-15 07:18:11'),
(2012, 42, 'URINAL WASTE PIPE PVC', 'NOs', 9.00, 9.00, NULL, '2025-07-15 07:18:11', '2025-07-15 07:18:11'),
(2013, 42, 'WASH BASIN WASTE PIPE', 'NOs', 9.00, 9.00, NULL, '2025-07-15 07:18:11', '2025-07-15 07:18:11'),
(2014, 42, 'W-T PVC CONNECTION PIPE 11/2FT', 'NOs', 9.00, 9.00, NULL, '2025-07-15 07:18:11', '2025-07-15 07:18:11'),
(2015, 42, 'W-T PVC CONNECTION PIPE 2 FT', 'NOs', 9.00, 9.00, NULL, '2025-07-15 07:18:11', '2025-07-15 07:18:11'),
(2016, 42, 'W-T PVC CONNECTION PIPE 2FT', 'NOs', 9.00, 9.00, NULL, '2025-07-15 07:18:11', '2025-07-15 07:18:11'),
(2017, 43, '1 PATTI CLAMP', 'NOs', 9.00, 9.00, NULL, '2025-07-15 07:18:11', '2025-07-15 07:18:11'),
(2018, 43, '1 PVC HOSE JOINT', 'NOs', 9.00, 9.00, NULL, '2025-07-15 07:18:11', '2025-07-15 07:18:11'),
(2019, 43, '11/2 EXTENSION NIPPLE', 'NOs', 9.00, 9.00, NULL, '2025-07-15 07:18:11', '2025-07-15 07:18:11'),
(2020, 43, '2 WAY BIB COCK', 'NOs', 9.00, 9.00, NULL, '2025-07-15 07:18:11', '2025-07-15 07:18:11'),
(2021, 43, '3/4 PVC HOSE JOINT', 'NOs', 9.00, 9.00, NULL, '2025-07-15 07:18:11', '2025-07-15 07:18:11'),
(2022, 43, 'ADAPTOR 1.1/16UNF X 1M', 'NOs', 9.00, 9.00, NULL, '2025-07-15 07:18:11', '2025-07-15 07:18:11'),
(2023, 43, 'AIR PIPE FITTING PU CONNECTOR 1/2 X 10', 'NOs', 9.00, 9.00, NULL, '2025-07-15 07:18:11', '2025-07-15 07:18:11'),
(2024, 43, 'AIR PIPE FITTING PU CONNECTOR 1/2 X 8', 'NOs', 9.00, 9.00, NULL, '2025-07-15 07:18:11', '2025-07-15 07:18:11'),
(2025, 43, 'AIR PIPE FITTING PU CONNECTOR 1/4 X 10', 'NOs', 9.00, 9.00, NULL, '2025-07-15 07:18:11', '2025-07-15 07:18:11'),
(2026, 43, 'AIR PIPE FITTING PU CONNECTOR 1/4 X 6', 'NOs', 9.00, 9.00, NULL, '2025-07-15 07:18:11', '2025-07-15 07:18:11'),
(2027, 43, 'AIR PIPE FITTING PU CONNECTOR 1/4 X 8', 'NOs', 9.00, 9.00, NULL, '2025-07-15 07:18:11', '2025-07-15 07:18:11'),
(2028, 43, 'AIR PIPE FITTING PU CONNECTOR 1/4X8', 'NOs', 9.00, 9.00, NULL, '2025-07-15 07:18:11', '2025-07-15 07:18:11'),
(2029, 43, 'AIR PIPE FITTING PU CONNECTOR 1/8 X 6', 'NOs', 9.00, 9.00, NULL, '2025-07-15 07:18:11', '2025-07-15 07:18:11'),
(2030, 43, 'AIR PIPE FITTING PU CONNECTOR 12-10', 'NOs', 9.00, 9.00, NULL, '2025-07-15 07:18:11', '2025-07-15 07:18:11'),
(2031, 43, 'AIR PIPE FITTING PU CONNECTOR 3/8 X 10', 'NOs', 9.00, 9.00, NULL, '2025-07-15 07:18:11', '2025-07-15 07:18:11'),
(2032, 43, 'AIR PIPE FITTING PU CONNECTOR 3/8 X 8', 'NOs', 9.00, 9.00, NULL, '2025-07-15 07:18:11', '2025-07-15 07:18:11'),
(2033, 43, 'AIR PIPE FITTING PU ELBOW 1/4X8', 'NOs', 9.00, 9.00, NULL, '2025-07-15 07:18:11', '2025-07-15 07:18:11'),
(2034, 43, 'AIR PIPE FITTING PU ELBOW 3/8 X 10', 'NOs', 9.00, 9.00, NULL, '2025-07-15 07:18:11', '2025-07-15 07:18:11'),
(2035, 43, 'AIR PIPE FITTING PU TEE 1/4 X 8', 'NOs', 9.00, 9.00, NULL, '2025-07-15 07:18:11', '2025-07-15 07:18:11'),
(2036, 43, 'AIR PIPE FITTING PU TEE 1/8', 'NOs', 9.00, 9.00, NULL, '2025-07-15 07:18:11', '2025-07-15 07:18:11'),
(2037, 43, 'AIR PIPE FITTING PU TEE 10mm', 'NOs', 9.00, 9.00, NULL, '2025-07-15 07:18:11', '2025-07-15 07:18:11'),
(2038, 43, 'AIR PIPE FITTING PU TEE 8mm', 'NOs', 9.00, 9.00, NULL, '2025-07-15 07:18:11', '2025-07-15 07:18:11'),
(2039, 43, 'AIR PIPE FITTING PU THINNER', 'NOs', 9.00, 9.00, NULL, '2025-07-15 07:18:11', '2025-07-15 07:18:11'),
(2040, 43, 'AIR PIPE FITTING PU UNION 1/4X8', 'NOs', 9.00, 9.00, NULL, '2025-07-15 07:18:11', '2025-07-15 07:18:11'),
(2041, 43, 'AIR PIPE FITTING PU UNION 10-08', 'NOs', 9.00, 9.00, NULL, '2025-07-15 07:18:11', '2025-07-15 07:18:11'),
(2042, 43, 'AIR PIPE FITTING PU UNION 10-12', 'NOs', 9.00, 9.00, NULL, '2025-07-15 07:18:11', '2025-07-15 07:18:11'),
(2043, 43, 'AIR PIPE FITTING PU UNION 8mm', 'NOs', 9.00, 9.00, NULL, '2025-07-15 07:18:11', '2025-07-15 07:18:11'),
(2044, 43, 'AIR PIPE FITTING PU UNION T-KR PUT 10mm', 'NOs', 9.00, 9.00, NULL, '2025-07-15 07:18:11', '2025-07-15 07:18:11'),
(2045, 43, 'AIR PIPE FITTING PU UNION T-KR PUT 8mm', 'NOs', 9.00, 9.00, NULL, '2025-07-15 07:18:11', '2025-07-15 07:18:11'),
(2046, 43, 'AIR PIPE FITTINGS PG 1008', 'NOs', 9.00, 9.00, NULL, '2025-07-15 07:18:11', '2025-07-15 07:18:11'),
(2047, 43, 'AIR PIPE FITTINGS PH 0803', 'NOs', 9.00, 9.00, NULL, '2025-07-15 07:18:11', '2025-07-15 07:18:11'),
(2048, 43, 'ALLEN PLUG 1/8 BSP', 'NOS', 9.00, 9.00, NULL, '2025-07-15 07:18:11', '2025-07-15 07:18:11'),
(2049, 43, 'B/H/NIPPLE', 'NOs', 9.00, 9.00, NULL, '2025-07-15 07:18:11', '2025-07-15 07:18:11'),
(2050, 43, 'BALL VALVE 1 1/2\"', 'NOs', 9.00, 9.00, NULL, '2025-07-15 07:18:11', '2025-07-15 07:18:11'),
(2051, 43, 'BALL VALVE 1\"', 'NOs', 9.00, 9.00, NULL, '2025-07-15 07:18:11', '2025-07-15 07:18:11'),
(2052, 43, 'BALL VALVE 1\" BRASS', 'NOs', 9.00, 9.00, NULL, '2025-07-15 07:18:11', '2025-07-15 07:18:11'),
(2053, 43, 'BALL VALVE 1/2\"', 'NOs', 9.00, 9.00, NULL, '2025-07-15 07:18:11', '2025-07-15 07:18:11'),
(2054, 43, 'BALL VALVE 1/2\" BRASS', 'NOs', 9.00, 9.00, NULL, '2025-07-15 07:18:11', '2025-07-15 07:18:11'),
(2055, 43, 'BALL VALVE 3/4\"', 'NOs', 9.00, 9.00, NULL, '2025-07-15 07:18:11', '2025-07-15 07:18:11'),
(2056, 43, 'BALL VALVE 3/8\"', 'NOs', 9.00, 9.00, NULL, '2025-07-15 07:18:11', '2025-07-15 07:18:11'),
(2057, 43, 'BALL VALVE 3/8\" BRASS', 'NOs', 9.00, 9.00, NULL, '2025-07-15 07:18:11', '2025-07-15 07:18:11'),
(2058, 43, 'BALL VALVE WITH FITTINGS 32mm', 'NOs', 9.00, 9.00, NULL, '2025-07-15 07:18:11', '2025-07-15 07:18:11'),
(2059, 43, 'BANJO', 'NOs', 9.00, 9.00, NULL, '2025-07-15 07:18:11', '2025-07-15 07:18:11'),
(2060, 43, 'BRASS RED BUSH 3/4\" X 1/2\"', 'NOS', 9.00, 9.00, NULL, '2025-07-15 07:18:11', '2025-07-15 07:18:11'),
(2061, 43, 'BRASS UNION WITH NUT FERRULE 8MM DIA', 'NOS', 9.00, 9.00, NULL, '2025-07-15 07:18:11', '2025-07-15 07:18:11'),
(2062, 43, 'CLAMP', 'NOs', 9.00, 9.00, NULL, '2025-07-15 07:18:11', '2025-07-15 07:18:11'),
(2063, 43, 'CLIPS 20mm', 'NOs', 9.00, 9.00, NULL, '2025-07-15 07:18:11', '2025-07-15 07:18:11'),
(2064, 43, 'CLIPS 25mm', 'NOs', 9.00, 9.00, NULL, '2025-07-15 07:18:11', '2025-07-15 07:18:11'),
(2065, 43, 'CLIPS 32mm', 'NOs', 9.00, 9.00, NULL, '2025-07-15 07:18:11', '2025-07-15 07:18:11'),
(2066, 43, 'CP ANGLE COCK', 'NOs', 9.00, 9.00, NULL, '2025-07-15 07:18:11', '2025-07-15 07:18:11'),
(2067, 43, 'CP FLANGE', 'NOs', 9.00, 9.00, NULL, '2025-07-15 07:18:11', '2025-07-15 07:18:11'),
(2068, 43, 'CP GRATING DOUBLE', 'NOs', 9.00, 9.00, NULL, '2025-07-15 07:18:11', '2025-07-15 07:18:11'),
(2069, 43, 'CP PUSH COCK', 'NOs', 9.00, 9.00, NULL, '2025-07-15 07:18:11', '2025-07-15 07:18:11'),
(2070, 43, 'EXTENSION NIPPLE', 'NOs', 9.00, 9.00, NULL, '2025-07-15 07:18:11', '2025-07-15 07:18:11'),
(2071, 43, 'FALNGE CP', 'NOs', 9.00, 9.00, NULL, '2025-07-15 07:18:11', '2025-07-15 07:18:11'),
(2072, 43, 'GEBERIT ROUND PLATE', 'NOs', 9.00, 9.00, NULL, '2025-07-15 07:18:11', '2025-07-15 07:18:11'),
(2073, 43, 'GEBERITT FLUSH TANK', 'NOs', 9.00, 9.00, NULL, '2025-07-15 07:18:11', '2025-07-15 07:18:11'),
(2074, 43, 'GRATING PLAIN', 'NOs', 9.00, 9.00, NULL, '2025-07-15 07:18:11', '2025-07-15 07:18:11'),
(2075, 43, 'GRATING WITH HOLE', 'NOs', 9.00, 9.00, NULL, '2025-07-15 07:18:11', '2025-07-15 07:18:11'),
(2076, 43, 'HEAVY CASTED SHOWER', 'NOs', 9.00, 9.00, NULL, '2025-07-15 07:18:11', '2025-07-15 07:18:11'),
(2077, 43, 'HOSE CLIP', 'NOs', 9.00, 9.00, NULL, '2025-07-15 07:18:11', '2025-07-15 07:18:11'),
(2078, 43, 'HOSE CLIPS 000', 'NOs', 9.00, 9.00, NULL, '2025-07-15 07:18:11', '2025-07-15 07:18:11'),
(2079, 43, 'HOSE CLIPS 00M', 'NOs', 9.00, 9.00, NULL, '2025-07-15 07:18:11', '2025-07-15 07:18:11'),
(2080, 43, 'HOSE CLIPS 0S', 'NOs', 9.00, 9.00, NULL, '2025-07-15 07:18:11', '2025-07-15 07:18:11'),
(2081, 43, 'HOSE CLIPS 100S', 'NOs', 9.00, 9.00, NULL, '2025-07-15 07:18:11', '2025-07-15 07:18:11'),
(2082, 43, 'HYD BULKHEAD UNION 12 DIA', 'NOs', 9.00, 9.00, NULL, '2025-07-15 07:18:11', '2025-07-15 07:18:11'),
(2083, 43, 'HYD BULKHEAD UNION 6 DIA', 'NOs', 9.00, 9.00, NULL, '2025-07-15 07:18:11', '2025-07-15 07:18:11'),
(2084, 43, 'HYD EQ TEE', 'NOS', 9.00, 9.00, NULL, '2025-07-15 07:18:11', '2025-07-15 07:18:11'),
(2085, 43, 'HYD FERRULE', 'NOS', 9.00, 9.00, NULL, '2025-07-15 07:18:11', '2025-07-15 07:18:11'),
(2086, 43, 'HYD HOSE 3/8 R1 X 900MM ST BEND 3/8 BSP', 'NOs', 9.00, 9.00, NULL, '2025-07-15 07:18:11', '2025-07-15 07:18:11'),
(2087, 43, 'HYD NUT', 'NOS', 9.00, 9.00, NULL, '2025-07-15 07:18:11', '2025-07-15 07:18:11'),
(2088, 43, 'HYD NUT& FERRULE', 'NOs', 9.00, 9.00, NULL, '2025-07-15 07:18:11', '2025-07-15 07:18:11'),
(2089, 43, 'HYD PMS 1/2 X 12 DIA', 'NOs', 9.00, 9.00, NULL, '2025-07-15 07:18:11', '2025-07-15 07:18:11'),
(2090, 43, 'HYD PMS 1/2 X 8 DIA', 'NOS', 9.00, 9.00, NULL, '2025-07-15 07:18:11', '2025-07-15 07:18:11'),
(2091, 43, 'HYD PMS 1/4 X 6 DIA', 'NOS', 9.00, 9.00, NULL, '2025-07-15 07:18:11', '2025-07-15 07:18:11'),
(2092, 43, 'HYD PMS 3/4 X 12 DIA', 'NOs', 9.00, 9.00, NULL, '2025-07-15 07:18:11', '2025-07-15 07:18:11'),
(2093, 43, 'HYD PMS 3/8 X 10 DIA', 'NOS', 9.00, 9.00, NULL, '2025-07-15 07:18:11', '2025-07-15 07:18:11'),
(2094, 43, 'HYD ST CONNECTOR', 'NOs', 9.00, 9.00, NULL, '2025-07-15 07:18:11', '2025-07-15 07:18:11'),
(2095, 43, 'HYDRAULIC PLUG  1/4', 'NOs', 9.00, 9.00, NULL, '2025-07-15 07:18:11', '2025-07-15 07:18:11'),
(2096, 43, 'JAQ CON FLUSH PALTE', 'NOs', 9.00, 9.00, NULL, '2025-07-15 07:18:11', '2025-07-15 07:18:11'),
(2097, 43, 'JAQ CONS FLUSH', 'NOs', 9.00, 9.00, NULL, '2025-07-15 07:18:11', '2025-07-15 07:18:11'),
(2098, 43, 'LOCKNUT FERRULE Q6', 'NOs', 9.00, 9.00, NULL, '2025-07-15 07:18:11', '2025-07-15 07:18:11'),
(2099, 43, 'LONG BODY TAP', 'NOs', 9.00, 9.00, NULL, '2025-07-15 07:18:11', '2025-07-15 07:18:11'),
(2100, 43, 'MALE CONNECTOR 32X1\"', 'NOs', 9.00, 9.00, NULL, '2025-07-15 07:18:11', '2025-07-15 07:18:11'),
(2101, 43, 'MALE CONNECTOR 32X11/4\"', 'NOs', 9.00, 9.00, NULL, '2025-07-15 07:18:11', '2025-07-15 07:18:11'),
(2102, 43, 'MS ELBOW  1 1/2\"', 'NOs', 9.00, 9.00, NULL, '2025-07-15 07:18:11', '2025-07-15 07:18:11'),
(2103, 43, 'MS FEMALE THREADED COLLER 11/2\"F 11/2\"F', 'NOs', 9.00, 9.00, NULL, '2025-07-15 07:18:11', '2025-07-15 07:18:11'),
(2104, 43, 'MS RED BUSH 1 X 3/4', 'NOs', 9.00, 9.00, NULL, '2025-07-15 07:18:11', '2025-07-15 07:18:11'),
(2105, 43, 'MS RED TEE 1 X 1/2', 'NOs', 9.00, 9.00, NULL, '2025-07-15 07:18:11', '2025-07-15 07:18:11'),
(2106, 43, 'MS SOCKET 1\"', 'NOs', 9.00, 9.00, NULL, '2025-07-15 07:18:11', '2025-07-15 07:18:11'),
(2107, 43, 'MSSD-EB-PLUG SOCKET FESTO 151687', 'NOs', 9.00, 9.00, NULL, '2025-07-15 07:18:11', '2025-07-15 07:18:11'),
(2108, 43, 'NRV BRASS  3/4\"', 'NOs', 9.00, 9.00, NULL, '2025-07-15 07:18:11', '2025-07-15 07:18:11'),
(2109, 43, 'PILLAR COCK', 'NOs', 9.00, 9.00, NULL, '2025-07-15 07:18:11', '2025-07-15 07:18:11'),
(2110, 43, 'PILLAR COCK AUTO CLOSING', 'NOs', 9.00, 9.00, NULL, '2025-07-15 07:18:11', '2025-07-15 07:18:11'),
(2111, 43, 'PIPE FITTING 0.5 CPVC FTA', 'NOs', 9.00, 9.00, NULL, '2025-07-15 07:18:11', '2025-07-15 07:18:11'),
(2112, 43, 'PIPE FITTING 0.5 PVC TAP', 'NOs', 9.00, 9.00, NULL, '2025-07-15 07:18:11', '2025-07-15 07:18:11'),
(2113, 43, 'PIPE FITTING 0.75 CPVC COLLAR', 'NOs', 9.00, 9.00, NULL, '2025-07-15 07:18:11', '2025-07-15 07:18:11'),
(2114, 43, 'PIPE FITTING 0.75 CPVC ELBOW', 'NOs', 9.00, 9.00, NULL, '2025-07-15 07:18:11', '2025-07-15 07:18:11'),
(2115, 43, 'PIPE FITTING 0.75 CPVC ENDCAP', 'NOs', 9.00, 9.00, NULL, '2025-07-15 07:18:11', '2025-07-15 07:18:11'),
(2116, 43, 'PIPE FITTING 0.75 CPVC PLUG', 'NOs', 9.00, 9.00, NULL, '2025-07-15 07:18:11', '2025-07-15 07:18:11'),
(2117, 43, 'PIPE FITTING 0.75 CPVC TANK NIPPLE', 'NOs', 9.00, 9.00, NULL, '2025-07-15 07:18:11', '2025-07-15 07:18:11'),
(2118, 43, 'PIPE FITTING 0.75 CPVC TEE', 'NOs', 9.00, 9.00, NULL, '2025-07-15 07:18:11', '2025-07-15 07:18:11'),
(2119, 43, 'PIPE FITTING 0.75 PVC COLLAR', 'NOs', 9.00, 9.00, NULL, '2025-07-15 07:18:11', '2025-07-15 07:18:11'),
(2120, 43, 'PIPE FITTING 0.75 X 0.5 CPVC BRASS COLLAR', 'NOs', 9.00, 9.00, NULL, '2025-07-15 07:18:11', '2025-07-15 07:18:11'),
(2121, 43, 'PIPE FITTING 0.75 X 0.5 CPVC BRASS ELBOW', 'NOs', 9.00, 9.00, NULL, '2025-07-15 07:18:11', '2025-07-15 07:18:11'),
(2122, 43, 'PIPE FITTING 0.75 X 0.5 CPVC BRASS TEE', 'NOs', 9.00, 9.00, NULL, '2025-07-15 07:18:11', '2025-07-15 07:18:11'),
(2123, 43, 'PIPE FITTING 1 CPVC BALLVALVE', 'NOs', 9.00, 9.00, NULL, '2025-07-15 07:18:11', '2025-07-15 07:18:11'),
(2124, 43, 'PIPE FITTING 1 CPVC COLLAR', 'NOs', 9.00, 9.00, NULL, '2025-07-15 07:18:11', '2025-07-15 07:18:11'),
(2125, 43, 'PIPE FITTING 1 CPVC FTA', 'NOs', 9.00, 9.00, NULL, '2025-07-15 07:18:11', '2025-07-15 07:18:11'),
(2126, 43, 'PIPE FITTING 1 CPVC LONG BEND', 'NOs', 9.00, 9.00, NULL, '2025-07-15 07:18:11', '2025-07-15 07:18:11'),
(2127, 43, 'PIPE FITTING 1 CPVC TANK NIPPLE', 'NOs', 9.00, 9.00, NULL, '2025-07-15 07:18:11', '2025-07-15 07:18:11'),
(2128, 43, 'PIPE FITTING 1 CPVC TEE', 'NOs', 9.00, 9.00, NULL, '2025-07-15 07:18:11', '2025-07-15 07:18:11'),
(2129, 43, 'PIPE FITTING 1 CPVC UNION', 'NOs', 9.00, 9.00, NULL, '2025-07-15 07:18:11', '2025-07-15 07:18:11'),
(2130, 43, 'PIPE FITTING 1 EXT NIPPLE', 'NOs', 9.00, 9.00, NULL, '2025-07-15 07:18:11', '2025-07-15 07:18:11'),
(2131, 43, 'PIPE FITTING 1 GI ELBOW', 'NOs', 9.00, 9.00, NULL, '2025-07-15 07:18:11', '2025-07-15 07:18:11'),
(2132, 43, 'PIPE FITTING 1 GI HEX NIPPLE', 'NOs', 9.00, 9.00, NULL, '2025-07-15 07:18:11', '2025-07-15 07:18:11'),
(2133, 43, 'PIPE FITTING 1 GI HOSE CLIPS 137S', 'NOs', 9.00, 9.00, NULL, '2025-07-15 07:18:11', '2025-07-15 07:18:11'),
(2134, 43, 'PIPE FITTING 1 GI HOSE COLLAR', 'NOs', 9.00, 9.00, NULL, '2025-07-15 07:18:11', '2025-07-15 07:18:11'),
(2135, 43, 'PIPE FITTING 1 GI HOSE NIPPLE', 'NOs', 9.00, 9.00, NULL, '2025-07-15 07:18:11', '2025-07-15 07:18:11'),
(2136, 43, 'PIPE FITTING 1 GI PLUG', 'NOs', 9.00, 9.00, NULL, '2025-07-15 07:18:11', '2025-07-15 07:18:11'),
(2137, 43, 'PIPE FITTING 1 GI TEE', 'NOs', 9.00, 9.00, NULL, '2025-07-15 07:18:11', '2025-07-15 07:18:11'),
(2138, 43, 'PIPE FITTING 1 HOSE CLAMP', 'NOs', 9.00, 9.00, NULL, '2025-07-15 07:18:12', '2025-07-15 07:18:12'),
(2139, 43, 'PIPE FITTING 1 NON RETURN VALVE', 'NOs', 9.00, 9.00, NULL, '2025-07-15 07:18:12', '2025-07-15 07:18:12'),
(2140, 43, 'PIPE FITTING 1 PVC COLLAR', 'NOs', 9.00, 9.00, NULL, '2025-07-15 07:18:12', '2025-07-15 07:18:12'),
(2141, 43, 'PIPE FITTING 1 PVC ELBOW', 'NOs', 9.00, 9.00, NULL, '2025-07-15 07:18:12', '2025-07-15 07:18:12'),
(2142, 43, 'PIPE FITTING 1 PVC FTA', 'NOs', 9.00, 9.00, NULL, '2025-07-15 07:18:12', '2025-07-15 07:18:12'),
(2143, 43, 'PIPE FITTING 1 PVC HOSE COLLAR', 'NOs', 9.00, 9.00, NULL, '2025-07-15 07:18:12', '2025-07-15 07:18:12'),
(2144, 43, 'PIPE FITTING 1.25 CPVC COLLAR', 'NOs', 9.00, 9.00, NULL, '2025-07-15 07:18:12', '2025-07-15 07:18:12'),
(2145, 43, 'PIPE FITTING 1.25 CPVC ELBOW', 'NOs', 9.00, 9.00, NULL, '2025-07-15 07:18:12', '2025-07-15 07:18:12'),
(2146, 43, 'PIPE FITTING 1.25 CPVC FTA BRASS', 'NOs', 9.00, 9.00, NULL, '2025-07-15 07:18:12', '2025-07-15 07:18:12'),
(2147, 43, 'PIPE FITTING 1.25 CPVC L BEND', 'NOs', 9.00, 9.00, NULL, '2025-07-15 07:18:12', '2025-07-15 07:18:12'),
(2148, 43, 'PIPE FITTING 1.25 CPVC MTA BRASS', 'NOs', 9.00, 9.00, NULL, '2025-07-15 07:18:12', '2025-07-15 07:18:12'),
(2149, 43, 'PIPE FITTING 1.25 CPVC SHOE', 'NOs', 9.00, 9.00, NULL, '2025-07-15 07:18:12', '2025-07-15 07:18:12'),
(2150, 43, 'PIPE FITTING 1.25 CPVC UNION', 'NOs', 9.00, 9.00, NULL, '2025-07-15 07:18:12', '2025-07-15 07:18:12'),
(2151, 43, 'PIPE FITTING 1.25 PVC ELBOW', 'NOs', 9.00, 9.00, NULL, '2025-07-15 07:18:12', '2025-07-15 07:18:12'),
(2152, 43, 'PIPE FITTING 1.25 PVC FTA', 'NOs', 9.00, 9.00, NULL, '2025-07-15 07:18:12', '2025-07-15 07:18:12'),
(2153, 43, 'PIPE FITTING 1.5 CPVC COLLAR', 'NOs', 9.00, 9.00, NULL, '2025-07-15 07:18:12', '2025-07-15 07:18:12'),
(2154, 43, 'PIPE FITTING 1.5 CPVC ELBOW', 'NOs', 9.00, 9.00, NULL, '2025-07-15 07:18:12', '2025-07-15 07:18:12'),
(2155, 43, 'PIPE FITTING 1.5 CPVC FTA BRASS', 'NOs', 9.00, 9.00, NULL, '2025-07-15 07:18:12', '2025-07-15 07:18:12'),
(2156, 43, 'PIPE FITTING 1.5 CPVC L BEND', 'NOs', 9.00, 9.00, NULL, '2025-07-15 07:18:12', '2025-07-15 07:18:12'),
(2157, 43, 'PIPE FITTING 1.5X1.25  CPVC TEE', 'NOs', 9.00, 9.00, NULL, '2025-07-15 07:18:12', '2025-07-15 07:18:12'),
(2158, 43, 'PIPE FITTING 11/2 GI HOSE COLLAR', 'NOs', 9.00, 9.00, NULL, '2025-07-15 07:18:12', '2025-07-15 07:18:12'),
(2159, 43, 'PIPE FITTING 11/2X11/4 CPVC COLLER', 'NOs', 9.00, 9.00, NULL, '2025-07-15 07:18:12', '2025-07-15 07:18:12'),
(2160, 43, 'PIPE FITTING 11/4 CPVC CLAMP', 'NOs', 9.00, 9.00, NULL, '2025-07-15 07:18:12', '2025-07-15 07:18:12'),
(2161, 43, 'PIPE FITTING 110X63 PVC RED BUSH', 'NOs', 9.00, 9.00, NULL, '2025-07-15 07:18:12', '2025-07-15 07:18:12'),
(2162, 43, 'PIPE FITTING 1X0.75  CPVC TEE', 'NOs', 9.00, 9.00, NULL, '2025-07-15 07:18:12', '2025-07-15 07:18:12'),
(2163, 43, 'PIPE FITTING 1X0.75 GI RED ELBOW', 'NOs', 9.00, 9.00, NULL, '2025-07-15 07:18:12', '2025-07-15 07:18:12'),
(2164, 43, 'PIPE FITTING 1X1/2 PVC REDUCER FTA', 'NOs', 9.00, 9.00, NULL, '2025-07-15 07:18:12', '2025-07-15 07:18:12'),
(2165, 43, 'PIPE FITTING 1X3/4 CPVC RED ELBOW BRASS', 'NOs', 9.00, 9.00, NULL, '2025-07-15 07:18:12', '2025-07-15 07:18:12'),
(2166, 43, 'PIPE FITTING 1X3/4 CPVC RED TEE BRASS', 'NOs', 9.00, 9.00, NULL, '2025-07-15 07:18:12', '2025-07-15 07:18:12'),
(2167, 43, 'PIPE FITTING 1X3/4 GI RED COLLAR', 'NOs', 9.00, 9.00, NULL, '2025-07-15 07:18:12', '2025-07-15 07:18:12'),
(2168, 43, 'PIPE FITTING 2 CPVC COLLAR', 'NOs', 9.00, 9.00, NULL, '2025-07-15 07:18:12', '2025-07-15 07:18:12'),
(2169, 43, 'PIPE FITTING 2\" PVC ELBOW', 'NOs', 9.00, 9.00, NULL, '2025-07-15 07:18:12', '2025-07-15 07:18:12'),
(2170, 43, 'PIPE FITTING 20MM DIVERTER TAP & SHOWER BODY', 'NOs', 9.00, 9.00, NULL, '2025-07-15 07:18:12', '2025-07-15 07:18:12'),
(2171, 43, 'PIPE FITTING 2X1 CPVC RED BUSH', 'NOs', 9.00, 9.00, NULL, '2025-07-15 07:18:12', '2025-07-15 07:18:12'),
(2172, 43, 'PIPE FITTING 2X1 GI  RED BUSH', 'NOs', 9.00, 9.00, NULL, '2025-07-15 07:18:12', '2025-07-15 07:18:12'),
(2173, 43, 'PIPE FITTING 2X1.25  CPVC TEE', 'NOs', 9.00, 9.00, NULL, '2025-07-15 07:18:12', '2025-07-15 07:18:12'),
(2174, 43, 'PIPE FITTING 2X1.5  CPVC TEE', 'NOs', 9.00, 9.00, NULL, '2025-07-15 07:18:12', '2025-07-15 07:18:12'),
(2175, 43, 'PIPE FITTING 3 FOOTVALVE', 'NOs', 9.00, 9.00, NULL, '2025-07-15 07:18:12', '2025-07-15 07:18:12'),
(2176, 43, 'PIPE FITTING 3/4  GI CLAMP', 'NOs', 9.00, 9.00, NULL, '2025-07-15 07:18:12', '2025-07-15 07:18:12'),
(2177, 43, 'PIPE FITTING 3/4 GI HOSE NIPPLE', 'NOs', 9.00, 9.00, NULL, '2025-07-15 07:18:12', '2025-07-15 07:18:12'),
(2178, 43, 'PIPE FITTING 3/4 PVC ELBOW', 'NOs', 9.00, 9.00, NULL, '2025-07-15 07:18:12', '2025-07-15 07:18:12'),
(2179, 43, 'PIPE FITTING 3/4 PVC FTA', 'NOs', 9.00, 9.00, NULL, '2025-07-15 07:18:12', '2025-07-15 07:18:12'),
(2180, 43, 'PIPE FITTING 3/4 PVC TEE', 'NOs', 9.00, 9.00, NULL, '2025-07-15 07:18:12', '2025-07-15 07:18:12'),
(2181, 43, 'PIPE FITTING 3/4X1/2 CPVC RED TEE BRASS', 'NOs', 9.00, 9.00, NULL, '2025-07-15 07:18:12', '2025-07-15 07:18:12'),
(2182, 43, 'PIPE FITTING 5  GI CLAMP', 'NOs', 9.00, 9.00, NULL, '2025-07-15 07:18:12', '2025-07-15 07:18:12'),
(2183, 43, 'PIPE FITTING 5\" PVC ELBOW', 'NOs', 9.00, 9.00, NULL, '2025-07-15 07:18:12', '2025-07-15 07:18:12'),
(2184, 43, 'PIPE FITTING 6 PVC TEE', 'NOs', 9.00, 9.00, NULL, '2025-07-15 07:18:12', '2025-07-15 07:18:12'),
(2185, 43, 'PIPE FITTING 6\" PVC COLLAR', 'NOs', 9.00, 9.00, NULL, '2025-07-15 07:18:12', '2025-07-15 07:18:12'),
(2186, 43, 'PIPE FITTING 6\" PVC ELBOW', 'NOs', 9.00, 9.00, NULL, '2025-07-15 07:18:12', '2025-07-15 07:18:12'),
(2187, 43, 'PIPE FITTING 6\" PVC END CAP', 'NOs', 9.00, 9.00, NULL, '2025-07-15 07:18:12', '2025-07-15 07:18:12'),
(2188, 43, 'PIPE FITTING 75 PVC NAHNI TRAP', 'NOs', 9.00, 9.00, NULL, '2025-07-15 07:18:12', '2025-07-15 07:18:12'),
(2189, 43, 'PIPE FITTING 75X40 PVC RED BUSH', 'NOs', 9.00, 9.00, NULL, '2025-07-15 07:18:12', '2025-07-15 07:18:12'),
(2190, 43, 'PIPE FITTING 8\" PVC ELBOW', 'NOs', 9.00, 9.00, NULL, '2025-07-15 07:18:12', '2025-07-15 07:18:12'),
(2191, 43, 'PIPE FITTING 8\" PVC PL END CAP', 'NOs', 9.00, 9.00, NULL, '2025-07-15 07:18:12', '2025-07-15 07:18:12'),
(2192, 43, 'PIPE FITTING BRASS HEX NIPPLE 3/8\"', 'NOs', 9.00, 9.00, NULL, '2025-07-15 07:18:12', '2025-07-15 07:18:12'),
(2193, 43, 'PIPE FITTING BRASS HOSE NIPPLE 1/2 X 1/4', 'NOs', 9.00, 9.00, NULL, '2025-07-15 07:18:12', '2025-07-15 07:18:12'),
(2194, 43, 'PIPE FITTING BRASS HOSE NIPPLE 1/2X5/8', 'NOs', 9.00, 9.00, NULL, '2025-07-15 07:18:12', '2025-07-15 07:18:12'),
(2195, 43, 'PIPE FITTING BRASS HOSE NIPPLE1/2 X 3/8', 'NOs', 9.00, 9.00, NULL, '2025-07-15 07:18:12', '2025-07-15 07:18:12'),
(2196, 43, 'PIPE FITTING BRASS HOSE NIPPLE3/8X1/4', 'NOs', 9.00, 9.00, NULL, '2025-07-15 07:18:12', '2025-07-15 07:18:12'),
(2197, 43, 'PIPE FITTING CP HEX NIPPLE 1\"', 'NOs', 9.00, 9.00, NULL, '2025-07-15 07:18:12', '2025-07-15 07:18:12'),
(2198, 43, 'PIPE FITTING CP HEX NIPPLE 1/2\"', 'NOs', 9.00, 9.00, NULL, '2025-07-15 07:18:12', '2025-07-15 07:18:12'),
(2199, 43, 'PIPE FITTING END CAP 25mm', 'NOs', 9.00, 9.00, NULL, '2025-07-15 07:18:12', '2025-07-15 07:18:12'),
(2200, 43, 'PIPE FITTING END CAP 32mm', 'NOs', 9.00, 9.00, NULL, '2025-07-15 07:18:12', '2025-07-15 07:18:12'),
(2201, 43, 'PIPE FITTING EQUAL TEE 32mm', 'NOs', 9.00, 9.00, NULL, '2025-07-15 07:18:12', '2025-07-15 07:18:12'),
(2202, 43, 'PIPE FITTING GI RED COLLAR', 'NOs', 9.00, 9.00, NULL, '2025-07-15 07:18:12', '2025-07-15 07:18:12'),
(2203, 43, 'PIPE FITTING GI REDUCER BUSH', 'NOs', 9.00, 9.00, NULL, '2025-07-15 07:18:12', '2025-07-15 07:18:12'),
(2204, 43, 'PIPE FITTING GI REDUCER COLLAR', 'NOs', 9.00, 9.00, NULL, '2025-07-15 07:18:12', '2025-07-15 07:18:12'),
(2205, 43, 'PIPE FITTING HEX NIPPLE 1 1/2\"', 'NOs', 9.00, 9.00, NULL, '2025-07-15 07:18:12', '2025-07-15 07:18:12'),
(2206, 43, 'PIPE FITTING HEX NIPPLE 1 1/4\"F 1 1/2\"M', 'NOs', 9.00, 9.00, NULL, '2025-07-15 07:18:12', '2025-07-15 07:18:12'),
(2207, 43, 'PIPE FITTING HEX NIPPLE 1 1/4\"M 1 1/2\"M', 'NOs', 9.00, 9.00, NULL, '2025-07-15 07:18:12', '2025-07-15 07:18:12'),
(2208, 43, 'PIPE FITTING HEX NIPPLE 1/2\"', 'NOs', 9.00, 9.00, NULL, '2025-07-15 07:18:12', '2025-07-15 07:18:12'),
(2209, 43, 'PIPE FITTING HOSE COLLAR BRASS 1/4X3/8', 'NOs', 9.00, 9.00, NULL, '2025-07-15 07:18:12', '2025-07-15 07:18:12'),
(2210, 43, 'PIPE FITTING PVC PUSH COCK', 'NOs', 9.00, 9.00, NULL, '2025-07-15 07:18:12', '2025-07-15 07:18:12'),
(2211, 43, 'PIPE FITTING1.5 PVC COLLAR', 'NOs', 9.00, 9.00, NULL, '2025-07-15 07:18:12', '2025-07-15 07:18:12'),
(2212, 43, 'PIPE FITTING1.5 PVC ELBOW', 'NOs', 9.00, 9.00, NULL, '2025-07-15 07:18:12', '2025-07-15 07:18:12'),
(2213, 43, 'PIPE FITTING1.5 PVC FTA', 'NOs', 9.00, 9.00, NULL, '2025-07-15 07:18:12', '2025-07-15 07:18:12'),
(2214, 43, 'PIPE FITTING1.5 PVC PIPE', 'NOs', 9.00, 9.00, NULL, '2025-07-15 07:18:12', '2025-07-15 07:18:12'),
(2215, 43, 'PIPE FITTING1.5 PVC SHOE', 'NOs', 9.00, 9.00, NULL, '2025-07-15 07:18:12', '2025-07-15 07:18:12'),
(2216, 43, 'PIPE FITTING1.5 PVC TEE', 'NOs', 9.00, 9.00, NULL, '2025-07-15 07:18:12', '2025-07-15 07:18:12'),
(2217, 43, 'PIPE FITTING1.5X1.25 CPVC BUSH', 'NOs', 9.00, 9.00, NULL, '2025-07-15 07:18:12', '2025-07-15 07:18:12'),
(2218, 43, 'PIPE FITTING1/2 CP HEX NIPPLE', 'NOs', 9.00, 9.00, NULL, '2025-07-15 07:18:12', '2025-07-15 07:18:12'),
(2219, 43, 'PIPE FITTING1/2 CPVC ENDCAP', 'NOs', 9.00, 9.00, NULL, '2025-07-15 07:18:12', '2025-07-15 07:18:12'),
(2220, 43, 'PIPE FITTING1/2 CPVC PLUG', 'NOs', 9.00, 9.00, NULL, '2025-07-15 07:18:12', '2025-07-15 07:18:12'),
(2221, 43, 'PIPE FITTING1/2 CPVC UNION', 'NOs', 9.00, 9.00, NULL, '2025-07-15 07:18:12', '2025-07-15 07:18:12'),
(2222, 43, 'PIPE FITTING1/2 GI HOSE NIPPLE', 'NOs', 9.00, 9.00, NULL, '2025-07-15 07:18:12', '2025-07-15 07:18:12'),
(2223, 43, 'PIPE FITTING11/2 CPVC UNION', 'NOs', 9.00, 9.00, NULL, '2025-07-15 07:18:12', '2025-07-15 07:18:12'),
(2224, 43, 'PIPE FITTING11/2 ELBOW', 'NOs', 9.00, 9.00, NULL, '2025-07-15 07:18:12', '2025-07-15 07:18:12'),
(2225, 43, 'PIPE FITTING11/2 EXT NIPPLE', 'NOs', 9.00, 9.00, NULL, '2025-07-15 07:18:12', '2025-07-15 07:18:12'),
(2226, 43, 'PIPE FITTING11/2 EXTENSION NIPPLE', 'NOs', 9.00, 9.00, NULL, '2025-07-15 07:18:12', '2025-07-15 07:18:12'),
(2227, 43, 'PIPE FITTING11/2 X 11/4 CPVC RED BUSH', 'NOs', 9.00, 9.00, NULL, '2025-07-15 07:18:12', '2025-07-15 07:18:12'),
(2228, 43, 'PIPE FITTING11/4 CPVC FTA', 'NOs', 9.00, 9.00, NULL, '2025-07-15 07:18:12', '2025-07-15 07:18:12'),
(2229, 43, 'PIPE FITTING11/4 ELBOW', 'NOs', 9.00, 9.00, NULL, '2025-07-15 07:18:12', '2025-07-15 07:18:12'),
(2230, 43, 'PIPE FITTING11/4 TEE', 'NOs', 9.00, 9.00, NULL, '2025-07-15 07:18:12', '2025-07-15 07:18:12'),
(2231, 43, 'PIPE FITTING11/4 X 3/4 CPVC RED BUSH', 'NOs', 9.00, 9.00, NULL, '2025-07-15 07:18:12', '2025-07-15 07:18:12'),
(2232, 43, 'PIPE FITTING11/4X1 CPVC COLLER', 'NOs', 9.00, 9.00, NULL, '2025-07-15 07:18:12', '2025-07-15 07:18:12'),
(2233, 43, 'PIPE FITTING11/4X3/4 CPVC COLLER', 'NOs', 9.00, 9.00, NULL, '2025-07-15 07:18:12', '2025-07-15 07:18:12'),
(2234, 43, 'PIPE FITTING110 DOOR BEND', 'NOs', 9.00, 9.00, NULL, '2025-07-15 07:18:12', '2025-07-15 07:18:12'),
(2235, 43, 'PIPE FITTING110 DOOR COLLAR', 'NOs', 9.00, 9.00, NULL, '2025-07-15 07:18:12', '2025-07-15 07:18:12'),
(2236, 43, 'PIPE FITTING110 DOOR TEE', 'NOs', 9.00, 9.00, NULL, '2025-07-15 07:18:12', '2025-07-15 07:18:12'),
(2237, 43, 'PIPE FITTING110 LONG BEND', 'NOs', 9.00, 9.00, NULL, '2025-07-15 07:18:12', '2025-07-15 07:18:12'),
(2238, 43, 'PIPE FITTING110 PVC CLAMP', 'NOs', 9.00, 9.00, NULL, '2025-07-15 07:18:12', '2025-07-15 07:18:12'),
(2239, 43, 'PIPE FITTING110 PVC COLLAR', 'NOs', 9.00, 9.00, NULL, '2025-07-15 07:18:12', '2025-07-15 07:18:12'),
(2240, 43, 'PIPE FITTING110 PVC COWL', 'NOs', 9.00, 9.00, NULL, '2025-07-15 07:18:12', '2025-07-15 07:18:12'),
(2241, 43, 'PIPE FITTING110 PVC ELBOW', 'NOs', 9.00, 9.00, NULL, '2025-07-15 07:18:12', '2025-07-15 07:18:12'),
(2242, 43, 'PIPE FITTING110 PVC FLANGE', 'NOs', 9.00, 9.00, NULL, '2025-07-15 07:18:12', '2025-07-15 07:18:12'),
(2243, 43, 'PIPE FITTING110 PVC P BEND', 'NOs', 9.00, 9.00, NULL, '2025-07-15 07:18:12', '2025-07-15 07:18:12'),
(2244, 43, 'PIPE FITTING110 PVC P TRAP', 'NOs', 9.00, 9.00, NULL, '2025-07-15 07:18:12', '2025-07-15 07:18:12'),
(2245, 43, 'PIPE FITTING110 PVC TEE', 'NOs', 9.00, 9.00, NULL, '2025-07-15 07:18:12', '2025-07-15 07:18:12'),
(2246, 43, 'PIPE FITTING110 PVC TEE SWR', 'NOs', 9.00, 9.00, NULL, '2025-07-15 07:18:12', '2025-07-15 07:18:12'),
(2247, 43, 'PIPE FITTING110 PVC VENT COWL', 'NOs', 9.00, 9.00, NULL, '2025-07-15 07:18:12', '2025-07-15 07:18:12'),
(2248, 43, 'PIPE FITTING110MM 4KG PVC COLLAR', 'NOs', 9.00, 9.00, NULL, '2025-07-15 07:18:12', '2025-07-15 07:18:12'),
(2249, 43, 'PIPE FITTING110MM 4KG PVC DOOR COLLAR', 'NOs', 9.00, 9.00, NULL, '2025-07-15 07:18:12', '2025-07-15 07:18:12'),
(2250, 43, 'PIPE FITTING110MM 4KG PVC PIPE', 'NOs', 9.00, 9.00, NULL, '2025-07-15 07:18:12', '2025-07-15 07:18:12'),
(2251, 43, 'PIPE FITTING110MM PVC CLAMP', 'NOs', 9.00, 9.00, NULL, '2025-07-15 07:18:12', '2025-07-15 07:18:12'),
(2252, 43, 'PIPE FITTING110MM PVC COLLAR', 'NOs', 9.00, 9.00, NULL, '2025-07-15 07:18:12', '2025-07-15 07:18:12'),
(2253, 43, 'PIPE FITTING110MM PVC END CAP', 'NOs', 9.00, 9.00, NULL, '2025-07-15 07:18:12', '2025-07-15 07:18:12'),
(2254, 43, 'PIPE FITTING110X6KG PVC PIPE', 'NOs', 9.00, 9.00, NULL, '2025-07-15 07:18:12', '2025-07-15 07:18:12'),
(2255, 43, 'PIPE FITTING110X75 PVC RED TEE', 'NOs', 9.00, 9.00, NULL, '2025-07-15 07:18:12', '2025-07-15 07:18:12'),
(2256, 43, 'PIPE FITTING110X75 PVC REDUCER SWR', 'NOs', 9.00, 9.00, NULL, '2025-07-15 07:18:12', '2025-07-15 07:18:12'),
(2257, 43, 'PIPE FITTING160X110 REDUCER', 'NOs', 9.00, 9.00, NULL, '2025-07-15 07:18:12', '2025-07-15 07:18:12'),
(2258, 43, 'PIPE FITTING1X1/2 GI REDUCING TEE', 'NOs', 9.00, 9.00, NULL, '2025-07-15 07:18:12', '2025-07-15 07:18:12'),
(2259, 43, 'PIPE FITTING1X3/4 CPVC RED BUSH', 'NOs', 9.00, 9.00, NULL, '2025-07-15 07:18:12', '2025-07-15 07:18:12'),
(2260, 43, 'PIPE FITTING2 CLAMP', 'NOs', 9.00, 9.00, NULL, '2025-07-15 07:18:12', '2025-07-15 07:18:12'),
(2261, 43, 'PIPE FITTING2 CPVC COLLER', 'NOs', 9.00, 9.00, NULL, '2025-07-15 07:18:12', '2025-07-15 07:18:12'),
(2262, 43, 'PIPE FITTING2 LONG BEND', 'NOs', 9.00, 9.00, NULL, '2025-07-15 07:18:12', '2025-07-15 07:18:12'),
(2263, 43, 'PIPE FITTING2 NON RETURN VALVE', 'NOs', 9.00, 9.00, NULL, '2025-07-15 07:18:12', '2025-07-15 07:18:12'),
(2264, 43, 'PIPE FITTING2 PATTI CLAMP', 'NOs', 9.00, 9.00, NULL, '2025-07-15 07:18:12', '2025-07-15 07:18:12'),
(2265, 43, 'PIPE FITTING2 PVC ELBOW', 'NOs', 9.00, 9.00, NULL, '2025-07-15 07:18:12', '2025-07-15 07:18:12'),
(2266, 43, 'PIPE FITTING2 PVC PIPE', 'NOs', 9.00, 9.00, NULL, '2025-07-15 07:18:12', '2025-07-15 07:18:12'),
(2267, 43, 'PIPE FITTING2 TANK NIPPLE', 'NOs', 9.00, 9.00, NULL, '2025-07-15 07:18:12', '2025-07-15 07:18:12'),
(2268, 43, 'PIPE FITTING2.5 PVC TEE', 'NOs', 9.00, 9.00, NULL, '2025-07-15 07:18:12', '2025-07-15 07:18:12'),
(2269, 43, 'PIPE FITTING2X1 CPVC RED BUSH', 'NOs', 9.00, 9.00, NULL, '2025-07-15 07:18:12', '2025-07-15 07:18:12'),
(2270, 43, 'PIPE FITTING3 L BEND', 'NOs', 9.00, 9.00, NULL, '2025-07-15 07:18:12', '2025-07-15 07:18:12'),
(2271, 43, 'PIPE FITTING3 PVC AIR VENT', 'NOs', 9.00, 9.00, NULL, '2025-07-15 07:18:12', '2025-07-15 07:18:12'),
(2272, 43, 'PIPE FITTING3 PVC DOOR TEE', 'NOs', 9.00, 9.00, NULL, '2025-07-15 07:18:12', '2025-07-15 07:18:12'),
(2273, 43, 'PIPE FITTING3 PVC MTA', 'NOs', 9.00, 9.00, NULL, '2025-07-15 07:18:12', '2025-07-15 07:18:12'),
(2274, 43, 'PIPE FITTING3 PVC PIPE', 'NOs', 9.00, 9.00, NULL, '2025-07-15 07:18:12', '2025-07-15 07:18:12'),
(2275, 43, 'PIPE FITTING3 PVC SHOE', 'NOs', 9.00, 9.00, NULL, '2025-07-15 07:18:12', '2025-07-15 07:18:12'),
(2276, 43, 'PIPE FITTING3 PVC TEE', 'NOs', 9.00, 9.00, NULL, '2025-07-15 07:18:12', '2025-07-15 07:18:12'),
(2277, 43, 'PIPE FITTING3 UNION', 'NOs', 9.00, 9.00, NULL, '2025-07-15 07:18:12', '2025-07-15 07:18:12'),
(2278, 43, 'PIPE FITTING3/4 CPVC CLAMP', 'NOs', 9.00, 9.00, NULL, '2025-07-15 07:18:12', '2025-07-15 07:18:12'),
(2279, 43, 'PIPE FITTING3/4 CPVC COLLAR', 'NOs', 9.00, 9.00, NULL, '2025-07-15 07:18:12', '2025-07-15 07:18:12'),
(2280, 43, 'PIPE FITTING3/4 CPVC ELBOW', 'NOs', 9.00, 9.00, NULL, '2025-07-15 07:18:12', '2025-07-15 07:18:12'),
(2281, 43, 'PIPE FITTING3/4 CPVC FTA', 'NOs', 9.00, 9.00, NULL, '2025-07-15 07:18:12', '2025-07-15 07:18:12'),
(2282, 43, 'PIPE FITTING3/4 CPVC long bend', 'NOs', 9.00, 9.00, NULL, '2025-07-15 07:18:12', '2025-07-15 07:18:12'),
(2283, 43, 'PIPE FITTING3/4 CPVC PIPE', 'NOs', 9.00, 9.00, NULL, '2025-07-15 07:18:12', '2025-07-15 07:18:12'),
(2284, 43, 'PIPE FITTING3/4 CPVC TEE', 'NOs', 9.00, 9.00, NULL, '2025-07-15 07:18:12', '2025-07-15 07:18:12'),
(2285, 43, 'PIPE FITTING3/4 X 1/2 CPVC MTA BRASS', 'NOs', 9.00, 9.00, NULL, '2025-07-15 07:18:12', '2025-07-15 07:18:12'),
(2286, 43, 'PIPE FITTING3/4X1/2 CPVC BRASS MTA', 'NOs', 9.00, 9.00, NULL, '2025-07-15 07:18:12', '2025-07-15 07:18:12'),
(2287, 43, 'PIPE FITTING3/4X1/2 CPVC RED ELBOW BRASS', 'NOs', 9.00, 9.00, NULL, '2025-07-15 07:18:12', '2025-07-15 07:18:12'),
(2288, 43, 'PIPE FITTING3/4X1/2 GI HEX NIPPLE', 'NOs', 9.00, 9.00, NULL, '2025-07-15 07:18:12', '2025-07-15 07:18:12'),
(2289, 43, 'PIPE FITTING32MM PVC LONG BEND', 'NOs', 9.00, 9.00, NULL, '2025-07-15 07:18:12', '2025-07-15 07:18:12'),
(2290, 43, 'PIPE FITTING4 PVC AIR VENT', 'NOs', 9.00, 9.00, NULL, '2025-07-15 07:18:12', '2025-07-15 07:18:12'),
(2291, 43, 'PIPE FITTING4 PVC COLLAR', 'NOs', 9.00, 9.00, NULL, '2025-07-15 07:18:12', '2025-07-15 07:18:12'),
(2292, 43, 'PIPE FITTING4 PVC DOOR ELBOW', 'NOs', 9.00, 9.00, NULL, '2025-07-15 07:18:12', '2025-07-15 07:18:12'),
(2293, 43, 'PIPE FITTING4 PVC DOOR TEE', 'NOs', 9.00, 9.00, NULL, '2025-07-15 07:18:12', '2025-07-15 07:18:12'),
(2294, 43, 'PIPE FITTING4 PVC P TRAP', 'NOs', 9.00, 9.00, NULL, '2025-07-15 07:18:12', '2025-07-15 07:18:12'),
(2295, 43, 'PIPE FITTING4 PVC SHOE', 'NOs', 9.00, 9.00, NULL, '2025-07-15 07:18:12', '2025-07-15 07:18:12'),
(2296, 43, 'PIPE FITTING4 PVC TEE', 'NOs', 9.00, 9.00, NULL, '2025-07-15 07:18:12', '2025-07-15 07:18:12'),
(2297, 43, 'PIPE FITTING4X21/2 GI RED COLLAR', 'NOs', 9.00, 9.00, NULL, '2025-07-15 07:18:12', '2025-07-15 07:18:12'),
(2298, 43, 'PIPE FITTING4X3 PVC REDUCING COLLER', 'NOs', 9.00, 9.00, NULL, '2025-07-15 07:18:12', '2025-07-15 07:18:12'),
(2299, 43, 'PIPE FITTINGS 1 CPVC COLLAR', 'NOs', 9.00, 9.00, NULL, '2025-07-15 07:18:12', '2025-07-15 07:18:12'),
(2300, 43, 'PIPE FITTINGS 1 CPVC MTA BRASS', 'NOs', 9.00, 9.00, NULL, '2025-07-15 07:18:12', '2025-07-15 07:18:12'),
(2301, 43, 'PIPE FITTINGS 1 CPVC UNION', 'NOs', 9.00, 9.00, NULL, '2025-07-15 07:18:12', '2025-07-15 07:18:12'),
(2302, 43, 'PIPE FITTINGS 1 GI HEXNIPPLE', 'NOs', 9.00, 9.00, NULL, '2025-07-15 07:18:12', '2025-07-15 07:18:12'),
(2303, 43, 'PIPE FITTINGS 1 GI PLUG', 'NOs', 9.00, 9.00, NULL, '2025-07-15 07:18:12', '2025-07-15 07:18:12'),
(2304, 43, 'PIPE FITTINGS 1 GI TEE', 'NOs', 9.00, 9.00, NULL, '2025-07-15 07:18:12', '2025-07-15 07:18:12'),
(2305, 43, 'PIPE FITTINGS 1.5 CPVC COLLAR', 'NOs', 9.00, 9.00, NULL, '2025-07-15 07:18:12', '2025-07-15 07:18:12'),
(2306, 43, 'PIPE FITTINGS 1/2 BIB COCK CP TAP', 'NOs', 9.00, 9.00, NULL, '2025-07-15 07:18:12', '2025-07-15 07:18:12'),
(2307, 43, 'PIPE FITTINGS 11/2 HOSE CLAMP', 'NOs', 9.00, 9.00, NULL, '2025-07-15 07:18:12', '2025-07-15 07:18:12'),
(2308, 43, 'PIPE FITTINGS 11/4 HOSE CLAMP', 'NOs', 9.00, 9.00, NULL, '2025-07-15 07:18:12', '2025-07-15 07:18:12'),
(2309, 43, 'PIPE FITTINGS 11/4X1 CPVC RED COLLAR', 'NOs', 9.00, 9.00, NULL, '2025-07-15 07:18:12', '2025-07-15 07:18:12'),
(2310, 43, 'PIPE FITTINGS 118ML CPVC SOLVENT', 'NOs', 9.00, 9.00, NULL, '2025-07-15 07:18:12', '2025-07-15 07:18:12'),
(2311, 43, 'PIPE FITTINGS 1CPVC ELBOW', 'NOs', 9.00, 9.00, NULL, '2025-07-15 07:18:12', '2025-07-15 07:18:12'),
(2312, 43, 'PIPE FITTINGS 1X3/4 CPVC RED BUSH', 'NOs', 9.00, 9.00, NULL, '2025-07-15 07:18:12', '2025-07-15 07:18:12'),
(2313, 43, 'PIPE FITTINGS 1X3/4 CPVC RED COLLAR', 'NOs', 9.00, 9.00, NULL, '2025-07-15 07:18:12', '2025-07-15 07:18:12'),
(2314, 43, 'PIPE FITTINGS 1X3/4 GI RED COLLAR', 'NOs', 9.00, 9.00, NULL, '2025-07-15 07:18:12', '2025-07-15 07:18:12'),
(2315, 43, 'PIPE FITTINGS 2 HOSE CLAMP', 'NOs', 9.00, 9.00, NULL, '2025-07-15 07:18:12', '2025-07-15 07:18:12'),
(2316, 43, 'PIPE FITTINGS 2X1 CPVC RED COLLAR', 'NOs', 9.00, 9.00, NULL, '2025-07-15 07:18:12', '2025-07-15 07:18:12'),
(2317, 43, 'PIPE FITTINGS 2X1 CPVC RED TEE', 'NOs', 9.00, 9.00, NULL, '2025-07-15 07:18:12', '2025-07-15 07:18:12'),
(2318, 43, 'PIPE FITTINGS 3/4 CPVC COLLAR', 'NOs', 9.00, 9.00, NULL, '2025-07-15 07:18:12', '2025-07-15 07:18:12'),
(2319, 43, 'PIPE FITTINGS 3/4 CPVC ELBOW', 'NOs', 9.00, 9.00, NULL, '2025-07-15 07:18:12', '2025-07-15 07:18:12'),
(2320, 43, 'PIPE FITTINGS 3/4 CPVC TEE', 'NOs', 9.00, 9.00, NULL, '2025-07-15 07:18:12', '2025-07-15 07:18:12'),
(2321, 43, 'PIPE FITTINGS 3/4 PVC FLOAT VALVE', 'NOs', 9.00, 9.00, NULL, '2025-07-15 07:18:12', '2025-07-15 07:18:12'),
(2322, 43, 'PIPE FITTINGS 3/4X1/2 GI RED BUSH', 'NOs', 9.00, 9.00, NULL, '2025-07-15 07:18:12', '2025-07-15 07:18:12'),
(2323, 43, 'PIPE FITTINGS 59ML CPVC SOLVENT', 'NOs', 9.00, 9.00, NULL, '2025-07-15 07:18:12', '2025-07-15 07:18:12'),
(2324, 43, 'PIPE FITTINGS BIB COCK', 'NOs', 9.00, 9.00, NULL, '2025-07-15 07:18:12', '2025-07-15 07:18:12'),
(2325, 43, 'PIPE FITTINGS HOSE CLIP 000', 'NOs', 9.00, 9.00, NULL, '2025-07-15 07:18:12', '2025-07-15 07:18:12'),
(2326, 43, 'PIPE FITTINGS SS HOSE CLIP 1', 'NOs', 9.00, 9.00, NULL, '2025-07-15 07:18:12', '2025-07-15 07:18:12'),
(2327, 43, 'PIPE FLEXIBLE ELE 13.5', 'Mtr', 9.00, 9.00, NULL, '2025-07-15 07:18:12', '2025-07-15 07:18:12'),
(2328, 43, 'PIPE FLEXIBLE ELE 9', 'Mtr', 9.00, 9.00, NULL, '2025-07-15 07:18:12', '2025-07-15 07:18:12'),
(2329, 43, 'PIPE FLEXIBLE HOSE PIPE PP', 'Mtr', 9.00, 9.00, NULL, '2025-07-15 07:18:12', '2025-07-15 07:18:12'),
(2330, 43, 'PLUG', 'NOs', 9.00, 9.00, NULL, '2025-07-15 07:18:12', '2025-07-15 07:18:12'),
(2331, 43, 'PUSH COCK CP', 'NOs', 9.00, 9.00, NULL, '2025-07-15 07:18:12', '2025-07-15 07:18:12'),
(2332, 43, 'PVC TAP', 'NOs', 9.00, 9.00, NULL, '2025-07-15 07:18:12', '2025-07-15 07:18:12'),
(2333, 43, 'PVC WALL PLUG', 'NOs', 9.00, 9.00, NULL, '2025-07-15 07:18:12', '2025-07-15 07:18:12'),
(2334, 43, 'QRC PLUG PH-40', 'NOs', 9.00, 9.00, NULL, '2025-07-15 07:18:12', '2025-07-15 07:18:12'),
(2335, 43, 'QRC SP20 - 8X5 SOCKET', 'NOs', 9.00, 9.00, NULL, '2025-07-15 07:18:12', '2025-07-15 07:18:12'),
(2336, 43, 'QS-0-8-P/IN FITTING FESTO 153039', 'NOs', 9.00, 9.00, NULL, '2025-07-15 07:18:12', '2025-07-15 07:18:12'),
(2337, 43, 'SHELLAC', 'NOs', 9.00, 9.00, NULL, '2025-07-15 07:18:12', '2025-07-15 07:18:12'),
(2338, 43, 'SOLVENT CEMENT CPVC', 'NOs', 9.00, 9.00, NULL, '2025-07-15 07:18:12', '2025-07-15 07:18:12'),
(2339, 43, 'SOLVENT CEMENT PVC', 'NOs', 9.00, 9.00, NULL, '2025-07-15 07:18:12', '2025-07-15 07:18:12'),
(2340, 43, 'SS HOSE CLIP 1X', 'NOs', 9.00, 9.00, NULL, '2025-07-15 07:18:12', '2025-07-15 07:18:12'),
(2341, 43, 'SS HOSE CLIP 2', 'NOs', 9.00, 9.00, NULL, '2025-07-15 07:18:12', '2025-07-15 07:18:12'),
(2342, 43, 'SS HOSE CLIP 2X', 'NOs', 9.00, 9.00, NULL, '2025-07-15 07:18:12', '2025-07-15 07:18:12'),
(2343, 43, 'SS SINK', 'NOs', 9.00, 9.00, NULL, '2025-07-15 07:18:12', '2025-07-15 07:18:12'),
(2344, 43, 'STOP COCK', 'NOs', 9.00, 9.00, NULL, '2025-07-15 07:18:12', '2025-07-15 07:18:12');
INSERT INTO `stock_items` (`id`, `category_id`, `item_name`, `uom`, `sgst`, `cgst`, `igst`, `created_at`, `updated_at`) VALUES
(2345, 43, 'syphon cock', 'NOs', 9.00, 9.00, NULL, '2025-07-15 07:18:12', '2025-07-15 07:18:12'),
(2346, 43, 'TEFLON TAPE', 'NOs', 9.00, 9.00, NULL, '2025-07-15 07:18:12', '2025-07-15 07:18:12'),
(2347, 43, 'URINAL COCK', 'NOs', 9.00, 9.00, NULL, '2025-07-15 07:18:12', '2025-07-15 07:18:12'),
(2348, 43, 'URINAL SPREADER', 'NOs', 9.00, 9.00, NULL, '2025-07-15 07:18:12', '2025-07-15 07:18:12'),
(2349, 43, 'WASHER FOR TAPS', 'NOs', 9.00, 9.00, NULL, '2025-07-15 07:18:12', '2025-07-15 07:18:12'),
(2350, 43, 'WASTE COUPLING', 'NOs', 9.00, 9.00, NULL, '2025-07-15 07:18:12', '2025-07-15 07:18:12'),
(2351, 43, 'WATER TANK 2000LTR SUPREME WHITE TRIPPLE LAYER', 'NOs', 9.00, 9.00, NULL, '2025-07-15 07:18:12', '2025-07-15 07:18:12'),
(2352, 43, 'WATERTEC BIB TAP ROUND 1/2\"', 'Nos', 9.00, 9.00, NULL, '2025-07-15 07:18:12', '2025-07-15 07:18:12'),
(2353, 43, 'W-T 3/4 PVC FLOAT VALVE', 'NOs', 9.00, 9.00, NULL, '2025-07-15 07:18:12', '2025-07-15 07:18:12'),
(2354, 43, 'W-T WASTE COUPLING', 'NOs', 9.00, 9.00, NULL, '2025-07-15 07:18:12', '2025-07-15 07:18:12'),
(2355, 44, 'WATER STORAGE TANK', 'NOs', 9.00, 9.00, NULL, '2025-07-15 07:18:12', '2025-07-15 07:18:12'),
(2356, 45, '1X1 COPPER PLATE', 'NOs', 9.00, 9.00, NULL, '2025-07-15 07:18:12', '2025-07-15 07:18:12'),
(2357, 45, 'ALLOY STEEL FORGED BAR', 'Kg', 9.00, 9.00, NULL, '2025-07-15 07:18:12', '2025-07-15 07:18:12'),
(2358, 45, 'CARBON STEEL PLAIN ROUND BAR', 'NOs', 9.00, 9.00, NULL, '2025-07-15 07:18:12', '2025-07-15 07:18:12'),
(2359, 45, 'COPPER FLAT 6X50X600', 'KG', 9.00, 9.00, NULL, '2025-07-15 07:18:12', '2025-07-15 07:18:12'),
(2360, 45, 'COPPER TUBING WITH NITRILE INSULATION', 'Mtr', 9.00, 9.00, NULL, '2025-07-15 07:18:12', '2025-07-15 07:18:12'),
(2361, 45, 'CR SHEETS 8X4X1 MM', 'KGS', 9.00, 9.00, NULL, '2025-07-15 07:18:12', '2025-07-15 07:18:12'),
(2362, 45, 'DECKING SHEET 1MM', 'RMtr', 9.00, 9.00, NULL, '2025-07-15 07:18:12', '2025-07-15 07:18:12'),
(2363, 45, 'HR SHEETS 8X4  6MM', 'KG', 9.00, 9.00, NULL, '2025-07-15 07:18:12', '2025-07-15 07:18:12'),
(2364, 45, 'HR SHEETS 8X4  8MM', 'KG', 9.00, 9.00, NULL, '2025-07-15 07:18:12', '2025-07-15 07:18:12'),
(2365, 45, 'L ANGLE 6\" X 12\"', 'Kgs', 9.00, 9.00, NULL, '2025-07-15 07:18:12', '2025-07-15 07:18:12'),
(2366, 45, 'L ANGLE CLAMP', 'NOs', 9.00, 9.00, NULL, '2025-07-15 07:18:12', '2025-07-15 07:18:12'),
(2367, 45, 'M S ANGLE', 'KG', 9.00, 9.00, NULL, '2025-07-15 07:18:12', '2025-07-15 07:18:12'),
(2368, 45, 'M S CHAIN', 'MTR', 9.00, 9.00, NULL, '2025-07-15 07:18:12', '2025-07-15 07:18:12'),
(2369, 45, 'MS ANGLE 25X3', 'KG', 9.00, 9.00, NULL, '2025-07-15 07:18:12', '2025-07-15 07:18:12'),
(2370, 45, 'MS ANGLES 50X50X5 20L', 'KG', 9.00, 9.00, NULL, '2025-07-15 07:18:12', '2025-07-15 07:18:12'),
(2371, 45, 'MS ANGLES 50X50X5 5L', 'KG', 9.00, 9.00, NULL, '2025-07-15 07:18:12', '2025-07-15 07:18:12'),
(2372, 45, 'MS CHANNEL 100X50X5', 'KG', 9.00, 9.00, NULL, '2025-07-15 07:18:12', '2025-07-15 07:18:12'),
(2373, 45, 'MS FLAT 25X5  6L', 'KG', 9.00, 9.00, NULL, '2025-07-15 07:18:12', '2025-07-15 07:18:12'),
(2374, 45, 'MS FLAT 50X32', 'KG', 9.00, 9.00, NULL, '2025-07-15 07:18:12', '2025-07-15 07:18:12'),
(2375, 45, 'MS IBEAMS 300 10NO', 'KG', 9.00, 9.00, NULL, '2025-07-15 07:18:12', '2025-07-15 07:18:12'),
(2376, 45, 'MS PLATES', 'KG', 9.00, 9.00, NULL, '2025-07-15 07:18:12', '2025-07-15 07:18:12'),
(2377, 45, 'MS PLATES 20MM', 'KG', 9.00, 9.00, NULL, '2025-07-15 07:18:12', '2025-07-15 07:18:12'),
(2378, 45, 'MS PLATES 50MM', 'KG', 9.00, 9.00, NULL, '2025-07-15 07:18:12', '2025-07-15 07:18:12'),
(2379, 45, 'MS SQUARE BARS 40X40', 'KG', 9.00, 9.00, NULL, '2025-07-15 07:18:12', '2025-07-15 07:18:12'),
(2380, 45, 'MS SQUARE BARS 50X50', 'KG', 9.00, 9.00, NULL, '2025-07-15 07:18:12', '2025-07-15 07:18:12'),
(2381, 45, 'MULTIWALL 6MM SHEET', 'NOs', 9.00, 9.00, NULL, '2025-07-15 07:18:12', '2025-07-15 07:18:12'),
(2382, 45, 'NYLON ROD 5/8\" X 1000L', 'Mtr', 9.00, 9.00, NULL, '2025-07-15 07:18:12', '2025-07-15 07:18:12'),
(2383, 45, 'PHOSPHOR BRONZE ROD', 'KG', 9.00, 9.00, NULL, '2025-07-15 07:18:12', '2025-07-15 07:18:12'),
(2384, 45, 'POLYCARBONATE PROFILE SHEETS', 'NOs', 9.00, 9.00, NULL, '2025-07-15 07:18:12', '2025-07-15 07:18:12'),
(2385, 45, 'POLYCARBONATE SHEET 4mm 8X4', 'NOs', 9.00, 9.00, NULL, '2025-07-15 07:18:12', '2025-07-15 07:18:12'),
(2386, 45, 'POLYCARBONATE SHEETS', 'SqMtr', 9.00, 9.00, NULL, '2025-07-15 07:18:12', '2025-07-15 07:18:12'),
(2387, 45, 'PVC BOARD 18MM 8FT X 4FT', 'NOs', 9.00, 9.00, NULL, '2025-07-15 07:18:12', '2025-07-15 07:18:12'),
(2388, 45, 'RING FORGING OD 235 X ID 190 X THK 160MM', 'NOs', 9.00, 9.00, NULL, '2025-07-15 07:18:12', '2025-07-15 07:18:12'),
(2389, 45, 'RM 40C8 ROD', 'KG', 9.00, 9.00, NULL, '2025-07-15 07:18:12', '2025-07-15 07:18:12'),
(2390, 45, 'RM C45 DIA 150 X 210MM L X 1 NO', 'Kgs', 9.00, 9.00, NULL, '2025-07-15 07:18:12', '2025-07-15 07:18:12'),
(2391, 45, 'RM C45 DIA 150 X 2140MM L X 2 NO', 'Kgs', 9.00, 9.00, NULL, '2025-07-15 07:18:12', '2025-07-15 07:18:12'),
(2392, 45, 'RM C45 DIA 250', 'Kgs', 9.00, 9.00, NULL, '2025-07-15 07:18:12', '2025-07-15 07:18:12'),
(2393, 45, 'RM C45 DIA 250 X 2450MM L X 12 NO', 'Kgs', 9.00, 9.00, NULL, '2025-07-15 07:18:12', '2025-07-15 07:18:12'),
(2394, 45, 'RM C45 ROD', 'Kgs', 9.00, 9.00, NULL, '2025-07-15 07:18:12', '2025-07-15 07:18:12'),
(2395, 45, 'RM CHEKKER PLATE 3MM', 'Kgs', 9.00, 9.00, NULL, '2025-07-15 07:18:12', '2025-07-15 07:18:12'),
(2396, 45, 'RM CHEQUERED SHEET 3MM', 'Kgs', 9.00, 9.00, NULL, '2025-07-15 07:18:12', '2025-07-15 07:18:12'),
(2397, 45, 'RM COPPER FLAT', 'Kgs', 9.00, 9.00, NULL, '2025-07-15 07:18:12', '2025-07-15 07:18:12'),
(2398, 45, 'RM COPPER ROD', 'KGS', 9.00, 9.00, NULL, '2025-07-15 07:18:12', '2025-07-15 07:18:12'),
(2399, 45, 'RM COPPER SHEET', 'Kgs', 9.00, 9.00, NULL, '2025-07-15 07:18:12', '2025-07-15 07:18:12'),
(2400, 45, 'RM EN 24 - STEEL ROUND ROD', 'Kgs', 9.00, 9.00, NULL, '2025-07-15 07:18:12', '2025-07-15 07:18:12'),
(2401, 45, 'RM EN 8 - STEEL ROUND ROD', 'Kgs', 9.00, 9.00, NULL, '2025-07-15 07:18:12', '2025-07-15 07:18:12'),
(2402, 45, 'RM EN-8 ROUND BAR DIA 240 X 2500L 15 NO', 'Kgs', 9.00, 9.00, NULL, '2025-07-15 07:18:12', '2025-07-15 07:18:12'),
(2403, 45, 'RM EN-8 ROUND BAR DIA 250 X 2500L 15 NO', 'Kgs', 9.00, 9.00, NULL, '2025-07-15 07:18:12', '2025-07-15 07:18:12'),
(2404, 45, 'RM EN-8 ROUND RODS', 'Kgs', 9.00, 9.00, NULL, '2025-07-15 07:18:12', '2025-07-15 07:18:12'),
(2405, 45, 'RM EN8DIA 150 X MIX  L X 15 NO', 'Kgs', 9.00, 9.00, NULL, '2025-07-15 07:18:12', '2025-07-15 07:18:12'),
(2406, 45, 'RM FORGING 35C8', 'Kgs', 9.00, 9.00, NULL, '2025-07-15 07:18:12', '2025-07-15 07:18:12'),
(2407, 45, 'RM HR / HRPO / HRGI SHEETS', 'Kgs', 9.00, 9.00, NULL, '2025-07-15 07:18:12', '2025-07-15 07:18:12'),
(2408, 45, 'RM HR PLATE', 'Kgs', 9.00, 9.00, NULL, '2025-07-15 07:18:12', '2025-07-15 07:18:12'),
(2409, 45, 'RM M S ANGLES 200x200x20', 'Kgs', 9.00, 9.00, NULL, '2025-07-15 07:18:12', '2025-07-15 07:18:12'),
(2410, 45, 'RM M S ANGLES 32X3', 'Kgs', 9.00, 9.00, NULL, '2025-07-15 07:18:12', '2025-07-15 07:18:12'),
(2411, 45, 'RM M S ANGLES 35X5', 'Kgs', 9.00, 9.00, NULL, '2025-07-15 07:18:12', '2025-07-15 07:18:12'),
(2412, 45, 'RM M S ANGLES 35X5 - 10L', 'Kgs', 9.00, 9.00, NULL, '2025-07-15 07:18:12', '2025-07-15 07:18:12'),
(2413, 45, 'RM M S ANGLES 37X3 6NO', 'Kgs', 9.00, 9.00, NULL, '2025-07-15 07:18:12', '2025-07-15 07:18:12'),
(2414, 45, 'RM M S ANGLES 50X5', 'Kgs', 9.00, 9.00, NULL, '2025-07-15 07:18:12', '2025-07-15 07:18:12'),
(2415, 45, 'RM M S ANGLES 50X5 - 5L', 'Kgs', 9.00, 9.00, NULL, '2025-07-15 07:18:12', '2025-07-15 07:18:12'),
(2416, 45, 'RM M S BEAMS ISMB 100', 'Kgs', 9.00, 9.00, NULL, '2025-07-15 07:18:12', '2025-07-15 07:18:12'),
(2417, 45, 'RM M S BEAMS ISMB 200X200X42', 'Kgs', 9.00, 9.00, NULL, '2025-07-15 07:18:12', '2025-07-15 07:18:12'),
(2418, 45, 'RM M S BEAMS ISMB 300', 'Kgs', 9.00, 9.00, NULL, '2025-07-15 07:18:12', '2025-07-15 07:18:12'),
(2419, 45, 'RM M S BEAMS ISMB 400', 'Kgs', 9.00, 9.00, NULL, '2025-07-15 07:18:12', '2025-07-15 07:18:12'),
(2420, 45, 'RM M S BEAMS ISMB 500', 'KG', 9.00, 9.00, NULL, '2025-07-15 07:18:12', '2025-07-15 07:18:12'),
(2421, 45, 'RM M S CHANNEL', 'KGs', 9.00, 9.00, NULL, '2025-07-15 07:18:12', '2025-07-15 07:18:12'),
(2422, 45, 'RM M S CHANNEL 100X50', 'Kgs', 9.00, 9.00, NULL, '2025-07-15 07:18:12', '2025-07-15 07:18:12'),
(2423, 45, 'RM M S CHANNEL 150 3L', 'Kgs', 9.00, 9.00, NULL, '2025-07-15 07:18:12', '2025-07-15 07:18:12'),
(2424, 45, 'RM M S CHANNEL 250 2L', 'Kgs', 9.00, 9.00, NULL, '2025-07-15 07:18:12', '2025-07-15 07:18:12'),
(2425, 45, 'RM M S CHANNEL 400 16L', 'Kgs', 9.00, 9.00, NULL, '2025-07-15 07:18:12', '2025-07-15 07:18:12'),
(2426, 45, 'RM M S CHANNEL ISMC 100', 'KGs', 9.00, 9.00, NULL, '2025-07-15 07:18:12', '2025-07-15 07:18:12'),
(2427, 45, 'RM M S CHANNEL ISMC 150', 'KGS', 9.00, 9.00, NULL, '2025-07-15 07:18:12', '2025-07-15 07:18:12'),
(2428, 45, 'RM M S CHANNEL ISMC 300', 'KG', 9.00, 9.00, NULL, '2025-07-15 07:18:12', '2025-07-15 07:18:12'),
(2429, 45, 'RM M S CHANNELS 150x80', 'Kgs', 9.00, 9.00, NULL, '2025-07-15 07:18:12', '2025-07-15 07:18:12'),
(2430, 45, 'RM M S CHANNELS 75X40', 'Kgs', 9.00, 9.00, NULL, '2025-07-15 07:18:12', '2025-07-15 07:18:12'),
(2431, 45, 'RM M S FLAT', 'KG', 9.00, 9.00, NULL, '2025-07-15 07:18:12', '2025-07-15 07:18:12'),
(2432, 45, 'RM M S FLAT 25X5', 'Kgs', 9.00, 9.00, NULL, '2025-07-15 07:18:12', '2025-07-15 07:18:12'),
(2433, 45, 'RM M S FLATS 16 X 100', 'Kgs', 9.00, 9.00, NULL, '2025-07-15 07:18:12', '2025-07-15 07:18:12'),
(2434, 45, 'RM M S FLATS 30 X 3', 'KGS', 9.00, 9.00, NULL, '2025-07-15 07:18:12', '2025-07-15 07:18:12'),
(2435, 45, 'RM M S FLATS 50 X 32', 'Kgs', 9.00, 9.00, NULL, '2025-07-15 07:18:12', '2025-07-15 07:18:12'),
(2436, 45, 'RM M S FLATS 50 X 5', 'Kgs', 9.00, 9.00, NULL, '2025-07-15 07:18:12', '2025-07-15 07:18:12'),
(2437, 45, 'RM M S FLATS BRIGHT BAR', 'Kgs', 9.00, 9.00, NULL, '2025-07-15 07:18:12', '2025-07-15 07:18:12'),
(2438, 45, 'RM M S I BEAM', 'KG', 9.00, 9.00, NULL, '2025-07-15 07:18:12', '2025-07-15 07:18:12'),
(2439, 45, 'RM M S I BEAM 300 2L', 'Kgs', 9.00, 9.00, NULL, '2025-07-15 07:18:12', '2025-07-15 07:18:12'),
(2440, 45, 'RM M S I BEAM 300 38L', 'Kgs', 9.00, 9.00, NULL, '2025-07-15 07:18:12', '2025-07-15 07:18:12'),
(2441, 45, 'RM M S I BEAM 400 4L', 'Kgs', 9.00, 9.00, NULL, '2025-07-15 07:18:12', '2025-07-15 07:18:12'),
(2442, 45, 'RM M S I BEAM 500 16L', 'Kgs', 9.00, 9.00, NULL, '2025-07-15 07:18:12', '2025-07-15 07:18:12'),
(2443, 45, 'RM M S PLATE 10MM', 'KGS', 9.00, 9.00, NULL, '2025-07-15 07:18:12', '2025-07-15 07:18:12'),
(2444, 45, 'RM M S PLATE 12MM', 'Kgs', 9.00, 9.00, NULL, '2025-07-15 07:18:12', '2025-07-15 07:18:12'),
(2445, 45, 'RM M S PLATE 16MM', 'Kgs', 9.00, 9.00, NULL, '2025-07-15 07:18:12', '2025-07-15 07:18:12'),
(2446, 45, 'RM M S PLATE 45MM', 'Kgs', 9.00, 9.00, NULL, '2025-07-15 07:18:12', '2025-07-15 07:18:12'),
(2447, 45, 'RM M S PLATE ROLLING', 'Kgs', 9.00, 9.00, NULL, '2025-07-15 07:18:12', '2025-07-15 07:18:12'),
(2448, 45, 'RM M S PLATES  8MM', 'Kgs', 9.00, 9.00, NULL, '2025-07-15 07:18:12', '2025-07-15 07:18:12'),
(2449, 45, 'RM M S PLATES 16MM', 'Kgs', 9.00, 9.00, NULL, '2025-07-15 07:18:12', '2025-07-15 07:18:12'),
(2450, 45, 'RM M S PLATES 1MM', 'Kgs', 9.00, 9.00, NULL, '2025-07-15 07:18:12', '2025-07-15 07:18:12'),
(2451, 45, 'RM M S PLATES 20MM', 'Kgs', 9.00, 9.00, NULL, '2025-07-15 07:18:12', '2025-07-15 07:18:12'),
(2452, 45, 'RM M S PLATES 25 16MM', 'Kgs', 9.00, 9.00, NULL, '2025-07-15 07:18:12', '2025-07-15 07:18:12'),
(2453, 45, 'RM M S PLATES 25MM', 'Kgs', 9.00, 9.00, NULL, '2025-07-15 07:18:12', '2025-07-15 07:18:12'),
(2454, 45, 'RM M S PLATES 32MM', 'Kgs', 9.00, 9.00, NULL, '2025-07-15 07:18:12', '2025-07-15 07:18:12'),
(2455, 45, 'RM M S PLATES 40MM', 'Kgs', 9.00, 9.00, NULL, '2025-07-15 07:18:12', '2025-07-15 07:18:12'),
(2456, 45, 'RM M S PLATES 45MM', 'Kgs', 9.00, 9.00, NULL, '2025-07-15 07:18:12', '2025-07-15 07:18:12'),
(2457, 45, 'RM M S PLATES 50 45 32', 'Kgs', 9.00, 9.00, NULL, '2025-07-15 07:18:12', '2025-07-15 07:18:12'),
(2458, 45, 'RM M S PLATES 50MM', 'Kgs', 9.00, 9.00, NULL, '2025-07-15 07:18:12', '2025-07-15 07:18:12'),
(2459, 45, 'RM M S PLATES 63MM', 'Kgs', 9.00, 9.00, NULL, '2025-07-15 07:18:12', '2025-07-15 07:18:12'),
(2460, 45, 'RM M S PLATES 6MM', 'Kgs', 9.00, 9.00, NULL, '2025-07-15 07:18:12', '2025-07-15 07:18:12'),
(2461, 45, 'RM M S PLATES 70MM', 'Kgs', 9.00, 9.00, NULL, '2025-07-15 07:18:12', '2025-07-15 07:18:12'),
(2462, 45, 'RM M S PLATES 72MM', 'Kgs', 9.00, 9.00, NULL, '2025-07-15 07:18:12', '2025-07-15 07:18:12'),
(2463, 45, 'RM M S PLATES 75MM', 'Kgs', 9.00, 9.00, NULL, '2025-07-15 07:18:12', '2025-07-15 07:18:12'),
(2464, 45, 'RM M S PLATES 90MM', 'KGS', 9.00, 9.00, NULL, '2025-07-15 07:18:12', '2025-07-15 07:18:12'),
(2465, 45, 'RM M S WIRE', 'Kgs', 9.00, 9.00, NULL, '2025-07-15 07:18:12', '2025-07-15 07:18:12'),
(2466, 45, 'RM MS FLAT 50X32X1610MM L 6 PCS', 'Kgs', 9.00, 9.00, NULL, '2025-07-15 07:18:12', '2025-07-15 07:18:12'),
(2467, 45, 'RM NON ALLOY STEEL FORGING', 'Kgs', 9.00, 9.00, NULL, '2025-07-15 07:18:12', '2025-07-15 07:18:12'),
(2468, 45, 'RM S355J2 +N', 'KGS', 9.00, 9.00, NULL, '2025-07-15 07:18:12', '2025-07-15 07:18:12'),
(2469, 45, 'RM SQR STEEL BRIGHT BAR', 'Kgs', 9.00, 9.00, NULL, '2025-07-15 07:18:12', '2025-07-15 07:18:12'),
(2470, 45, 'RM SQUARE BAR', 'KGs', 9.00, 9.00, NULL, '2025-07-15 07:18:12', '2025-07-15 07:18:12'),
(2471, 45, 'RM SS 316L SS FLAT', 'Kgs', 9.00, 9.00, NULL, '2025-07-15 07:18:12', '2025-07-15 07:18:12'),
(2472, 45, 'RM SS 420 ROUND ROD', 'Kgs', 9.00, 9.00, NULL, '2025-07-15 07:18:12', '2025-07-15 07:18:12'),
(2473, 45, 'RM STEEL BRIGHT BAR 12MM SQR', 'Kgs', 9.00, 9.00, NULL, '2025-07-15 07:18:12', '2025-07-15 07:18:12'),
(2474, 45, 'RM STEEL BRIGHT BARS 12MM SQUARE', 'Kgs', 9.00, 9.00, NULL, '2025-07-15 07:18:12', '2025-07-15 07:18:12'),
(2475, 45, 'RM STEEL FLATS EN-8', 'Kgs', 9.00, 9.00, NULL, '2025-07-15 07:18:12', '2025-07-15 07:18:12'),
(2476, 45, 'RM STEEL ROUND ROD  EN 24', 'Kgs', 9.00, 9.00, NULL, '2025-07-15 07:18:12', '2025-07-15 07:18:12'),
(2477, 45, 'RM STEEL ROUND ROD 42CRMO4 DIA 160X2000 X2 NOS', 'Kgs', 9.00, 9.00, NULL, '2025-07-15 07:18:12', '2025-07-15 07:18:12'),
(2478, 45, 'RM STEEL ROUND ROD 42CRMO4 DIA 310X2000 X2 NOS', 'Kgs', 9.00, 9.00, NULL, '2025-07-15 07:18:12', '2025-07-15 07:18:12'),
(2479, 45, 'RM STEEL ROUND ROD C45', 'Kgs', 9.00, 9.00, NULL, '2025-07-15 07:18:12', '2025-07-15 07:18:12'),
(2480, 45, 'RM STEEL ROUND ROD EN 8', 'Kgs', 9.00, 9.00, NULL, '2025-07-15 07:18:12', '2025-07-15 07:18:12'),
(2481, 45, 'RM STEEL ROUND ROD EN19', 'Kgs', 9.00, 9.00, NULL, '2025-07-15 07:18:12', '2025-07-15 07:18:12'),
(2482, 45, 'RM STEEL ROUND ROD EN36', 'Kgs', 9.00, 9.00, NULL, '2025-07-15 07:18:12', '2025-07-15 07:18:12'),
(2483, 45, 'RM STEEL ROUND ROD EN8', 'Kgs', 9.00, 9.00, NULL, '2025-07-15 07:18:12', '2025-07-15 07:18:12'),
(2484, 45, 'RM STEEL ROUND ROD MS BRIGHT', 'Kgs', 9.00, 9.00, NULL, '2025-07-15 07:18:12', '2025-07-15 07:18:12'),
(2485, 45, 'RM STEEL ROUND ROD S355J2', 'KG', 9.00, 9.00, NULL, '2025-07-15 07:18:12', '2025-07-15 07:18:12'),
(2486, 45, 'RM STEEL ROUND ROD S355J24 DIA 140X200X1 NOS', 'Kgs', 9.00, 9.00, NULL, '2025-07-15 07:18:12', '2025-07-15 07:18:12'),
(2487, 45, 'RM STEEL ROUND ROD S355J24 DIA 140X880 X2 NOS', 'Kgs', 9.00, 9.00, NULL, '2025-07-15 07:18:12', '2025-07-15 07:18:12'),
(2488, 45, 'RM STEEL ROUND ROD ST52.3', 'Kgs', 9.00, 9.00, NULL, '2025-07-15 07:18:12', '2025-07-15 07:18:12'),
(2489, 45, 'RM STEEL SQ TUBE 50X1 32X5', 'Kgs', 9.00, 9.00, NULL, '2025-07-15 07:18:12', '2025-07-15 07:18:12'),
(2490, 45, 'RM STEEL STRAPS', 'Kgs', 9.00, 9.00, NULL, '2025-07-15 07:18:12', '2025-07-15 07:18:12'),
(2491, 45, 'RM STEEL TUBE 150X150X3', 'KG', 9.00, 9.00, NULL, '2025-07-15 07:18:12', '2025-07-15 07:18:12'),
(2492, 45, 'RM STEEL TUBE 50X50X2', 'KG', 9.00, 9.00, NULL, '2025-07-15 07:18:12', '2025-07-15 07:18:12'),
(2493, 45, 'RM STEEL TUBES 100X100X6', 'Kgs', 9.00, 9.00, NULL, '2025-07-15 07:18:12', '2025-07-15 07:18:12'),
(2494, 45, 'RM STEEL TUBES 100X50X2', 'Kgs', 9.00, 9.00, NULL, '2025-07-15 07:18:12', '2025-07-15 07:18:12'),
(2495, 45, 'RM STEEL TUBES 30x30 (16 g)', 'KG', 9.00, 9.00, NULL, '2025-07-15 07:18:12', '2025-07-15 07:18:12'),
(2496, 45, 'RM STEEL TUBES 30x30x2 (14 g)', 'Kgs', 9.00, 9.00, NULL, '2025-07-15 07:18:12', '2025-07-15 07:18:12'),
(2497, 45, 'RM STEEL TUBES 32X32X1.6', 'NOs', 9.00, 9.00, NULL, '2025-07-15 07:18:12', '2025-07-15 07:18:12'),
(2498, 45, 'RM STEEL TUBES 40X40X3', 'Kgs', 9.00, 9.00, NULL, '2025-07-15 07:18:12', '2025-07-15 07:18:12'),
(2499, 45, 'RM STEEL TUBES 40X40X4', 'Kgs', 9.00, 9.00, NULL, '2025-07-15 07:18:12', '2025-07-15 07:18:12'),
(2500, 45, 'RM STEEL TUBES 50X25X2', 'Kgs', 9.00, 9.00, NULL, '2025-07-15 07:18:12', '2025-07-15 07:18:12'),
(2501, 45, 'RM STEEL TUBES 60X40X3', 'Kgs', 9.00, 9.00, NULL, '2025-07-15 07:18:12', '2025-07-15 07:18:12'),
(2502, 45, 'RM STEEL TUBES 60X40X3.2', 'Kgs', 9.00, 9.00, NULL, '2025-07-15 07:18:12', '2025-07-15 07:18:12'),
(2503, 45, 'RM STEEL TUBES 80X40X3', 'Kgs', 9.00, 9.00, 18.00, '2025-07-15 07:18:12', '2025-07-15 07:18:12'),
(2504, 45, 'RM STEEL TUBES 80X40X4', 'NOs', 9.00, 9.00, NULL, '2025-07-15 07:18:12', '2025-07-15 07:18:12'),
(2505, 45, 'RM STEELFLAT MS BRIGHT', 'KG', 9.00, 9.00, NULL, '2025-07-15 07:18:12', '2025-07-15 07:18:12'),
(2506, 45, 'RM TMT BARS 8MM', 'Kgs', 9.00, 9.00, NULL, '2025-07-15 07:18:12', '2025-07-15 07:18:12'),
(2507, 45, 'SEAMLESS TUBE CDS 6X1 MS', 'NOs', 9.00, 9.00, NULL, '2025-07-15 07:18:12', '2025-07-15 07:18:12'),
(2508, 45, 'SS CIRCLE 35X390 1NO SS304', 'kg', 9.00, 9.00, NULL, '2025-07-15 07:18:12', '2025-07-15 07:18:12'),
(2509, 45, 'SS316  SHEET 8X4X0.8mm', 'NOs', 9.00, 9.00, NULL, '2025-07-15 07:18:12', '2025-07-15 07:18:12'),
(2510, 45, 'SS316  SHEET 8X4X1mm', 'NOs', 9.00, 9.00, NULL, '2025-07-15 07:18:12', '2025-07-15 07:18:12'),
(2511, 45, 'STEEL BAR BRIGHT 16X10 FLAT', 'kg', 9.00, 9.00, NULL, '2025-07-15 07:18:12', '2025-07-15 07:18:12'),
(2512, 45, 'STEEL BAR BRIGHT 20X10 FLAT', 'kg', 9.00, 9.00, NULL, '2025-07-15 07:18:12', '2025-07-15 07:18:12'),
(2513, 45, 'STEEL PLATE', 'kg', 9.00, 9.00, NULL, '2025-07-15 07:18:12', '2025-07-15 07:18:12'),
(2514, 45, 'STEEL PROFILE SHEETS', 'NOs', 9.00, 9.00, NULL, '2025-07-15 07:18:12', '2025-07-15 07:18:12'),
(2515, 45, 'STEEL ROD EN 8', 'kg', 9.00, 9.00, NULL, '2025-07-15 07:18:12', '2025-07-15 07:18:12'),
(2516, 45, 'STEEL ROD EN19', 'kg', 9.00, 9.00, NULL, '2025-07-15 07:18:12', '2025-07-15 07:18:12'),
(2517, 45, 'STEEL ROD MS', 'kg', 9.00, 9.00, NULL, '2025-07-15 07:18:12', '2025-07-15 07:18:12'),
(2518, 45, 'STEEL TUBES 100X100X5 1L', 'kg', 9.00, 9.00, NULL, '2025-07-15 07:18:12', '2025-07-15 07:18:12'),
(2519, 46, 'REGRINDING 25 CUT FACE', 'NOs', 6.00, 6.00, NULL, '2025-07-15 07:18:12', '2025-07-15 07:18:12'),
(2520, 46, 'REGRINDING CENTRE BIT', 'NOs', 9.00, 9.00, NULL, '2025-07-15 07:18:12', '2025-07-15 07:18:12'),
(2521, 46, 'REGRINDING CENTRE BIT 36MM', 'NOs', 6.00, 6.00, NULL, '2025-07-15 07:18:12', '2025-07-15 07:18:12'),
(2522, 46, 'REGRINDING DIA 10 HSS-32.5', 'NOs', 6.00, 6.00, NULL, '2025-07-15 07:18:12', '2025-07-15 07:18:12'),
(2523, 46, 'REGRINDING DIA 16 DRILL BIT', 'NOs', 6.00, 6.00, NULL, '2025-07-15 07:18:12', '2025-07-15 07:18:12'),
(2524, 46, 'REGRINDING DIA 18', 'NOs', 6.00, 6.00, NULL, '2025-07-15 07:18:12', '2025-07-15 07:18:12'),
(2525, 46, 'REGRINDING DIA HSW/28', 'NOs', 6.00, 6.00, NULL, '2025-07-15 07:18:12', '2025-07-15 07:18:12'),
(2526, 46, 'REGRINDING END MILL CARBIDE 10X4F', 'NOs', 6.00, 6.00, NULL, '2025-07-15 07:18:12', '2025-07-15 07:18:12'),
(2527, 46, 'REGRINDING END MILL CARBIDE 11.3X4F', 'NOs', 9.00, 9.00, NULL, '2025-07-15 07:18:12', '2025-07-15 07:18:12'),
(2528, 46, 'REGRINDING END MILL CARBIDE 11.5X4F', 'NOs', 6.00, 6.00, NULL, '2025-07-15 07:18:12', '2025-07-15 07:18:12'),
(2529, 46, 'REGRINDING END MILL CARBIDE 11X4F', 'NOs', 6.00, 6.00, NULL, '2025-07-15 07:18:12', '2025-07-15 07:18:12'),
(2530, 46, 'REGRINDING END MILL CARBIDE 12.5X4F', 'NOs', 6.00, 6.00, NULL, '2025-07-15 07:18:12', '2025-07-15 07:18:12'),
(2531, 46, 'REGRINDING END MILL CARBIDE 12X4F', 'NOs', 6.00, 6.00, NULL, '2025-07-15 07:18:12', '2025-07-15 07:18:12'),
(2532, 46, 'REGRINDING END MILL CARBIDE 13X4F', 'NOs', 6.00, 6.00, NULL, '2025-07-15 07:18:12', '2025-07-15 07:18:12'),
(2533, 46, 'REGRINDING END MILL CARBIDE 14X4F', 'NOs', 6.00, 6.00, NULL, '2025-07-15 07:18:12', '2025-07-15 07:18:12'),
(2534, 46, 'REGRINDING END MILL CARBIDE 15X4F', 'NOs', 6.00, 6.00, NULL, '2025-07-15 07:18:12', '2025-07-15 07:18:12'),
(2535, 46, 'REGRINDING END MILL CARBIDE 16X2F', 'NOs', 6.00, 6.00, NULL, '2025-07-15 07:18:12', '2025-07-15 07:18:12'),
(2536, 46, 'REGRINDING END MILL CARBIDE 16X4F', 'NOs', 6.00, 6.00, NULL, '2025-07-15 07:18:12', '2025-07-15 07:18:12'),
(2537, 46, 'REGRINDING END MILL CARBIDE 17.3X4F', 'NOs', 6.00, 6.00, NULL, '2025-07-15 07:18:12', '2025-07-15 07:18:12'),
(2538, 46, 'REGRINDING END MILL CARBIDE 17X4F', 'NOs', 6.00, 6.00, NULL, '2025-07-15 07:18:12', '2025-07-15 07:18:12'),
(2539, 46, 'REGRINDING END MILL CARBIDE 18X4F', 'NOs', 6.00, 6.00, NULL, '2025-07-15 07:18:12', '2025-07-15 07:18:12'),
(2540, 46, 'REGRINDING END MILL CARBIDE 20X4F', 'NOs', 6.00, 6.00, NULL, '2025-07-15 07:18:12', '2025-07-15 07:18:12'),
(2541, 46, 'REGRINDING END MILL CARBIDE 25.4X5F', 'NOs', 6.00, 6.00, NULL, '2025-07-15 07:18:12', '2025-07-15 07:18:12'),
(2542, 46, 'REGRINDING END MILL CARBIDE 25X4F', 'NOs', 6.00, 6.00, NULL, '2025-07-15 07:18:12', '2025-07-15 07:18:12'),
(2543, 46, 'REGRINDING END MILL CARBIDE 25X6F', 'NOs', 6.00, 6.00, NULL, '2025-07-15 07:18:12', '2025-07-15 07:18:12'),
(2544, 46, 'REGRINDING END MILL CARBIDE 32X4F', 'NOs', 6.00, 6.00, NULL, '2025-07-15 07:18:12', '2025-07-15 07:18:12'),
(2545, 46, 'REGRINDING END MILL CARBIDE 6X4F', 'NOs', 6.00, 6.00, NULL, '2025-07-15 07:18:12', '2025-07-15 07:18:12'),
(2546, 46, 'REGRINDING END MILL CARBIDE 8X4F', 'NOs', 6.00, 6.00, NULL, '2025-07-15 07:18:12', '2025-07-15 07:18:12'),
(2547, 46, 'REGRINDING END MILL CARBIDE DIA 34', 'NOs', 6.00, 6.00, NULL, '2025-07-15 07:18:12', '2025-07-15 07:18:12'),
(2548, 46, 'REGRINDING END MILL HSS  11X4F', 'NOs', 6.00, 6.00, NULL, '2025-07-15 07:18:12', '2025-07-15 07:18:12'),
(2549, 46, 'REGRINDING END MILL HSS  13.5X', 'NOs', 6.00, 6.00, NULL, '2025-07-15 07:18:12', '2025-07-15 07:18:12'),
(2550, 46, 'REGRINDING END MILL HSS  16X2F', 'NOs', 6.00, 6.00, NULL, '2025-07-15 07:18:12', '2025-07-15 07:18:12'),
(2551, 46, 'REGRINDING END MILL HSS  17X100', 'NOs', 6.00, 6.00, NULL, '2025-07-15 07:18:12', '2025-07-15 07:18:12'),
(2552, 46, 'REGRINDING END MILL HSS  20X4F', 'NOs', 6.00, 6.00, NULL, '2025-07-15 07:18:12', '2025-07-15 07:18:12'),
(2553, 46, 'REGRINDING END MILL HSS  32X4F', 'NOs', 6.00, 6.00, NULL, '2025-07-15 07:18:12', '2025-07-15 07:18:12'),
(2554, 46, 'REGRINDING END MILL HSS  32X6F', 'NOs', 6.00, 6.00, NULL, '2025-07-15 07:18:12', '2025-07-15 07:18:12'),
(2555, 46, 'REGRINDING END MILL HSS  35.5X6F', 'NOs', 6.00, 6.00, NULL, '2025-07-15 07:18:12', '2025-07-15 07:18:12'),
(2556, 46, 'REGRINDING END MILL HSS  36X6F', 'NOs', 6.00, 6.00, NULL, '2025-07-15 07:18:12', '2025-07-15 07:18:12'),
(2557, 46, 'REGRINDING END MILL HSS 15.5X2F', 'NOs', 6.00, 6.00, NULL, '2025-07-15 07:18:12', '2025-07-15 07:18:12'),
(2558, 46, 'REGRINDING END MILL HSS 22X6F', 'NOs', 6.00, 6.00, NULL, '2025-07-15 07:18:12', '2025-07-15 07:18:12'),
(2559, 46, 'REGRINDING END MILL HSS 25.4 X 3F', 'NOs', 6.00, 6.00, NULL, '2025-07-15 07:18:12', '2025-07-15 07:18:12'),
(2560, 46, 'REGRINDING END MILL HSS 35.5X6F', 'NOs', 6.00, 6.00, NULL, '2025-07-15 07:18:12', '2025-07-15 07:18:12'),
(2561, 46, 'REGRINDING END MILL HSS 39.5X4F', 'NOs', 6.00, 6.00, NULL, '2025-07-15 07:18:12', '2025-07-15 07:18:12'),
(2562, 46, 'REGRINDING END MILL HSS 44.3X6F', 'NOs', 6.00, 6.00, NULL, '2025-07-15 07:18:12', '2025-07-15 07:18:12'),
(2563, 46, 'REGRINDING END MILL HSS 44.5X6F', 'NOs', 6.00, 6.00, NULL, '2025-07-15 07:18:12', '2025-07-15 07:18:12'),
(2564, 46, 'REGRINDING END MILL HSS 49.5X6F', 'NOs', 6.00, 6.00, NULL, '2025-07-15 07:18:12', '2025-07-15 07:18:12'),
(2565, 46, 'REGRINDING END MILL HSS 50X6F', 'NOs', 6.00, 6.00, NULL, '2025-07-15 07:18:12', '2025-07-15 07:18:12'),
(2566, 46, 'REGRINDING END MILL HSS 55.6X8F', 'NOs', 6.00, 6.00, NULL, '2025-07-15 07:18:12', '2025-07-15 07:18:12'),
(2567, 46, 'REGRINDING END MILL HSS 55X5F', 'NOs', 6.00, 6.00, NULL, '2025-07-15 07:18:12', '2025-07-15 07:18:12'),
(2568, 46, 'REGRINDING END MILL HSS DIA22X6F', 'NOs', 9.00, 9.00, NULL, '2025-07-15 07:18:12', '2025-07-15 07:18:12'),
(2569, 46, 'REGRINDING END MILL HSS DIA44.3X6F', 'NOs', 9.00, 9.00, NULL, '2025-07-15 07:18:12', '2025-07-15 07:18:12'),
(2570, 46, 'REGRINDING END MILL HSS DIA44.5X6F', 'NOs', 9.00, 9.00, NULL, '2025-07-15 07:18:12', '2025-07-15 07:18:12'),
(2571, 46, 'REGRINDING END MILL HSS DIA55.6X8F', 'NOs', 9.00, 9.00, NULL, '2025-07-15 07:18:12', '2025-07-15 07:18:12'),
(2572, 46, 'REGRINDING ENDMILL CARBIDE 10.5X4F', 'NOs', 6.00, 6.00, NULL, '2025-07-15 07:18:12', '2025-07-15 07:18:12'),
(2573, 46, 'REGRINDING ENDMILL CARBIDE 10X4F', 'NOs', 6.00, 6.00, NULL, '2025-07-15 07:18:12', '2025-07-15 07:18:12'),
(2574, 46, 'REGRINDING ENDMILL CARBIDE 11.5X4F', 'NOs', 6.00, 6.00, NULL, '2025-07-15 07:18:12', '2025-07-15 07:18:12'),
(2575, 46, 'REGRINDING ENDMILL CARBIDE 11X4F', 'NOs', 6.00, 6.00, NULL, '2025-07-15 07:18:12', '2025-07-15 07:18:12'),
(2576, 46, 'REGRINDING ENDMILL CARBIDE 12.5X4F', 'NOs', 6.00, 6.00, NULL, '2025-07-15 07:18:12', '2025-07-15 07:18:12'),
(2577, 46, 'REGRINDING ENDMILL CARBIDE 12X2F', 'NOs', 6.00, 6.00, NULL, '2025-07-15 07:18:12', '2025-07-15 07:18:12'),
(2578, 46, 'REGRINDING ENDMILL CARBIDE 12X3F', 'NOs', 6.00, 6.00, NULL, '2025-07-15 07:18:12', '2025-07-15 07:18:12'),
(2579, 46, 'REGRINDING ENDMILL CARBIDE 12X4F', 'NOs', 6.00, 6.00, NULL, '2025-07-15 07:18:12', '2025-07-15 07:18:12'),
(2580, 46, 'REGRINDING ENDMILL CARBIDE 13.5X4F', 'NOs', 6.00, 6.00, NULL, '2025-07-15 07:18:12', '2025-07-15 07:18:12'),
(2581, 46, 'REGRINDING ENDMILL CARBIDE 13X4F', 'NOs', 6.00, 6.00, NULL, '2025-07-15 07:18:12', '2025-07-15 07:18:12'),
(2582, 46, 'REGRINDING ENDMILL CARBIDE 14.4X4F', 'NOs', 6.00, 6.00, NULL, '2025-07-15 07:18:12', '2025-07-15 07:18:12'),
(2583, 46, 'REGRINDING ENDMILL CARBIDE 14.5X4F', 'NOs', 6.00, 6.00, NULL, '2025-07-15 07:18:12', '2025-07-15 07:18:12'),
(2584, 46, 'REGRINDING ENDMILL CARBIDE 14X4F', 'NOs', 6.00, 6.00, NULL, '2025-07-15 07:18:12', '2025-07-15 07:18:12'),
(2585, 46, 'REGRINDING ENDMILL CARBIDE 15.5X4F', 'NOs', 6.00, 6.00, NULL, '2025-07-15 07:18:12', '2025-07-15 07:18:12'),
(2586, 46, 'REGRINDING ENDMILL CARBIDE 15.75X4F', 'NOs', 6.00, 6.00, NULL, '2025-07-15 07:18:12', '2025-07-15 07:18:12'),
(2587, 46, 'REGRINDING ENDMILL CARBIDE 15X4F', 'NOs', 6.00, 6.00, NULL, '2025-07-15 07:18:12', '2025-07-15 07:18:12'),
(2588, 46, 'REGRINDING ENDMILL CARBIDE 16.5X4F', 'NOs', 6.00, 6.00, NULL, '2025-07-15 07:18:12', '2025-07-15 07:18:12'),
(2589, 46, 'REGRINDING ENDMILL CARBIDE 16.75X4F', 'NOs', 6.00, 6.00, NULL, '2025-07-15 07:18:12', '2025-07-15 07:18:12'),
(2590, 46, 'REGRINDING ENDMILL CARBIDE 16X2F', 'NOs', 6.00, 6.00, NULL, '2025-07-15 07:18:12', '2025-07-15 07:18:12'),
(2591, 46, 'REGRINDING ENDMILL CARBIDE 16X4F', 'NOs', 6.00, 6.00, NULL, '2025-07-15 07:18:12', '2025-07-15 07:18:12'),
(2592, 46, 'REGRINDING ENDMILL CARBIDE 17.5X4F', 'NOs', 6.00, 6.00, NULL, '2025-07-15 07:18:12', '2025-07-15 07:18:12'),
(2593, 46, 'REGRINDING ENDMILL CARBIDE 17.6X4F', 'NOs', 6.00, 6.00, NULL, '2025-07-15 07:18:12', '2025-07-15 07:18:12'),
(2594, 46, 'REGRINDING ENDMILL CARBIDE 17X4F', 'NOs', 6.00, 6.00, NULL, '2025-07-15 07:18:12', '2025-07-15 07:18:12'),
(2595, 46, 'REGRINDING ENDMILL CARBIDE 18.5X2F', 'NOs', 6.00, 6.00, NULL, '2025-07-15 07:18:12', '2025-07-15 07:18:12'),
(2596, 46, 'REGRINDING ENDMILL CARBIDE 18X4F', 'NOs', 6.00, 6.00, NULL, '2025-07-15 07:18:12', '2025-07-15 07:18:12'),
(2597, 46, 'REGRINDING ENDMILL CARBIDE 19.5X4F', 'NOs', 6.00, 6.00, NULL, '2025-07-15 07:18:12', '2025-07-15 07:18:12'),
(2598, 46, 'REGRINDING ENDMILL CARBIDE 19X4F', 'NOs', 6.00, 6.00, NULL, '2025-07-15 07:18:12', '2025-07-15 07:18:12'),
(2599, 46, 'REGRINDING ENDMILL CARBIDE 20X4F', 'NOs', 6.00, 6.00, NULL, '2025-07-15 07:18:12', '2025-07-15 07:18:12'),
(2600, 46, 'REGRINDING ENDMILL CARBIDE 22X4F', 'NOs', 6.00, 6.00, NULL, '2025-07-15 07:18:12', '2025-07-15 07:18:12'),
(2601, 46, 'REGRINDING ENDMILL CARBIDE 23X4F', 'NOs', 6.00, 6.00, NULL, '2025-07-15 07:18:12', '2025-07-15 07:18:12'),
(2602, 46, 'REGRINDING ENDMILL CARBIDE 24X4F', 'NOs', 6.00, 6.00, NULL, '2025-07-15 07:18:12', '2025-07-15 07:18:12'),
(2603, 46, 'REGRINDING ENDMILL CARBIDE 25.5X2F', 'NOs', 6.00, 6.00, NULL, '2025-07-15 07:18:12', '2025-07-15 07:18:12'),
(2604, 46, 'REGRINDING ENDMILL CARBIDE 25X4F', 'NOs', 6.00, 6.00, NULL, '2025-07-15 07:18:12', '2025-07-15 07:18:12'),
(2605, 46, 'REGRINDING ENDMILL CARBIDE 27X6F', 'NOs', 6.00, 6.00, NULL, '2025-07-15 07:18:12', '2025-07-15 07:18:12'),
(2606, 46, 'REGRINDING ENDMILL CARBIDE 32.5X4F', 'NOs', 6.00, 6.00, NULL, '2025-07-15 07:18:12', '2025-07-15 07:18:12'),
(2607, 46, 'REGRINDING ENDMILL CARBIDE 36X6F', 'NOs', 6.00, 6.00, NULL, '2025-07-15 07:18:12', '2025-07-15 07:18:12'),
(2608, 46, 'REGRINDING ENDMILL CARBIDE 62X8F', 'NOs', 6.00, 6.00, NULL, '2025-07-15 07:18:12', '2025-07-15 07:18:12'),
(2609, 46, 'REGRINDING ENDMILL CARBIDE 6X4F', 'NOs', 6.00, 6.00, NULL, '2025-07-15 07:18:12', '2025-07-15 07:18:12'),
(2610, 46, 'REGRINDING ENDMILL CARBIDE 7.5X4F', 'NOs', 6.00, 6.00, NULL, '2025-07-15 07:18:12', '2025-07-15 07:18:12'),
(2611, 46, 'REGRINDING ENDMILL CARBIDE 8.5X4F', 'NOs', 6.00, 6.00, NULL, '2025-07-15 07:18:12', '2025-07-15 07:18:12'),
(2612, 46, 'REGRINDING ENDMILL CARBIDE 8X4F', 'NOs', 6.00, 6.00, NULL, '2025-07-15 07:18:12', '2025-07-15 07:18:12'),
(2613, 46, 'REGRINDING ENDMILL CARBIDE 9.5X4F', 'NOs', 6.00, 6.00, NULL, '2025-07-15 07:18:12', '2025-07-15 07:18:12'),
(2614, 46, 'REGRINDING ENDMILL CARBIDE 9X4F', 'NOs', 6.00, 6.00, NULL, '2025-07-15 07:18:12', '2025-07-15 07:18:12'),
(2615, 46, 'REGRINDING ENDMILL HSS  35.5X2F', 'NOs', 6.00, 6.00, NULL, '2025-07-15 07:18:12', '2025-07-15 07:18:12'),
(2616, 46, 'REGRINDING ENDMILL HSS 10 X 4 F', 'NOs', 6.00, 6.00, NULL, '2025-07-15 07:18:12', '2025-07-15 07:18:12'),
(2617, 46, 'REGRINDING ENDMILL HSS 10 X 4F', 'NOs', 6.00, 6.00, NULL, '2025-07-15 07:18:12', '2025-07-15 07:18:12'),
(2618, 46, 'REGRINDING ENDMILL HSS 11 X 4F', 'NOs', 6.00, 6.00, NULL, '2025-07-15 07:18:12', '2025-07-15 07:18:12'),
(2619, 46, 'REGRINDING ENDMILL HSS 11.5 X 4 F', 'NOs', 6.00, 6.00, NULL, '2025-07-15 07:18:12', '2025-07-15 07:18:12'),
(2620, 46, 'REGRINDING ENDMILL HSS 11.5 X 4F', 'NOs', 6.00, 6.00, NULL, '2025-07-15 07:18:12', '2025-07-15 07:18:12'),
(2621, 46, 'REGRINDING ENDMILL HSS 12 X 4 F', 'NOs', 6.00, 6.00, NULL, '2025-07-15 07:18:12', '2025-07-15 07:18:12'),
(2622, 46, 'REGRINDING ENDMILL HSS 12 X 4F', 'NOs', 6.00, 6.00, NULL, '2025-07-15 07:18:12', '2025-07-15 07:18:12'),
(2623, 46, 'REGRINDING ENDMILL HSS 14.5 X 4F', 'NOs', 6.00, 6.00, NULL, '2025-07-15 07:18:12', '2025-07-15 07:18:12'),
(2624, 46, 'REGRINDING ENDMILL HSS 15.5 X 2 F', 'NOs', 6.00, 6.00, NULL, '2025-07-15 07:18:12', '2025-07-15 07:18:12'),
(2625, 46, 'REGRINDING ENDMILL HSS 15.5 X 4F', 'NOs', 6.00, 6.00, NULL, '2025-07-15 07:18:12', '2025-07-15 07:18:12'),
(2626, 46, 'REGRINDING ENDMILL HSS 16 X 2 F', 'NOs', 6.00, 6.00, NULL, '2025-07-15 07:18:12', '2025-07-15 07:18:12'),
(2627, 46, 'REGRINDING ENDMILL HSS 16 X 4 F', 'NOs', 6.00, 6.00, NULL, '2025-07-15 07:18:12', '2025-07-15 07:18:12'),
(2628, 46, 'REGRINDING ENDMILL HSS 16 X 4F', 'NOs', 6.00, 6.00, NULL, '2025-07-15 07:18:12', '2025-07-15 07:18:12'),
(2629, 46, 'REGRINDING ENDMILL HSS 45 X 4 F', 'NOs', 6.00, 6.00, NULL, '2025-07-15 07:18:12', '2025-07-15 07:18:12'),
(2630, 46, 'REGRINDING ENDMILL HSS 17.5 X 2F', 'NOs', 6.00, 6.00, NULL, '2025-07-15 07:18:12', '2025-07-15 07:18:12'),
(2631, 46, 'REGRINDING ENDMILL HSS 17.5 X 4F', 'NOs', 6.00, 6.00, NULL, '2025-07-15 07:18:12', '2025-07-15 07:18:12'),
(2632, 46, 'REGRINDING ENDMILL HSS 18 X 4 F', 'NOs', 6.00, 6.00, NULL, '2025-07-15 07:18:12', '2025-07-15 07:18:12'),
(2633, 46, 'REGRINDING ENDMILL HSS 18 X 4F', 'NOs', 6.00, 6.00, NULL, '2025-07-15 07:18:12', '2025-07-15 07:18:12'),
(2634, 46, 'REGRINDING ENDMILL HSS 18.5 X 4F', 'NOs', 6.00, 6.00, NULL, '2025-07-15 07:18:12', '2025-07-15 07:18:12'),
(2635, 46, 'REGRINDING ENDMILL HSS 19 X 2 F', 'NOs', 6.00, 6.00, NULL, '2025-07-15 07:18:12', '2025-07-15 07:18:12'),
(2636, 46, 'REGRINDING ENDMILL HSS 19 X 4 F', 'NOs', 6.00, 6.00, NULL, '2025-07-15 07:18:12', '2025-07-15 07:18:12'),
(2637, 46, 'REGRINDING ENDMILL HSS 19 X 4F', 'NOs', 6.00, 6.00, NULL, '2025-07-15 07:18:12', '2025-07-15 07:18:12'),
(2638, 46, 'REGRINDING ENDMILL HSS 19.5 X 4F', 'NOs', 6.00, 6.00, NULL, '2025-07-15 07:18:12', '2025-07-15 07:18:12'),
(2639, 46, 'REGRINDING ENDMILL HSS 20 X 4F', 'NOs', 6.00, 6.00, NULL, '2025-07-15 07:18:12', '2025-07-15 07:18:12'),
(2640, 46, 'REGRINDING ENDMILL HSS 21.5 X 4F', 'NOs', 6.00, 6.00, NULL, '2025-07-15 07:18:12', '2025-07-15 07:18:12'),
(2641, 46, 'REGRINDING ENDMILL HSS 22 X 4F', 'NOs', 6.00, 6.00, NULL, '2025-07-15 07:18:12', '2025-07-15 07:18:12'),
(2642, 46, 'REGRINDING ENDMILL HSS 23 X 4F', 'NOs', 6.00, 6.00, NULL, '2025-07-15 07:18:12', '2025-07-15 07:18:12'),
(2643, 46, 'REGRINDING ENDMILL HSS 24.5 X 2 F', 'NOs', 6.00, 6.00, NULL, '2025-07-15 07:18:12', '2025-07-15 07:18:12'),
(2644, 46, 'REGRINDING ENDMILL HSS 25 X 3 F', 'NOs', 6.00, 6.00, NULL, '2025-07-15 07:18:12', '2025-07-15 07:18:12'),
(2645, 46, 'REGRINDING ENDMILL HSS 25 X 4F', 'NOs', 6.00, 6.00, NULL, '2025-07-15 07:18:12', '2025-07-15 07:18:12'),
(2646, 46, 'REGRINDING ENDMILL HSS 25 X 6F', 'NOs', 6.00, 6.00, NULL, '2025-07-15 07:18:12', '2025-07-15 07:18:12'),
(2647, 46, 'REGRINDING ENDMILL HSS 26.5 X 4F', 'NOs', 6.00, 6.00, NULL, '2025-07-15 07:18:12', '2025-07-15 07:18:12'),
(2648, 46, 'REGRINDING ENDMILL HSS 27 X 6 F', 'NOs', 6.00, 6.00, NULL, '2025-07-15 07:18:12', '2025-07-15 07:18:12'),
(2649, 46, 'REGRINDING ENDMILL HSS 27.5 X 4F', 'NOs', 6.00, 6.00, NULL, '2025-07-15 07:18:12', '2025-07-15 07:18:12'),
(2650, 46, 'REGRINDING ENDMILL HSS 27.5 X 5F', 'NOs', 6.00, 6.00, NULL, '2025-07-15 07:18:12', '2025-07-15 07:18:12'),
(2651, 46, 'REGRINDING ENDMILL HSS 28 X 5 F', 'NOs', 6.00, 6.00, NULL, '2025-07-15 07:18:12', '2025-07-15 07:18:12'),
(2652, 46, 'REGRINDING ENDMILL HSS 28X6F', 'NOs', 6.00, 6.00, NULL, '2025-07-15 07:18:12', '2025-07-15 07:18:12'),
(2653, 46, 'REGRINDING ENDMILL HSS 29.5 X 4F', 'NOs', 6.00, 6.00, NULL, '2025-07-15 07:18:12', '2025-07-15 07:18:12'),
(2654, 46, 'REGRINDING ENDMILL HSS 30 X 4F', 'NOs', 6.00, 6.00, NULL, '2025-07-15 07:18:12', '2025-07-15 07:18:12'),
(2655, 46, 'REGRINDING ENDMILL HSS 30.5 X 4F', 'NOs', 6.00, 6.00, NULL, '2025-07-15 07:18:12', '2025-07-15 07:18:12'),
(2656, 46, 'REGRINDING ENDMILL HSS 31 X 4F', 'NOs', 6.00, 6.00, NULL, '2025-07-15 07:18:12', '2025-07-15 07:18:12'),
(2657, 46, 'REGRINDING ENDMILL HSS 31.5 X 2F', 'NOs', 6.00, 6.00, NULL, '2025-07-15 07:18:12', '2025-07-15 07:18:12'),
(2658, 46, 'REGRINDING ENDMILL HSS 31.5 X 4F', 'NOs', 6.00, 6.00, NULL, '2025-07-15 07:18:12', '2025-07-15 07:18:12'),
(2659, 46, 'REGRINDING ENDMILL HSS 31.6 X 4F', 'NOs', 6.00, 6.00, NULL, '2025-07-15 07:18:12', '2025-07-15 07:18:12'),
(2660, 46, 'REGRINDING ENDMILL HSS 31.7 X 4F', 'NOs', 6.00, 6.00, NULL, '2025-07-15 07:18:12', '2025-07-15 07:18:12'),
(2661, 46, 'REGRINDING ENDMILL HSS 31.75 X 4F', 'NOs', 6.00, 6.00, NULL, '2025-07-15 07:18:12', '2025-07-15 07:18:12'),
(2662, 46, 'REGRINDING ENDMILL HSS 32 X 4F', 'NOs', 6.00, 6.00, NULL, '2025-07-15 07:18:12', '2025-07-15 07:18:12'),
(2663, 46, 'REGRINDING ENDMILL HSS 32 X 6 F', 'NOs', 6.00, 6.00, NULL, '2025-07-15 07:18:12', '2025-07-15 07:18:12'),
(2664, 46, 'REGRINDING ENDMILL HSS 32.5 X 4F', 'NOs', 6.00, 6.00, NULL, '2025-07-15 07:18:12', '2025-07-15 07:18:12'),
(2665, 46, 'REGRINDING ENDMILL HSS 34.5 X 4F', 'NOs', 6.00, 6.00, NULL, '2025-07-15 07:18:12', '2025-07-15 07:18:12'),
(2666, 46, 'REGRINDING ENDMILL HSS 35 X 4F', 'NOs', 6.00, 6.00, NULL, '2025-07-15 07:18:12', '2025-07-15 07:18:12'),
(2667, 46, 'REGRINDING ENDMILL HSS 35.5 X 2F', 'NOs', 6.00, 6.00, NULL, '2025-07-15 07:18:12', '2025-07-15 07:18:12'),
(2668, 46, 'REGRINDING ENDMILL HSS 35.5 X 4F', 'NOs', 6.00, 6.00, NULL, '2025-07-15 07:18:12', '2025-07-15 07:18:12'),
(2669, 46, 'REGRINDING ENDMILL HSS 35.5X6F', 'NOs', 6.00, 6.00, NULL, '2025-07-15 07:18:12', '2025-07-15 07:18:12'),
(2670, 46, 'REGRINDING ENDMILL HSS 36 X 2 F', 'NOs', 6.00, 6.00, NULL, '2025-07-15 07:18:12', '2025-07-15 07:18:12'),
(2671, 46, 'REGRINDING ENDMILL HSS 36 X 4F', 'NOs', 6.00, 6.00, NULL, '2025-07-15 07:18:12', '2025-07-15 07:18:12'),
(2672, 46, 'REGRINDING ENDMILL HSS 36 X 6 F', 'NOs', 6.00, 6.00, NULL, '2025-07-15 07:18:12', '2025-07-15 07:18:12'),
(2673, 46, 'REGRINDING ENDMILL HSS 36X6F', 'NOs', 6.00, 6.00, NULL, '2025-07-15 07:18:12', '2025-07-15 07:18:12'),
(2674, 46, 'REGRINDING ENDMILL HSS 37 X 4F', 'NOs', 6.00, 6.00, NULL, '2025-07-15 07:18:12', '2025-07-15 07:18:12'),
(2675, 46, 'REGRINDING ENDMILL HSS 38 X 4F', 'NOs', 6.00, 6.00, NULL, '2025-07-15 07:18:12', '2025-07-15 07:18:12'),
(2676, 46, 'REGRINDING ENDMILL HSS 39.5 X 4F', 'NOs', 6.00, 6.00, NULL, '2025-07-15 07:18:12', '2025-07-15 07:18:12'),
(2677, 46, 'REGRINDING ENDMILL HSS 39.5X6F', 'NOs', 6.00, 6.00, NULL, '2025-07-15 07:18:12', '2025-07-15 07:18:12'),
(2678, 46, 'REGRINDING ENDMILL HSS 44 X 4F', 'NOs', 6.00, 6.00, NULL, '2025-07-15 07:18:12', '2025-07-15 07:18:12'),
(2679, 46, 'REGRINDING ENDMILL HSS 44.5 X 4F', 'NOs', 6.00, 6.00, NULL, '2025-07-15 07:18:12', '2025-07-15 07:18:12'),
(2680, 46, 'REGRINDING ENDMILL HSS 44.5 X 6 F', 'NOs', 6.00, 6.00, NULL, '2025-07-15 07:18:12', '2025-07-15 07:18:12'),
(2681, 46, 'REGRINDING ENDMILL HSS 44.5 X 6F', 'NOs', 6.00, 6.00, NULL, '2025-07-15 07:18:12', '2025-07-15 07:18:12'),
(2682, 46, 'REGRINDING ENDMILL HSS 44.7 X 6 F', 'NOs', 6.00, 6.00, NULL, '2025-07-15 07:18:12', '2025-07-15 07:18:12'),
(2683, 46, 'REGRINDING ENDMILL HSS 49.5 X 4F', 'NOs', 6.00, 6.00, NULL, '2025-07-15 07:18:12', '2025-07-15 07:18:12'),
(2684, 46, 'REGRINDING ENDMILL HSS 50 X 4F', 'NOs', 6.00, 6.00, NULL, '2025-07-15 07:18:12', '2025-07-15 07:18:12'),
(2685, 46, 'REGRINDING ENDMILL HSS 50 X 8F', 'NOs', 6.00, 6.00, NULL, '2025-07-15 07:18:12', '2025-07-15 07:18:12'),
(2686, 46, 'REGRINDING ENDMILL HSS 55 X 4F', 'NOs', 6.00, 6.00, NULL, '2025-07-15 07:18:12', '2025-07-15 07:18:12'),
(2687, 46, 'REGRINDING ENDMILL HSS 62 X 8F', 'NOs', 6.00, 6.00, NULL, '2025-07-15 07:18:12', '2025-07-15 07:18:12'),
(2688, 46, 'REGRINDING ENDMILL HSS 9.5 X 2F', 'NOs', 6.00, 6.00, NULL, '2025-07-15 07:18:12', '2025-07-15 07:18:12'),
(2689, 46, 'REGRINDING ENDMILL HSS 9.5 X 4F', 'NOs', 6.00, 6.00, NULL, '2025-07-15 07:18:12', '2025-07-15 07:18:12'),
(2690, 46, 'REGRINDING REAMER HSS 36X3F', 'NOs', 6.00, 6.00, NULL, '2025-07-15 07:18:12', '2025-07-15 07:18:12'),
(2691, 46, 'REGRINDING T SLOT CUTTER', 'NOs', 6.00, 6.00, NULL, '2025-07-15 07:18:12', '2025-07-15 07:18:12'),
(2692, 46, 'REGRINDING U DRILL M28', 'NOs', 6.00, 6.00, NULL, '2025-07-15 07:18:12', '2025-07-15 07:18:12'),
(2693, 46, 'RESHARPENING 1/2\"BSP TAP', 'NOs', 6.00, 6.00, NULL, '2025-07-15 07:18:12', '2025-07-15 07:18:12'),
(2694, 46, 'RESHARPENING 1/2\"UNC TAP', 'NOs', 6.00, 6.00, NULL, '2025-07-15 07:18:12', '2025-07-15 07:18:12'),
(2695, 46, 'RESHARPENING 11/16 TAP', 'NOs', 6.00, 6.00, NULL, '2025-07-15 07:18:12', '2025-07-15 07:18:12'),
(2696, 46, 'RESHARPENING 3/4UNC  TAP', 'NOs', 6.00, 6.00, NULL, '2025-07-15 07:18:12', '2025-07-15 07:18:12'),
(2697, 46, 'RESHARPENING 5/16 TAP', 'NOs', 6.00, 6.00, NULL, '2025-07-15 07:18:12', '2025-07-15 07:18:12'),
(2698, 46, 'RESHARPENING CENTRE BIT', 'NOs', 6.00, 6.00, NULL, '2025-07-15 07:18:12', '2025-07-15 07:18:12'),
(2699, 46, 'RESHARPENING CENTRE BIT 60DEG 35MM', 'NOs', 6.00, 6.00, NULL, '2025-07-15 07:18:12', '2025-07-15 07:18:12'),
(2700, 46, 'RESHARPENING CENTRE BIT 60DEG 50MM', 'NOs', 6.00, 6.00, NULL, '2025-07-15 07:18:12', '2025-07-15 07:18:12'),
(2701, 46, 'RESHARPENING M16 2P TAP', 'NOs', 6.00, 6.00, NULL, '2025-07-15 07:18:12', '2025-07-15 07:18:12'),
(2702, 46, 'RESHARPENING M16 TAP', 'NOs', 6.00, 6.00, NULL, '2025-07-15 07:18:12', '2025-07-15 07:18:12'),
(2703, 46, 'RESHARPENING M24 TAP', 'NOs', 6.00, 6.00, NULL, '2025-07-15 07:18:12', '2025-07-15 07:18:12'),
(2704, 46, 'RESHARPENING M36 TAP', 'NOs', 6.00, 6.00, NULL, '2025-07-15 07:18:12', '2025-07-15 07:18:12'),
(2705, 46, 'RESHARPENING T SLOT CUTTER DIA 18X 7.62 FLXR3X18 SH X 70 OAL SC', 'NOs', 6.00, 6.00, NULL, '2025-07-15 07:18:12', '2025-07-15 07:18:12'),
(2706, 46, 'RESHARPENING TAP DIA19.20', 'NOs', 6.00, 6.00, NULL, '2025-07-15 07:18:12', '2025-07-15 07:18:12'),
(2707, 46, 'SQ THREAD TOOL GRINDING', 'NOs', 9.00, 9.00, NULL, '2025-07-15 07:18:12', '2025-07-15 07:18:12'),
(2708, 47, '24\" ALUMINIUM WIND TURBO VENTILATOR', 'NOs', 9.00, 9.00, NULL, '2025-07-15 07:18:12', '2025-07-15 07:18:12'),
(2709, 47, 'BARE GALVALUME CORRUGATED STEEL SHEET', 'SqMtr', 9.00, 9.00, NULL, '2025-07-15 07:18:12', '2025-07-15 07:18:12'),
(2710, 47, 'C FLASHING SHEET 100X105X100X2500', 'RMtr', 9.00, 9.00, NULL, '2025-07-15 07:18:12', '2025-07-15 07:18:12'),
(2711, 47, 'L FLASHING SHEET 200X200X2500', 'RMtr', 9.00, 9.00, NULL, '2025-07-15 07:18:12', '2025-07-15 07:18:12'),
(2712, 47, 'L FLASHING SHEET 300X300X2500', 'NOs', 9.00, 9.00, NULL, '2025-07-15 07:18:12', '2025-07-15 07:18:12'),
(2713, 47, 'PUFF SHEETS 50MM OFF WHITE WALL PANEL', 'NOs', 9.00, 9.00, NULL, '2025-07-15 07:18:12', '2025-07-15 07:18:12'),
(2714, 47, 'ROOFING SHEET 3MTR X 1MTR', 'NOs', 9.00, 9.00, NULL, '2025-07-15 07:18:12', '2025-07-15 07:18:12'),
(2715, 47, 'R-PLAIN RIDGES', 'R Mtr', 9.00, 9.00, 18.00, '2025-07-15 07:18:12', '2025-07-15 07:18:12'),
(2716, 48, 'APRON COVER', 'NOs', 9.00, 9.00, NULL, '2025-07-15 07:18:12', '2025-07-15 07:18:12'),
(2717, 48, 'CLEAR GOGGLES', 'NOs', 9.00, 9.00, NULL, '2025-07-15 07:18:12', '2025-07-15 07:18:12'),
(2718, 48, 'GOGGLES', 'NOs', 9.00, 9.00, NULL, '2025-07-15 07:18:12', '2025-07-15 07:18:12'),
(2719, 48, 'HANSAPLAST', 'NOs', 9.00, 9.00, NULL, '2025-07-15 07:18:12', '2025-07-15 07:18:12'),
(2720, 48, 'HILLSON BRAND SAFETY SHOES MODEL CLAWS CL01', 'NOs', 6.00, 6.00, NULL, '2025-07-15 07:18:12', '2025-07-15 07:18:12'),
(2721, 48, 'LEATHER HAND SLEEVE', 'NOs', 9.00, 9.00, NULL, '2025-07-15 07:18:12', '2025-07-15 07:18:12'),
(2722, 48, 'LEATHER JEANS GLOUSE 12\"', 'pair', 9.00, 9.00, NULL, '2025-07-15 07:18:12', '2025-07-15 07:18:12'),
(2723, 48, 'LEATHER JEANS GLOUSE 18\"', 'pair', 9.00, 9.00, NULL, '2025-07-15 07:18:12', '2025-07-15 07:18:12'),
(2724, 48, 'MASK COTTON MASK', 'NOs', 2.50, 2.50, NULL, '2025-07-15 07:18:12', '2025-07-15 07:18:12'),
(2725, 48, 'MASK FACE MASK', 'NOs', 2.50, 2.50, NULL, '2025-07-15 07:18:12', '2025-07-15 07:18:12'),
(2726, 48, 'MASK N95', 'NOs', 2.50, 2.50, NULL, '2025-07-15 07:18:12', '2025-07-15 07:18:12'),
(2727, 48, 'MASK V44', 'NOs', 2.50, 2.50, NULL, '2025-07-15 07:18:12', '2025-07-15 07:18:12'),
(2728, 48, 'RUBBER HAND GLOVES', 'NOs', 9.00, 9.00, NULL, '2025-07-15 07:18:12', '2025-07-15 07:18:12'),
(2729, 48, 'SAFETY GOGGLES', 'NOs', 9.00, 9.00, NULL, '2025-07-15 07:18:12', '2025-07-15 07:18:12'),
(2730, 48, 'SAFETY HELMETS', 'NOs', 9.00, 9.00, NULL, '2025-07-15 07:18:12', '2025-07-15 07:18:12'),
(2731, 48, 'SURGICAL GLOVES', 'NOs', 6.00, 6.00, NULL, '2025-07-15 07:18:12', '2025-07-15 07:18:12'),
(2732, 48, 'ZAIN 02SD SAFETY SHOE', 'NOs', 9.00, 9.00, NULL, '2025-07-15 07:18:12', '2025-07-15 07:18:12'),
(2733, 49, 'SCRAP', 'Kgs', 9.00, 9.00, NULL, '2025-07-15 07:18:12', '2025-07-15 07:18:12'),
(2734, 50, 'LABYRINTH SEAL', 'NOs', 9.00, 9.00, NULL, '2025-07-15 07:18:12', '2025-07-15 07:18:12'),
(2735, 50, 'OIL SEAL 120X160X12', 'NOs', 9.00, 9.00, NULL, '2025-07-15 07:18:12', '2025-07-15 07:18:12'),
(2736, 50, 'PU SEAL FOR CYLINDER COUPLING RUBBER', 'NOs', 9.00, 9.00, NULL, '2025-07-15 07:18:12', '2025-07-15 07:18:12'),
(2737, 50, 'RUBBER OIL SEAL', 'NOs', 9.00, 9.00, NULL, '2025-07-15 07:18:12', '2025-07-15 07:18:12'),
(2738, 50, 'RUBBER OIL SEAL 100mm', 'NOs', 9.00, 9.00, NULL, '2025-07-15 07:18:12', '2025-07-15 07:18:12'),
(2739, 50, 'RUBBER OIL SEAL 120mm', 'NOs', 9.00, 9.00, NULL, '2025-07-15 07:18:12', '2025-07-15 07:18:12'),
(2740, 50, 'RUBBER SEAL', 'NOs', 9.00, 9.00, NULL, '2025-07-15 07:18:12', '2025-07-15 07:18:12'),
(2741, 50, 'RUBBER SEAL 100mm', 'NOs', 9.00, 9.00, NULL, '2025-07-15 07:18:12', '2025-07-15 07:18:12'),
(2742, 50, 'RUBBER SEAL 38mm', 'NOs', 9.00, 9.00, NULL, '2025-07-15 07:18:12', '2025-07-15 07:18:12'),
(2743, 50, 'RUBBER SEAL 52mm', 'NOs', 9.00, 9.00, NULL, '2025-07-15 07:18:12', '2025-07-15 07:18:12'),
(2744, 50, 'RUBBER SEAL 62mm', 'NOs', 9.00, 9.00, NULL, '2025-07-15 07:18:12', '2025-07-15 07:18:12'),
(2745, 50, 'RUBBER SEAL 65mm', 'NOs', 9.00, 9.00, NULL, '2025-07-15 07:18:12', '2025-07-15 07:18:12'),
(2746, 50, 'RUBBER SEAL 65X49X7.5mm', 'NOs', 9.00, 9.00, NULL, '2025-07-15 07:18:12', '2025-07-15 07:18:12'),
(2747, 50, 'RUBBER SEAL 68mm', 'NOs', 9.00, 9.00, NULL, '2025-07-15 07:18:12', '2025-07-15 07:18:12'),
(2748, 50, 'RUBBER SEAL 80mm', 'NOs', 9.00, 9.00, NULL, '2025-07-15 07:18:12', '2025-07-15 07:18:12'),
(2749, 50, 'RUBBER SEAL 85X69X8mm', 'NOs', 9.00, 9.00, NULL, '2025-07-15 07:18:12', '2025-07-15 07:18:12'),
(2750, 50, 'SILICON SEALENT (CLEAR)', 'NOs', 9.00, 9.00, NULL, '2025-07-15 07:18:12', '2025-07-15 07:18:12'),
(2751, 50, 'SILICON SEALENT (WHITE)', 'NOs', 9.00, 9.00, NULL, '2025-07-15 07:18:12', '2025-07-15 07:18:12'),
(2752, 50, 'SILICON SEALENT(BLACK)', 'NOs', 9.00, 9.00, NULL, '2025-07-15 07:18:12', '2025-07-15 07:18:12'),
(2753, 50, 'SILICONE SEALENT GP', 'NOs', 9.00, 9.00, NULL, '2025-07-15 07:18:12', '2025-07-15 07:18:12'),
(2754, 50, 'TRANSFORMER LT SIDE OIL SEAL AND GASKET', 'NOs', 9.00, 9.00, NULL, '2025-07-15 07:18:12', '2025-07-15 07:18:12'),
(2755, 51, 'AMC CHARGES', 'NOs', 9.00, 9.00, NULL, '2025-07-15 07:18:12', '2025-07-15 07:18:12'),
(2756, 51, 'AMC CHARGES HMT GRINDING MACHINE', 'NOs', 9.00, 9.00, NULL, '2025-07-15 07:18:12', '2025-07-15 07:18:12'),
(2757, 51, 'AMC CHARGES MAXIMMOTION HEC TURNING CENTRE', 'NOs', 9.00, 9.00, NULL, '2025-07-15 07:18:12', '2025-07-15 07:18:12'),
(2758, 51, 'AMC CHARGES MAXIMMOTION VDF TURNING CENTRE', 'NOs', 9.00, 9.00, NULL, '2025-07-15 07:18:12', '2025-07-15 07:18:12'),
(2759, 51, 'AMC CHARGES PROTECH 3.0 TURNING CENTRE', 'NOs', 9.00, 9.00, NULL, '2025-07-15 07:18:12', '2025-07-15 07:18:12'),
(2760, 51, 'AMC CHARGES PROTECH 4.5 TURNING CENTRE', 'NOs', 9.00, 9.00, NULL, '2025-07-15 07:18:12', '2025-07-15 07:18:12'),
(2761, 51, 'AMC CHARGES SAMSUNG TURNING CENTRE', 'NOs', 9.00, 9.00, NULL, '2025-07-15 07:18:12', '2025-07-15 07:18:12'),
(2762, 51, 'AMC CHARGES TAKUMI VMC', 'NOs', 9.00, 9.00, NULL, '2025-07-15 07:18:12', '2025-07-15 07:18:12'),
(2763, 51, 'AUDIT CHARGES', 'NOs', 9.00, 9.00, NULL, '2025-07-15 07:18:12', '2025-07-15 07:18:12'),
(2764, 51, 'BALL SCREW RECONDITIONING WITH LAPPING POLISHING AND BALLS REPLACEMENT', 'NOs', 9.00, 9.00, NULL, '2025-07-15 07:18:12', '2025-07-15 07:18:12'),
(2765, 51, 'CHARGES FOR WELDER QUALIFICATION TEST', 'NOS', 9.00, 9.00, NULL, '2025-07-15 07:18:12', '2025-07-15 07:18:12'),
(2766, 51, 'CHARGES TOWARDS  SB', 'KG', 6.00, 6.00, NULL, '2025-07-15 07:18:12', '2025-07-15 07:18:12'),
(2767, 51, 'CHARGES TOWARDS SR & SB', 'KG', 6.00, 6.00, NULL, '2025-07-15 07:18:12', '2025-07-15 07:18:12'),
(2768, 51, 'CMM INSPECTION CHARGES', 'NOs', 9.00, 9.00, NULL, '2025-07-15 07:18:12', '2025-07-15 07:18:12'),
(2769, 51, 'CNC SHEERING & BENDING CHARGES', 'STROKES', 9.00, 9.00, NULL, '2025-07-15 07:18:12', '2025-07-15 07:18:12'),
(2770, 51, 'CRANE HIRE PAID', 'NOs', NULL, NULL, NULL, '2025-07-15 07:18:12', '2025-07-15 07:18:12'),
(2771, 51, 'DE MAGNATIZATION CHARGES', 'NOS', 9.00, 9.00, NULL, '2025-07-15 07:18:12', '2025-07-15 07:18:12'),
(2772, 51, 'DP, MT & HARDNESS TEST', 'NOs', 9.00, 9.00, NULL, '2025-07-15 07:18:12', '2025-07-15 07:18:12'),
(2773, 51, 'FREIGHT PAID', 'NOs', NULL, NULL, NULL, '2025-07-15 07:18:12', '2025-07-15 07:18:12'),
(2774, 51, 'HARD CHROME PLATING', 'NOs', 9.00, 9.00, NULL, '2025-07-15 07:18:12', '2025-07-15 07:18:12'),
(2775, 51, 'ID GRINDING CHARGES', 'NOs', 6.00, 6.00, NULL, '2025-07-15 07:18:12', '2025-07-15 07:18:12'),
(2776, 51, 'LABOUR CHARGES  @6%', 'NOs', 6.00, 6.00, NULL, '2025-07-15 07:18:12', '2025-07-15 07:18:12'),
(2777, 51, 'LABOUR CHARGES  @9%', 'NOs', 9.00, 9.00, NULL, '2025-07-15 07:18:12', '2025-07-15 07:18:12'),
(2778, 51, 'LABOUR CHARGES BEND REMOVING', 'NOs', 6.00, 6.00, NULL, '2025-07-15 07:18:12', '2025-07-15 07:18:12'),
(2779, 51, 'LABOUR CHARGES CUTTING', 'NOs', 6.00, 6.00, NULL, '2025-07-15 07:18:12', '2025-07-15 07:18:12'),
(2780, 51, 'LABOUR CHARGES SPARKING', 'NOs', 6.00, 6.00, NULL, '2025-07-15 07:18:12', '2025-07-15 07:18:12'),
(2781, 51, 'LABOUR GRINDING CHARGES', 'NOs', 6.00, 6.00, NULL, '2025-07-15 07:18:12', '2025-07-15 07:18:12'),
(2782, 51, 'LABOUR MACHINING CHARGES', 'NOs', 6.00, 6.00, NULL, '2025-07-15 07:18:12', '2025-07-15 07:18:12'),
(2783, 51, 'LABOUR SPARKING CHARGES', 'Nos', 6.00, 6.00, NULL, '2025-07-15 07:18:12', '2025-07-15 07:18:12'),
(2784, 51, 'LASER CUTTING', 'NOs', 6.00, 6.00, NULL, '2025-07-15 07:18:12', '2025-07-15 07:18:12'),
(2785, 51, 'LOX FASCILITY CHARGES', 'NOs', 9.00, 9.00, NULL, '2025-07-15 07:18:12', '2025-07-15 07:18:12'),
(2786, 51, 'MAINTANANCE VISIT', 'NOs', NULL, NULL, 18.00, '2025-07-15 07:18:12', '2025-07-15 07:18:12'),
(2787, 51, 'NDT SERVICES MPI & DP INSPECTION', 'NOs', 9.00, 9.00, NULL, '2025-07-15 07:18:12', '2025-07-15 07:18:12'),
(2788, 51, 'NDT SERVICES ULTRASONIC INSPECTION', 'NOs', 9.00, 9.00, NULL, '2025-07-15 07:18:12', '2025-07-15 07:18:12'),
(2789, 51, 'REFILLING OF FIRE EXTINGUISHERS', 'NOs', 9.00, 9.00, NULL, '2025-07-15 07:18:12', '2025-07-15 07:18:12'),
(2790, 51, 'RENTAL ADVANCE', 'NOs', NULL, NULL, NULL, '2025-07-15 07:18:12', '2025-07-15 07:18:12'),
(2791, 51, 'REPAIR CHARGES', 'NOs', 9.00, 9.00, NULL, '2025-07-15 07:18:12', '2025-07-15 07:18:12'),
(2792, 51, 'SEA FREIGHT PAID', 'NOs', NULL, NULL, 18.00, '2025-07-15 07:18:12', '2025-07-15 07:18:12'),
(2793, 51, 'SECURITY SERVICES', 'NOs', NULL, NULL, NULL, '2025-07-15 07:18:12', '2025-07-15 07:18:12'),
(2794, 51, 'SHEET BENDING', 'NOs', 9.00, 9.00, NULL, '2025-07-15 07:18:12', '2025-07-15 07:18:12'),
(2795, 51, 'SHOT BLASTING', 'NOs', 9.00, 9.00, NULL, '2025-07-15 07:18:12', '2025-07-15 07:18:12');
INSERT INTO `stock_items` (`id`, `category_id`, `item_name`, `uom`, `sgst`, `cgst`, `igst`, `created_at`, `updated_at`) VALUES
(2796, 51, 'STRESS RELEIVING & SHOT BLASTING', 'kg', 6.00, 6.00, NULL, '2025-07-15 07:18:12', '2025-07-15 07:18:12'),
(2797, 51, 'STRESS RELIEVING', 'NOs', 6.00, 6.00, NULL, '2025-07-15 07:18:12', '2025-07-15 07:18:12'),
(2798, 51, 'SURFACE GRINDING', 'NOs', 9.00, 9.00, NULL, '2025-07-15 07:18:12', '2025-07-15 07:18:12'),
(2799, 51, 'TESTING CHEMICAL SPECTRO TEST', 'NOs', 9.00, 9.00, NULL, '2025-07-15 07:18:12', '2025-07-15 07:18:12'),
(2800, 51, 'TESTING CMM INSPECTION', 'NOs', 9.00, 9.00, NULL, '2025-07-15 07:18:12', '2025-07-15 07:18:12'),
(2801, 51, 'TESTING HARDNESS TEST', 'NOs', 9.00, 9.00, NULL, '2025-07-15 07:18:12', '2025-07-15 07:18:12'),
(2802, 51, 'TESTING IMPACT TESTS', 'NOs', 9.00, 9.00, NULL, '2025-07-15 07:18:12', '2025-07-15 07:18:12'),
(2803, 51, 'TESTING MAGNETIC PARTICLE INSPECTION', 'NOs', 9.00, 9.00, NULL, '2025-07-15 07:18:12', '2025-07-15 07:18:12'),
(2804, 51, 'TESTING TENSILE TEST', 'NOs', 9.00, 9.00, NULL, '2025-07-15 07:18:12', '2025-07-15 07:18:12'),
(2805, 51, 'TESTING ULTRASONIC INSPECTION', 'NOs', 9.00, 9.00, NULL, '2025-07-15 07:18:12', '2025-07-15 07:18:12'),
(2806, 51, 'THREAD ROLLING M20X100', 'NOs', 9.00, 9.00, NULL, '2025-07-15 07:18:12', '2025-07-15 07:18:12'),
(2807, 51, 'THREAD ROLLING M24X70', 'NOs', 9.00, 9.00, NULL, '2025-07-15 07:18:12', '2025-07-15 07:18:12'),
(2808, 51, 'THREAD ROLLING M24X850', 'NOs', 9.00, 9.00, NULL, '2025-07-15 07:18:12', '2025-07-15 07:18:12'),
(2809, 51, 'THREADED ROD M10X2MTR', 'NOs', 9.00, 9.00, NULL, '2025-07-15 07:18:12', '2025-07-15 07:18:12'),
(2810, 51, 'THREADED ROD M16X1MTR', 'NOs', 9.00, 9.00, NULL, '2025-07-15 07:18:12', '2025-07-15 07:18:12'),
(2811, 51, 'TOWARDS DUE DELIGENCE OG EMBASSY SPRINGS', 'NOs', NULL, NULL, NULL, '2025-07-15 07:18:12', '2025-07-15 07:18:12'),
(2812, 51, 'TRANSFORMER EARTH PIT TESTING CHARGES', 'NOs', 9.00, 9.00, NULL, '2025-07-15 07:18:12', '2025-07-15 07:18:12'),
(2813, 51, 'TRANSFORMER OIL FILTRATION CHARGES', 'NOs', 9.00, 9.00, NULL, '2025-07-15 07:18:12', '2025-07-15 07:18:12'),
(2814, 51, 'ZINC BLUE PLATING', 'NOs', 9.00, 9.00, NULL, '2025-07-15 07:18:12', '2025-07-15 07:18:12'),
(2815, 52, '12\" STEEL RULER', 'NOs', 9.00, 9.00, 18.00, '2025-07-15 07:18:12', '2025-07-15 07:18:12'),
(2816, 52, '6\" STEEL RULER', 'NOs', 9.00, 9.00, NULL, '2025-07-15 07:18:12', '2025-07-15 07:18:12'),
(2817, 52, 'A4 POUCH', 'NOs', 9.00, 9.00, NULL, '2025-07-15 07:18:12', '2025-07-15 07:18:12'),
(2818, 52, 'ALKALINE BATTERY D SIZE', 'NOs', 9.00, 9.00, NULL, '2025-07-15 07:18:12', '2025-07-15 07:18:12'),
(2819, 52, 'APC BATTERY', 'NOs', 9.00, 9.00, NULL, '2025-07-15 07:18:12', '2025-07-15 07:18:12'),
(2820, 52, 'BATTERY 150 Ah MICROTEX', 'NOS', 14.00, 14.00, NULL, '2025-07-15 07:18:12', '2025-07-15 07:18:12'),
(2821, 52, 'BATTERY 2032 MAXELL', 'NOs', 9.00, 9.00, NULL, '2025-07-15 07:18:12', '2025-07-15 07:18:12'),
(2822, 52, 'BATTERY 9V', 'NOs', 9.00, 9.00, NULL, '2025-07-15 07:18:12', '2025-07-15 07:18:12'),
(2823, 52, 'BATTERY 9V HIWATT', 'NOs', 9.00, 9.00, NULL, '2025-07-15 07:18:12', '2025-07-15 07:18:12'),
(2824, 52, 'BATTERY AA', 'NOs', 9.00, 9.00, NULL, '2025-07-15 07:18:12', '2025-07-15 07:18:12'),
(2825, 52, 'BATTERY AAA', 'NOs', 9.00, 9.00, NULL, '2025-07-15 07:18:13', '2025-07-15 07:18:13'),
(2826, 52, 'BATTERY LR 44', 'NOs', 9.00, 9.00, NULL, '2025-07-15 07:18:13', '2025-07-15 07:18:13'),
(2827, 52, 'BATTERY QUANTUM SMF 042AH/12V', 'NOs', 14.00, 14.00, NULL, '2025-07-15 07:18:13', '2025-07-15 07:18:13'),
(2828, 52, 'BINDER CLIP', 'NOs', 9.00, 9.00, NULL, '2025-07-15 07:18:13', '2025-07-15 07:18:13'),
(2829, 52, 'BOX FILE NANDI', 'NOs', 9.00, 9.00, NULL, '2025-07-15 07:18:13', '2025-07-15 07:18:13'),
(2830, 52, 'BOX FILE PVC', 'NOs', 9.00, 9.00, NULL, '2025-07-15 07:18:13', '2025-07-15 07:18:13'),
(2831, 52, 'BOX FILES', 'NOs', 9.00, 9.00, NULL, '2025-07-15 07:18:13', '2025-07-15 07:18:13'),
(2832, 52, 'CARBON PAPER', 'Pkt', 9.00, 9.00, NULL, '2025-07-15 07:18:13', '2025-07-15 07:18:13'),
(2833, 52, 'CHALK PIECE BOX', 'Box', NULL, NULL, NULL, '2025-07-15 07:18:13', '2025-07-15 07:18:13'),
(2834, 52, 'COPIER PAPER 75 GSM A3', 'Pkt', 6.00, 6.00, NULL, '2025-07-15 07:18:13', '2025-07-15 07:18:13'),
(2835, 52, 'COPIER PAPER 75 GSM A4', 'Pkt', 6.00, 6.00, NULL, '2025-07-15 07:18:13', '2025-07-15 07:18:13'),
(2836, 52, 'CORRECTION PEN', 'NOs', 9.00, 9.00, NULL, '2025-07-15 07:18:13', '2025-07-15 07:18:13'),
(2837, 52, 'COTTON THREAD BALL', 'NOs', 2.50, 2.50, NULL, '2025-07-15 07:18:13', '2025-07-15 07:18:13'),
(2838, 52, 'DURACELL AA', 'NOs', 9.00, 9.00, NULL, '2025-07-15 07:18:13', '2025-07-15 07:18:13'),
(2839, 52, 'DUSTER WITH PEN HOLDER', 'NOs', 9.00, 9.00, NULL, '2025-07-15 07:18:13', '2025-07-15 07:18:13'),
(2840, 52, 'EXAM PAD', 'NOs', 6.00, 6.00, NULL, '2025-07-15 07:18:13', '2025-07-15 07:18:13'),
(2841, 52, 'FEVIKWIK 2GM', 'NOs', 9.00, 9.00, NULL, '2025-07-15 07:18:13', '2025-07-15 07:18:13'),
(2842, 52, 'GEM CLIPS', 'NOs', 9.00, 9.00, NULL, '2025-07-15 07:18:13', '2025-07-15 07:18:13'),
(2843, 52, 'GLUE ANABOND', 'NOs', 9.00, 9.00, NULL, '2025-07-15 07:18:13', '2025-07-15 07:18:13'),
(2844, 52, 'GLUE ARALDITE', 'NOs', 9.00, 9.00, NULL, '2025-07-15 07:18:13', '2025-07-15 07:18:13'),
(2845, 52, 'GLUE FEVI KWIK', 'NOs', 9.00, 9.00, NULL, '2025-07-15 07:18:13', '2025-07-15 07:18:13'),
(2846, 52, 'GLUE FEVI KWIK 5G', 'NOs', 9.00, 9.00, NULL, '2025-07-15 07:18:13', '2025-07-15 07:18:13'),
(2847, 52, 'GLUE FEVISTIC', 'NOs', 9.00, 9.00, NULL, '2025-07-15 07:18:13', '2025-07-15 07:18:13'),
(2848, 52, 'GLUE M SEAL PHATAPHAT 1KG', 'NOs', 9.00, 9.00, NULL, '2025-07-15 07:18:13', '2025-07-15 07:18:13'),
(2849, 52, 'GLUE PASTE 150ML', 'NOs', 9.00, 9.00, NULL, '2025-07-15 07:18:13', '2025-07-15 07:18:13'),
(2850, 52, 'GLUE STICK', 'NOs', 9.00, 9.00, NULL, '2025-07-15 07:18:13', '2025-07-15 07:18:13'),
(2851, 52, 'HIGHLIGHTER PEN', 'NOs', 9.00, 9.00, NULL, '2025-07-15 07:18:13', '2025-07-15 07:18:13'),
(2852, 52, 'JOTTER PEN', 'NOs', 9.00, 9.00, NULL, '2025-07-15 07:18:13', '2025-07-15 07:18:13'),
(2853, 52, 'JUMP CLIPS', 'NOs', 9.00, 9.00, NULL, '2025-07-15 07:18:13', '2025-07-15 07:18:13'),
(2854, 52, 'LINE DHORI', 'NOs', 9.00, 9.00, NULL, '2025-07-15 07:18:13', '2025-07-15 07:18:13'),
(2855, 52, 'LOCTITE 242', 'NOs', 9.00, 9.00, NULL, '2025-07-15 07:18:13', '2025-07-15 07:18:13'),
(2856, 52, 'LONG BOOK 100 PAGES', 'NOs', 6.00, 6.00, NULL, '2025-07-15 07:18:13', '2025-07-15 07:18:13'),
(2857, 52, 'LONG BOOK 200 PAGES', 'NOs', 6.00, 6.00, NULL, '2025-07-15 07:18:13', '2025-07-15 07:18:13'),
(2858, 52, 'M SEAL', 'NOs', 9.00, 9.00, NULL, '2025-07-15 07:18:13', '2025-07-15 07:18:13'),
(2859, 52, 'MARKER PEN DVD', 'NOs', 9.00, 9.00, NULL, '2025-07-15 07:18:13', '2025-07-15 07:18:13'),
(2860, 52, 'MARKING THREAD', 'NOs', 9.00, 9.00, NULL, '2025-07-15 07:18:13', '2025-07-15 07:18:13'),
(2861, 52, 'ORD. PEN', 'NOs', 9.00, 9.00, NULL, '2025-07-15 07:18:13', '2025-07-15 07:18:13'),
(2862, 52, 'PADLOCK 40MM', 'NOs', 9.00, 9.00, NULL, '2025-07-15 07:18:13', '2025-07-15 07:18:13'),
(2863, 52, 'PADLOCK 50MM', 'NOs', 9.00, 9.00, NULL, '2025-07-15 07:18:13', '2025-07-15 07:18:13'),
(2864, 52, 'PAPER CLIPS', 'NOs', 9.00, 9.00, NULL, '2025-07-15 07:18:13', '2025-07-15 07:18:13'),
(2865, 52, 'PAPER CUP', 'NOs', 9.00, 9.00, NULL, '2025-07-15 07:18:13', '2025-07-15 07:18:13'),
(2866, 52, 'PAPER NOTE BOOK', 'NOs', 6.00, 6.00, NULL, '2025-07-15 07:18:13', '2025-07-15 07:18:13'),
(2867, 52, 'PEN', 'NOs', 9.00, 9.00, NULL, '2025-07-15 07:18:13', '2025-07-15 07:18:13'),
(2868, 52, 'PEN STAND', 'NOs', 9.00, 9.00, NULL, '2025-07-15 07:18:13', '2025-07-15 07:18:13'),
(2869, 52, 'PENCIL', 'NOs', 6.00, 6.00, NULL, '2025-07-15 07:18:13', '2025-07-15 07:18:13'),
(2870, 52, 'PENCIL CARBON', 'NOs', 9.00, 9.00, NULL, '2025-07-15 07:18:13', '2025-07-15 07:18:13'),
(2871, 52, 'PENCILS', 'NOs', 6.00, 6.00, NULL, '2025-07-15 07:18:13', '2025-07-15 07:18:13'),
(2872, 52, 'PENS', 'NOs', 9.00, 9.00, NULL, '2025-07-15 07:18:13', '2025-07-15 07:18:13'),
(2873, 52, 'PERMANENT MARKER PEN', 'NOs', 9.00, 9.00, NULL, '2025-07-15 07:18:13', '2025-07-15 07:18:13'),
(2874, 52, 'PERSIAN BLUE', 'NOs', 9.00, 9.00, NULL, '2025-07-15 07:18:13', '2025-07-15 07:18:13'),
(2875, 52, 'PHOTO GLOSSY PAPER', 'NOs', 9.00, 9.00, NULL, '2025-07-15 07:18:13', '2025-07-15 07:18:13'),
(2876, 52, 'POLYTHENE BAG 36 VCI YELLOW', 'NOs', 9.00, 9.00, NULL, '2025-07-15 07:18:13', '2025-07-15 07:18:13'),
(2877, 52, 'POLYTHENE BAGS', 'Kgs', 9.00, 9.00, NULL, '2025-07-15 07:18:13', '2025-07-15 07:18:13'),
(2878, 52, 'POLYTHENE BAGS 12X18', 'Kgs', 9.00, 9.00, NULL, '2025-07-15 07:18:13', '2025-07-15 07:18:13'),
(2879, 52, 'POLYTHENE COVER A2', 'Kgs', 9.00, 9.00, NULL, '2025-07-15 07:18:13', '2025-07-15 07:18:13'),
(2880, 52, 'POLYTHENE COVER A3 COVER', 'KG', 9.00, 9.00, NULL, '2025-07-15 07:18:13', '2025-07-15 07:18:13'),
(2881, 52, 'POLYTHENE COVER A4', 'Kgs', 9.00, 9.00, NULL, '2025-07-15 07:18:13', '2025-07-15 07:18:13'),
(2882, 52, 'POLYTHENE COVER A4 COVER', 'KG', 9.00, 9.00, NULL, '2025-07-15 07:18:13', '2025-07-15 07:18:13'),
(2883, 52, 'PUNCHING MACHINE KANGAROO NO 480', 'NOS', 9.00, 9.00, NULL, '2025-07-15 07:18:13', '2025-07-15 07:18:13'),
(2884, 52, 'REGISTER 3 QR RULED', 'NOs', 9.00, 9.00, NULL, '2025-07-15 07:18:13', '2025-07-15 07:18:13'),
(2885, 52, 'REGISTER SD : 1Q', 'NOs', 9.00, 9.00, NULL, '2025-07-15 07:18:13', '2025-07-15 07:18:13'),
(2886, 52, 'REGISTER SD : 2Q', 'NOs', 9.00, 9.00, NULL, '2025-07-15 07:18:13', '2025-07-15 07:18:13'),
(2887, 52, 'REGISTER SD : 3Q', 'NOs', 9.00, 9.00, NULL, '2025-07-15 07:18:13', '2025-07-15 07:18:13'),
(2888, 52, 'REGISTER SD : 4Q', 'NOs', 9.00, 9.00, NULL, '2025-07-15 07:18:13', '2025-07-15 07:18:13'),
(2889, 52, 'ROPE', 'kg', 6.00, 6.00, NULL, '2025-07-15 07:18:13', '2025-07-15 07:18:13'),
(2890, 52, 'RUBBER BAND', 'pkt', 6.00, 6.00, NULL, '2025-07-15 07:18:13', '2025-07-15 07:18:13'),
(2891, 52, 'SAFETY PAD LOCKS', 'NOs', 9.00, 9.00, NULL, '2025-07-15 07:18:13', '2025-07-15 07:18:13'),
(2892, 52, 'SAFETY PADLOCK', 'NOs', 9.00, 9.00, NULL, '2025-07-15 07:18:13', '2025-07-15 07:18:13'),
(2893, 52, 'SLATE PENCILS', 'NOs', 0.00, 0.00, NULL, '2025-07-15 07:18:13', '2025-07-15 07:18:13'),
(2894, 52, 'STAMP PAD', 'NOs', 9.00, 9.00, NULL, '2025-07-15 07:18:13', '2025-07-15 07:18:13'),
(2895, 52, 'STAMP PAD INK', 'NOs', 9.00, 9.00, NULL, '2025-07-15 07:18:13', '2025-07-15 07:18:13'),
(2896, 52, 'STAPPLER', 'NOs', 9.00, 9.00, NULL, '2025-07-15 07:18:13', '2025-07-15 07:18:13'),
(2897, 52, 'STAPPLER PIN', 'NOs', 9.00, 9.00, NULL, '2025-07-15 07:18:13', '2025-07-15 07:18:13'),
(2898, 52, 'STAPPLER PINS NO10', 'NOs', 9.00, 9.00, NULL, '2025-07-15 07:18:13', '2025-07-15 07:18:13'),
(2899, 52, 'STEEL RULER 12\"', 'NOs', 9.00, 9.00, NULL, '2025-07-15 07:18:13', '2025-07-15 07:18:13'),
(2900, 52, 'THERMOPEN 100', 'NOs', 9.00, 9.00, NULL, '2025-07-15 07:18:13', '2025-07-15 07:18:13'),
(2901, 52, 'THERMOPEN 150', 'NOs', 9.00, 9.00, NULL, '2025-07-15 07:18:13', '2025-07-15 07:18:13'),
(2902, 52, 'THERMOPEN 200', 'NOs', 9.00, 9.00, NULL, '2025-07-15 07:18:13', '2025-07-15 07:18:13'),
(2903, 52, 'THERMOPEN 250', 'NOs', 9.00, 9.00, NULL, '2025-07-15 07:18:13', '2025-07-15 07:18:13'),
(2904, 52, 'W BOARD MARKER', 'NOs', 9.00, 9.00, NULL, '2025-07-15 07:18:13', '2025-07-15 07:18:13'),
(2905, 53, 'MAGNAFLUX CLEANER', 'NOs', 9.00, 9.00, NULL, '2025-07-15 07:18:13', '2025-07-15 07:18:13'),
(2906, 53, 'MAGNAFLUX DEVELOPER', 'NOs', 9.00, 9.00, NULL, '2025-07-15 07:18:13', '2025-07-15 07:18:13'),
(2907, 53, 'MAGNAFLUX PENETRANT', 'NOs', 9.00, 9.00, NULL, '2025-07-15 07:18:13', '2025-07-15 07:18:13'),
(2908, 53, 'NOTCH MAKING FOR IMPACT TEST', 'NOs', 9.00, 9.00, NULL, '2025-07-15 07:18:13', '2025-07-15 07:18:13'),
(2909, 53, 'SPECTRO CHEMICAL TEST', 'NOs', 9.00, 9.00, NULL, '2025-07-15 07:18:13', '2025-07-15 07:18:13'),
(2910, 54, 'BAND SAW BLADE BIPICO M42 4860X34X1.1 3~4', 'NOs', 9.00, 9.00, NULL, '2025-07-15 07:18:13', '2025-07-15 07:18:13'),
(2911, 54, 'BOARING BAR', 'NOS', 9.00, 9.00, NULL, '2025-07-15 07:18:13', '2025-07-15 07:18:13'),
(2912, 54, 'BOSCH MULTI CUTTER BLADE', 'NOs', 9.00, 9.00, NULL, '2025-07-15 07:18:13', '2025-07-15 07:18:13'),
(2913, 54, 'CARTRIDGE INNER deep hole cutter left', 'NOs', 9.00, 9.00, NULL, '2025-07-15 07:18:13', '2025-07-15 07:18:13'),
(2914, 54, 'CARTRIDGE OUTER  deep hole cutter left', 'NOs', 9.00, 9.00, NULL, '2025-07-15 07:18:13', '2025-07-15 07:18:13'),
(2915, 54, 'CHAMPER TOOL  TC16-C0-25-110-1T', 'NOs', 9.00, 9.00, NULL, '2025-07-15 07:18:13', '2025-07-15 07:18:13'),
(2916, 54, 'CHAMPER TOOL  TC20 45DEG', 'NOs', 9.00, 9.00, NULL, '2025-07-15 07:18:13', '2025-07-15 07:18:13'),
(2917, 54, 'DEEP DRILL ARBOUR KOREA TECHNIK', 'NOs', NULL, NULL, NULL, '2025-07-15 07:18:13', '2025-07-15 07:18:13'),
(2918, 54, 'DEEP DRILL COUPLING KOREA TECHNIK', 'NOs', NULL, NULL, NULL, '2025-07-15 07:18:13', '2025-07-15 07:18:13'),
(2919, 54, 'DEEP HOLE DRILL SCREWS', 'NOs', NULL, NULL, 18.00, '2025-07-15 07:18:13', '2025-07-15 07:18:13'),
(2920, 54, 'DRILL HSS M12X1.25X75', 'NOs', 9.00, 9.00, NULL, '2025-07-15 07:18:13', '2025-07-15 07:18:13'),
(2921, 54, 'DRILLBIT HSS 15.5', 'NOs', 9.00, 9.00, NULL, '2025-07-15 07:18:13', '2025-07-15 07:18:13'),
(2922, 54, 'DRILLBIT HSS 19.00X252X350', 'NOs', 9.00, 9.00, NULL, '2025-07-15 07:18:13', '2025-07-15 07:18:13'),
(2923, 54, 'DRILLBIT HSS 6.7', 'NOs', 9.00, 9.00, NULL, '2025-07-15 07:18:13', '2025-07-15 07:18:13'),
(2924, 54, 'DRILLBITS HSS', 'NOs', 9.00, 9.00, NULL, '2025-07-15 07:18:13', '2025-07-15 07:18:13'),
(2925, 54, 'HAMMER', 'NOs', 9.00, 9.00, NULL, '2025-07-15 07:18:13', '2025-07-15 07:18:13'),
(2926, 54, 'INSERT AVGT060308', 'NOs', 9.00, 9.00, NULL, '2025-07-15 07:18:13', '2025-07-15 07:18:13'),
(2927, 54, 'INSERT AVGT060308PBER-MJAH120', 'NOs', 9.00, 9.00, NULL, '2025-07-15 07:18:13', '2025-07-15 07:18:13'),
(2928, 54, 'INSERT AVMT120408', 'NOs', 9.00, 9.00, NULL, '2025-07-15 07:18:13', '2025-07-15 07:18:13'),
(2929, 54, 'INSERT AVMT120408PDER-MMAH3225', 'NOs', 9.00, 9.00, NULL, '2025-07-15 07:18:13', '2025-07-15 07:18:13'),
(2930, 54, 'INSERT CCMT09T308', 'NOS', 9.00, 9.00, NULL, '2025-07-15 07:18:13', '2025-07-15 07:18:13'),
(2931, 54, 'INSERT CNMG160408', 'NOs', 9.00, 9.00, NULL, '2025-07-15 07:18:13', '2025-07-15 07:18:13'),
(2932, 54, 'INSERT CNMG190612', 'NOs', 9.00, 9.00, NULL, '2025-07-15 07:18:13', '2025-07-15 07:18:13'),
(2933, 54, 'INSERT DCMT11T304GP PV7025', 'NOs', 9.00, 9.00, NULL, '2025-07-15 07:18:13', '2025-07-15 07:18:13'),
(2934, 54, 'INSERT DCMT11T304XP PV720', 'NOs', 9.00, 9.00, NULL, '2025-07-15 07:18:13', '2025-07-15 07:18:13'),
(2935, 54, 'INSERT GUN DRILL INSERTS -151H-0024-TC', 'NOs', 9.00, 9.00, NULL, '2025-07-15 07:18:13', '2025-07-15 07:18:13'),
(2936, 54, 'INSERT PENTA 24n 200J020 IC908', 'NOs', 9.00, 9.00, NULL, '2025-07-15 07:18:13', '2025-07-15 07:18:13'),
(2937, 54, 'INSERT PENTAX 3.0HP MONOBLOCK 350 C.HT', 'NOs', 9.00, 9.00, NULL, '2025-07-15 07:18:13', '2025-07-15 07:18:13'),
(2938, 54, 'INSERT POMG130612-MNWT9215 10 CORNER INSERT', 'NOs', NULL, NULL, NULL, '2025-07-15 07:18:13', '2025-07-15 07:18:13'),
(2939, 54, 'INSERT RCMT 1606EN', 'NOs', 9.00, 9.00, NULL, '2025-07-15 07:18:13', '2025-07-15 07:18:13'),
(2940, 54, 'INSERT RCMT0803 MO YG801', 'NOs', 9.00, 9.00, NULL, '2025-07-15 07:18:13', '2025-07-15 07:18:13'),
(2941, 54, 'INSERT RDKW1204M0 YBG202', 'NOs', 9.00, 9.00, NULL, '2025-07-15 07:18:13', '2025-07-15 07:18:13'),
(2942, 54, 'INSERT RDMT 16 WSM 35S INSERTS', 'NOs', 9.00, 9.00, NULL, '2025-07-15 07:18:13', '2025-07-15 07:18:13'),
(2943, 54, 'INSERT RPMT 1204 MOE JS VP 15TF', 'NOs', 9.00, 9.00, NULL, '2025-07-15 07:18:13', '2025-07-15 07:18:13'),
(2944, 54, 'INSERT TCMT 090204 HQ CJ225P', 'NOs', 9.00, 9.00, NULL, '2025-07-15 07:18:13', '2025-07-15 07:18:13'),
(2945, 54, 'INSERT TDC2 TT9030-TT', 'NOs', 9.00, 9.00, NULL, '2025-07-15 07:18:13', '2025-07-15 07:18:13'),
(2946, 54, 'INSERT TDT 3E -1.5RU TT9030', 'NOs', 9.00, 9.00, NULL, '2025-07-15 07:18:13', '2025-07-15 07:18:13'),
(2947, 54, 'INSERT TDXU 4E 0.4 TT9030', 'NOs', 9.00, 9.00, NULL, '2025-07-15 07:18:13', '2025-07-15 07:18:13'),
(2948, 54, 'INSERT WCMT 06', 'NOs', 9.00, 9.00, NULL, '2025-07-15 07:18:13', '2025-07-15 07:18:13'),
(2949, 54, 'INSERTS 22ER 5.0TR LG 1535', 'NOs', 9.00, 9.00, NULL, '2025-07-15 07:18:13', '2025-07-15 07:18:13'),
(2950, 54, 'INSERTS LNMU0202ZER', 'NOs', 9.00, 9.00, NULL, '2025-07-15 07:18:13', '2025-07-15 07:18:13'),
(2951, 54, 'INSERTS POMG130612 10 CORNER', 'NOs', 9.00, 9.00, NULL, '2025-07-15 07:18:13', '2025-07-15 07:18:13'),
(2952, 54, 'INSERTS TCMT090204HQ', 'NOs', 9.00, 9.00, NULL, '2025-07-15 07:18:13', '2025-07-15 07:18:13'),
(2953, 54, 'INSERTS TCMT16T304HQ', 'NOs', 9.00, 9.00, NULL, '2025-07-15 07:18:13', '2025-07-15 07:18:13'),
(2954, 54, 'M5X12.5 CENTRE DRILL', 'NOs', 9.00, 9.00, NULL, '2025-07-15 07:18:13', '2025-07-15 07:18:13'),
(2955, 54, 'MARBLE DRILL BIT 1\"', 'NOs', 9.00, 9.00, NULL, '2025-07-15 07:18:13', '2025-07-15 07:18:13'),
(2956, 54, 'MARBLE DRILL BIT 11/2\"', 'NOs', 9.00, 9.00, NULL, '2025-07-15 07:18:13', '2025-07-15 07:18:13'),
(2957, 54, 'PLD 1645TIN CENTRE DRILL', 'NOs', 9.00, 9.00, NULL, '2025-07-15 07:18:13', '2025-07-15 07:18:13'),
(2958, 54, 'PLD 2045TIN CENTRE DRILL', 'NOs', 9.00, 9.00, NULL, '2025-07-15 07:18:13', '2025-07-15 07:18:13'),
(2959, 54, 'PLD-1645TIN-H CENTRE FOR KORIA TECHNIQ DRILL', 'NOs', 9.00, 9.00, NULL, '2025-07-15 07:18:13', '2025-07-15 07:18:13'),
(2960, 54, 'REAMER HSS', 'NOs', 9.00, 9.00, NULL, '2025-07-15 07:18:13', '2025-07-15 07:18:13'),
(2961, 54, 'REAMER HSS 1/4\"', 'NOs', 9.00, 9.00, NULL, '2025-07-15 07:18:13', '2025-07-15 07:18:13'),
(2962, 54, 'SDMT1204AFPN-MJAH120 face mill cutter', 'NOs', 9.00, 9.00, NULL, '2025-07-15 07:18:13', '2025-07-15 07:18:13'),
(2963, 54, 'SPRING FILE', 'NOs', 9.00, 9.00, NULL, '2025-07-15 07:18:13', '2025-07-15 07:18:13'),
(2964, 54, 'STAR BIT', 'NOs', 9.00, 9.00, NULL, '2025-07-15 07:18:13', '2025-07-15 07:18:13'),
(2965, 54, 'STEEL KNIFE', 'NOs', 9.00, 9.00, NULL, '2025-07-15 07:18:13', '2025-07-15 07:18:13'),
(2966, 54, 'TAP HSS 1/4UNC', 'NOs', 9.00, 9.00, NULL, '2025-07-15 07:18:13', '2025-07-15 07:18:13'),
(2967, 54, 'TAP HSS 16X2', 'NOs', 9.00, 9.00, NULL, '2025-07-15 07:18:13', '2025-07-15 07:18:13'),
(2968, 54, 'TAP HSS 18X2.5', 'NOs', 9.00, 9.00, NULL, '2025-07-15 07:18:13', '2025-07-15 07:18:13'),
(2969, 54, 'TAP HSS 20X2.5', 'NOs', 9.00, 9.00, NULL, '2025-07-15 07:18:13', '2025-07-15 07:18:13'),
(2970, 54, 'TAP SLEEVE MT3', 'NOs', 9.00, 9.00, NULL, '2025-07-15 07:18:13', '2025-07-15 07:18:13'),
(2971, 54, 'TAPS 1\" UNC T HSS', 'NOs', 9.00, 9.00, NULL, '2025-07-15 07:18:13', '2025-07-15 07:18:13'),
(2972, 54, 'TAPS 1/2 X UNC T HSS', 'NOs', 9.00, 9.00, NULL, '2025-07-15 07:18:13', '2025-07-15 07:18:13'),
(2973, 54, 'TAPS 1/8 BSP  T HSS', 'NOs', 9.00, 9.00, NULL, '2025-07-15 07:18:13', '2025-07-15 07:18:13'),
(2974, 54, 'TAPS 3/4 X UNC T HSS', 'NOs', 9.00, 9.00, NULL, '2025-07-15 07:18:13', '2025-07-15 07:18:13'),
(2975, 54, 'TAPS 5/16 X UNC T HSS', 'NOs', 9.00, 9.00, NULL, '2025-07-15 07:18:13', '2025-07-15 07:18:13'),
(2976, 54, 'TAPS 5/8 X UNC T HSS', 'NOs', 9.00, 9.00, NULL, '2025-07-15 07:18:13', '2025-07-15 07:18:13'),
(2977, 54, 'TAPS M10 X 1.5', 'NOs', 9.00, 9.00, NULL, '2025-07-15 07:18:13', '2025-07-15 07:18:13'),
(2978, 54, 'TAPS M12 X 1.75', 'NOs', 9.00, 9.00, NULL, '2025-07-15 07:18:13', '2025-07-15 07:18:13'),
(2979, 54, 'TAPS M16X2', 'NOs', 9.00, 9.00, NULL, '2025-07-15 07:18:13', '2025-07-15 07:18:13'),
(2980, 54, 'TAPS M24 X 2.5', 'NOs', 9.00, 9.00, NULL, '2025-07-15 07:18:13', '2025-07-15 07:18:13'),
(2981, 54, 'TAPS M24 X 3', 'NOs', 9.00, 9.00, NULL, '2025-07-15 07:18:13', '2025-07-15 07:18:13'),
(2982, 54, 'TAPS M30 X 3.5', 'NOs', 9.00, 9.00, NULL, '2025-07-15 07:18:13', '2025-07-15 07:18:13'),
(2983, 54, 'TAPS M4 X 0.7 T HSS', 'NOs', 9.00, 9.00, NULL, '2025-07-15 07:18:13', '2025-07-15 07:18:13'),
(2984, 54, 'TAPS M42 X 3', 'NOs', 9.00, 9.00, NULL, '2025-07-15 07:18:13', '2025-07-15 07:18:13'),
(2985, 54, 'TAPS M6X1 T HSS', 'NOs', 9.00, 9.00, NULL, '2025-07-15 07:18:13', '2025-07-15 07:18:13'),
(2986, 54, 'TAPS M8 X 0.8 T HSS', 'NOs', 9.00, 9.00, NULL, '2025-07-15 07:18:13', '2025-07-15 07:18:13'),
(2987, 54, 'TAPS M8X1.25 T HSS', 'NOs', 9.00, 9.00, NULL, '2025-07-15 07:18:13', '2025-07-15 07:18:13'),
(2988, 54, 'TC BURR TOOL C4', 'NOs', 9.00, 9.00, NULL, '2025-07-15 07:18:13', '2025-07-15 07:18:13'),
(2989, 54, 'TIN CUTTER', 'NOs', 9.00, 9.00, NULL, '2025-07-15 07:18:13', '2025-07-15 07:18:13'),
(2990, 54, 'TIP CUTTER', 'NOs', 9.00, 9.00, NULL, '2025-07-15 07:18:13', '2025-07-15 07:18:13'),
(2991, 54, 'TOOL GRINDING 20X20 HSS SQ BAR', 'Nos', 6.00, 6.00, NULL, '2025-07-15 07:18:13', '2025-07-15 07:18:13'),
(2992, 54, 'TOOL HOLDER SIR 0025 M22', 'NOs', 9.00, 9.00, NULL, '2025-07-15 07:18:13', '2025-07-15 07:18:13'),
(2993, 54, 'TOOLS 14 T SLOT CUTTER', 'NOs', 9.00, 9.00, NULL, '2025-07-15 07:18:13', '2025-07-15 07:18:13'),
(2994, 54, 'TOOLS 5\" WOOD CUTTER BLADE', 'NOs', 9.00, 9.00, NULL, '2025-07-15 07:18:13', '2025-07-15 07:18:13'),
(2995, 54, 'TOOLS BAND SAW BLADE ROLL', 'NOs', 9.00, 9.00, NULL, '2025-07-15 07:18:13', '2025-07-15 07:18:13'),
(2996, 54, 'TOOLS BIMETAL BAND SAW BLADE', 'NOs', 9.00, 9.00, NULL, '2025-07-15 07:18:13', '2025-07-15 07:18:13'),
(2997, 54, 'TOOLS BLADE', 'NOs', 9.00, 9.00, NULL, '2025-07-15 07:18:13', '2025-07-15 07:18:13'),
(2998, 54, 'TOOLS CENTRE BIT 32', 'NOs', 9.00, 9.00, NULL, '2025-07-15 07:18:13', '2025-07-15 07:18:13'),
(2999, 54, 'TOOLS CENTRE BIT 42', 'NOs', 9.00, 9.00, NULL, '2025-07-15 07:18:13', '2025-07-15 07:18:13'),
(3000, 54, 'TOOLS CENTRE BIT DIA8/DIA36-115DEG', 'NOs', 9.00, 9.00, NULL, '2025-07-15 07:18:13', '2025-07-15 07:18:13'),
(3001, 54, 'TOOLS CENTRE BIT MT4', 'NOs', 9.00, 9.00, NULL, '2025-07-15 07:18:13', '2025-07-15 07:18:13'),
(3002, 54, 'TOOLS CENTRE BIT S20 DIA36 HSS SPL', 'NOs', 9.00, 9.00, NULL, '2025-07-15 07:18:13', '2025-07-15 07:18:13'),
(3003, 54, 'TOOLS CENTRE DRILL DOUBLE END', 'NOs', 9.00, 9.00, NULL, '2025-07-15 07:18:13', '2025-07-15 07:18:13'),
(3004, 54, 'TOOLS COROMILL 390 MILLING CUTTER', 'NOs', 9.00, 9.00, 18.00, '2025-07-15 07:18:13', '2025-07-15 07:18:13'),
(3005, 54, 'TOOLS COROMILL 390R-070204E-PL 1130  MILLING INSERTD', 'NOs', 9.00, 9.00, NULL, '2025-07-15 07:18:13', '2025-07-15 07:18:13'),
(3006, 54, 'TOOLS DEAD CENTRE BIT', 'NOs', 9.00, 9.00, NULL, '2025-07-15 07:18:13', '2025-07-15 07:18:13'),
(3007, 54, 'TOOLS DEEP HOLE DRILLING CARTRIDGE', 'NOs', 9.00, 9.00, NULL, '2025-07-15 07:18:13', '2025-07-15 07:18:13'),
(3008, 54, 'TOOLS DIA 250 CNMG19 OTH Z8 CUTTER LH', 'NOs', 9.00, 9.00, NULL, '2025-07-15 07:18:13', '2025-07-15 07:18:13'),
(3009, 54, 'TOOLS DIA 250 CNMG19 OTH Z8 CUTTER RH', 'NOs', 9.00, 9.00, 18.00, '2025-07-15 07:18:13', '2025-07-15 07:18:13'),
(3010, 54, 'TOOLS DIAMOND DRESSER  1.5 Ct', 'NOs', 9.00, 9.00, NULL, '2025-07-15 07:18:13', '2025-07-15 07:18:13'),
(3011, 54, 'TOOLS DRILL 25mm SHANK DEEP HOLE GUN DRILL 27010S-25FM', 'NOs', 9.00, 9.00, NULL, '2025-07-15 07:18:13', '2025-07-15 07:18:13'),
(3012, 54, 'TOOLS DRILL 25mm SHANK DEEP HOLE GUN DRILL HTA1A12-25FM', 'NOs', 9.00, 9.00, NULL, '2025-07-15 07:18:13', '2025-07-15 07:18:13'),
(3013, 54, 'TOOLS DRILL 25mm SHANK PILOT HOLE GUN DRILL 22010S-25FM', 'NOs', 9.00, 9.00, NULL, '2025-07-15 07:18:13', '2025-07-15 07:18:13'),
(3014, 54, 'TOOLS DRILL BIT HSS', 'NOs', 9.00, 9.00, NULL, '2025-07-15 07:18:13', '2025-07-15 07:18:13'),
(3015, 54, 'TOOLS DRILL HEAD', 'NOs', 9.00, 9.00, NULL, '2025-07-15 07:18:13', '2025-07-15 07:18:13'),
(3016, 54, 'TOOLS EPAV12MO16C16.0R03 AVMT CUTTER', 'NOs', 9.00, 9.00, NULL, '2025-07-15 07:18:13', '2025-07-15 07:18:13'),
(3017, 54, 'TOOLS ERP6R32D25D250L2T CUTTER', 'NOs', 9.00, 9.00, NULL, '2025-07-15 07:18:13', '2025-07-15 07:18:13'),
(3018, 54, 'TOOLS EXN 02R012M12.0 HOLDER', 'NOs', 9.00, 9.00, NULL, '2025-07-15 07:18:13', '2025-07-15 07:18:13'),
(3019, 54, 'TOOLS H63TH-EV2525L-112 TURNING TOOL HOLDER MITSUBISHI', 'NOs', 9.00, 9.00, NULL, '2025-07-15 07:18:13', '2025-07-15 07:18:13'),
(3020, 54, 'TOOLS HSS DRILL', 'NOs', 9.00, 9.00, NULL, '2025-07-15 07:18:13', '2025-07-15 07:18:13'),
(3021, 54, 'TOOLS HSS DRILL 10.7mm A', 'NOs', 9.00, 9.00, NULL, '2025-07-15 07:18:13', '2025-07-15 07:18:13'),
(3022, 54, 'TOOLS HSS DRILL 15mm A', 'NOs', 9.00, 9.00, NULL, '2025-07-15 07:18:13', '2025-07-15 07:18:13'),
(3023, 54, 'TOOLS HSS DRILL 16.75mm A', 'NOs', 9.00, 9.00, NULL, '2025-07-15 07:18:13', '2025-07-15 07:18:13'),
(3024, 54, 'TOOLS HSS DRILL 2.4mm A', 'NOs', 9.00, 9.00, NULL, '2025-07-15 07:18:13', '2025-07-15 07:18:13'),
(3025, 54, 'TOOLS HSS DRILL 3.2mm A', 'NOs', 9.00, 9.00, NULL, '2025-07-15 07:18:13', '2025-07-15 07:18:13'),
(3026, 54, 'TOOLS HSS DRILL 4.2mm A', 'NOs', 9.00, 9.00, NULL, '2025-07-15 07:18:13', '2025-07-15 07:18:13'),
(3027, 54, 'TOOLS HSS DRILL 5mm A', 'NOs', 9.00, 9.00, NULL, '2025-07-15 07:18:13', '2025-07-15 07:18:13'),
(3028, 54, 'TOOLS HSS DRILL 6.3mm A', 'NOs', 9.00, 9.00, NULL, '2025-07-15 07:18:13', '2025-07-15 07:18:13'),
(3029, 54, 'TOOLS HSS DRILL 6.8mm A', 'NOs', 9.00, 9.00, NULL, '2025-07-15 07:18:13', '2025-07-15 07:18:13'),
(3030, 54, 'TOOLS HSS DRILL 6mm A', 'NOs', 9.00, 9.00, NULL, '2025-07-15 07:18:13', '2025-07-15 07:18:13'),
(3031, 54, 'TOOLS HSS DRILL 7/8\" 22.25mm', 'NOs', 9.00, 9.00, NULL, '2025-07-15 07:18:13', '2025-07-15 07:18:13'),
(3032, 54, 'TOOLS HSS DRILL 8.5mm A', 'NOs', 9.00, 9.00, NULL, '2025-07-15 07:18:13', '2025-07-15 07:18:13'),
(3033, 54, 'TOOLS HSS DRILL 9.3mm A', 'NOs', 9.00, 9.00, NULL, '2025-07-15 07:18:13', '2025-07-15 07:18:13'),
(3034, 54, 'TOOLS HSS DRILL 9mm A', 'NOs', 9.00, 9.00, NULL, '2025-07-15 07:18:13', '2025-07-15 07:18:13'),
(3035, 54, 'TOOLS HSS FLAT TOOL 1/8 X 3/4 X 6', 'NOs', 9.00, 9.00, NULL, '2025-07-15 07:18:13', '2025-07-15 07:18:13'),
(3036, 54, 'TOOLS HSS T/S DRILL 35.0MM A', 'NOs', 9.00, 9.00, NULL, '2025-07-15 07:18:13', '2025-07-15 07:18:13'),
(3037, 54, 'TOOLS OD BURNISHING TOOL', 'NOs', 9.00, 9.00, NULL, '2025-07-15 07:18:13', '2025-07-15 07:18:13'),
(3038, 54, 'TOOLS PLASTIC EMPTY BOX', 'NOs', NULL, NULL, NULL, '2025-07-15 07:18:13', '2025-07-15 07:18:13'),
(3039, 54, 'TOOLS PPXOL3232P13 - HF 10 CORNER TOOL HOLDER', 'NOs', 9.00, 9.00, NULL, '2025-07-15 07:18:13', '2025-07-15 07:18:13'),
(3040, 54, 'TOOLS PPXOR3232P13 - HF 10 CORNER TOOL HOLDER', 'NOs', 9.00, 9.00, NULL, '2025-07-15 07:18:13', '2025-07-15 07:18:13'),
(3041, 54, 'TOOLS RCMT 1606EN NMJAH725 J1H6 120 cutter', 'NOs', 9.00, 9.00, NULL, '2025-07-15 07:18:13', '2025-07-15 07:18:13'),
(3042, 54, 'TOOLS RCMT 1606EN NMJAH725 P1N5 120 cutter', 'NOs', 9.00, 9.00, NULL, '2025-07-15 07:18:13', '2025-07-15 07:18:13'),
(3043, 54, 'TOOLS S20 DIA17.8 WL-40 CUTTER', 'NOs', 9.00, 9.00, NULL, '2025-07-15 07:18:13', '2025-07-15 07:18:13'),
(3044, 54, 'TOOLS S20 DIA18 BRAZED CUTTER', 'NOs', 9.00, 9.00, NULL, '2025-07-15 07:18:13', '2025-07-15 07:18:13'),
(3045, 54, 'TOOLS S40T BCLNL M12', 'NOs', 9.00, 9.00, NULL, '2025-07-15 07:18:13', '2025-07-15 07:18:13'),
(3046, 54, 'TOOLS S40T SDUCL M11', 'NOs', 9.00, 9.00, NULL, '2025-07-15 07:18:13', '2025-07-15 07:18:13'),
(3047, 54, 'TOOLS S40T TTIR M4 T12', 'NOs', 9.00, 9.00, NULL, '2025-07-15 07:18:13', '2025-07-15 07:18:13'),
(3048, 54, 'TOOLS SWMT1506UERMMAH3135 square face mill cutter', 'NOs', 9.00, 9.00, NULL, '2025-07-15 07:18:13', '2025-07-15 07:18:13'),
(3049, 54, 'TOOLS T SLOT CUTTER', 'NOs', 9.00, 9.00, NULL, '2025-07-15 07:18:13', '2025-07-15 07:18:13'),
(3050, 54, 'TOOLS T SLOT CUTTER TIP BRAZING', 'NOs', 9.00, 9.00, NULL, '2025-07-15 07:18:13', '2025-07-15 07:18:13'),
(3051, 54, 'TOOLS TAD12L250M60.0E15 250 DIA FACE MILL CUTTER', 'NOs', 9.00, 9.00, NULL, '2025-07-15 07:18:13', '2025-07-15 07:18:13'),
(3052, 54, 'TOOLS TAD12R250M60.0E15 250 DIA FACE MILL CUTTER', 'NOs', 9.00, 9.00, NULL, '2025-07-15 07:18:13', '2025-07-15 07:18:13'),
(3053, 54, 'TOOLS TC20 45DEG C35 CHAMPHER TOOL', 'NOs', 9.00, 9.00, NULL, '2025-07-15 07:18:13', '2025-07-15 07:18:13'),
(3054, 54, 'TOOLS TCT HOLE SAW CUTTER 32MM', 'NOs', 9.00, 9.00, NULL, '2025-07-15 07:18:13', '2025-07-15 07:18:13'),
(3055, 54, 'TOOLS TCT HOLESAW CUTTER 32MM', 'NOs', 9.00, 9.00, NULL, '2025-07-15 07:18:13', '2025-07-15 07:18:13'),
(3056, 54, 'TOOLS THREADING HOLDER SIR 0032 S22 STS', 'NOs', 9.00, 9.00, NULL, '2025-07-15 07:18:13', '2025-07-15 07:18:13'),
(3057, 54, 'TOOLS TSLOT CUTTER DIA 18X 7.62 FLXR3X18 SH X 70 OAL SC', 'NOs', 9.00, 9.00, 18.00, '2025-07-15 07:18:13', '2025-07-15 07:18:13'),
(3058, 54, 'TOOLS TTEL 32-32 M3 T25', 'NOs', 9.00, 9.00, NULL, '2025-07-15 07:18:13', '2025-07-15 07:18:13'),
(3059, 54, 'TOOLS TXSW15M080B27 0R05 80 dia cutter', 'NOs', 9.00, 9.00, NULL, '2025-07-15 07:18:13', '2025-07-15 07:18:13'),
(3060, 54, 'TOOLS TXSW15M100B32.0R06 100 dia cutter', 'NOs', 9.00, 9.00, NULL, '2025-07-15 07:18:13', '2025-07-15 07:18:13'),
(3061, 54, 'TOOLS WOOD CUTTING BLADE', 'NOs', 9.00, 9.00, NULL, '2025-07-15 07:18:13', '2025-07-15 07:18:13'),
(3062, 54, 'TOOLS WOOD CUTTING BLADE 4\" 40 teeth', 'NOs', 9.00, 9.00, NULL, '2025-07-15 07:18:13', '2025-07-15 07:18:13'),
(3063, 54, 'TOOLSEND MILL DIA85', 'NOs', 9.00, 9.00, NULL, '2025-07-15 07:18:13', '2025-07-15 07:18:13'),
(3064, 54, 'TUNGALLOY CUTTER EPAV06M012C12.0R02', 'NOs', 9.00, 9.00, NULL, '2025-07-15 07:18:13', '2025-07-15 07:18:13'),
(3065, 54, 'TUNGALLOY CUTTER EPAV12M016C16.0R03', 'NOs', 9.00, 9.00, NULL, '2025-07-15 07:18:13', '2025-07-15 07:18:13'),
(3066, 55, 'BELT 1 1950 PK 5R', 'NOs', 9.00, 9.00, NULL, '2025-07-15 07:18:13', '2025-07-15 07:18:13'),
(3067, 55, 'BELT 1 725L/1842PL 8 RIBS', 'NOS', 9.00, 9.00, NULL, '2025-07-15 07:18:13', '2025-07-15 07:18:13'),
(3068, 55, 'BELT 1950PK-5 RIBS', 'NOs', 9.00, 9.00, NULL, '2025-07-15 07:18:13', '2025-07-15 07:18:13'),
(3069, 55, 'BELT A74 FENNER ECODRIVE TRANSMISSION V BELT', 'NOs', 9.00, 9.00, NULL, '2025-07-15 07:18:13', '2025-07-15 07:18:13'),
(3070, 55, 'BELT A75 FENNER ECODRIVE TRANSMISSION V BELT', 'NOs', 9.00, 9.00, NULL, '2025-07-15 07:18:13', '2025-07-15 07:18:13'),
(3071, 55, 'BELT B108 FENNER ECODRIVE TRANSMISSION V BELT', 'NOs', 9.00, 9.00, NULL, '2025-07-15 07:18:13', '2025-07-15 07:18:13'),
(3072, 55, 'BELT B119 FENNER ECODRIVE TRANSMISSION V BELT', 'NOs', 9.00, 9.00, NULL, '2025-07-15 07:18:13', '2025-07-15 07:18:13'),
(3073, 55, 'BELT B99 FENNER ECODRIVE TRANSMISSION V BELT', 'NOs', 9.00, 9.00, NULL, '2025-07-15 07:18:13', '2025-07-15 07:18:13'),
(3074, 55, 'BELT TIGER 16DD SAFETY SHOE', 'NOs', 9.00, 9.00, NULL, '2025-07-15 07:18:13', '2025-07-15 07:18:13'),
(3075, 55, 'BELT TIMER 1248X40XS8M', 'NOs', 9.00, 9.00, NULL, '2025-07-15 07:18:13', '2025-07-15 07:18:13'),
(3076, 55, 'BELT TIMER 810-50-T10', 'NOs', 9.00, 9.00, NULL, '2025-07-15 07:18:13', '2025-07-15 07:18:13'),
(3077, 55, 'BELT TIMER 840-50-T10', 'NOs', 9.00, 9.00, NULL, '2025-07-15 07:18:13', '2025-07-15 07:18:13'),
(3078, 55, 'BELT TIMER BELT 700-40-T10', 'NOs', 9.00, 9.00, NULL, '2025-07-15 07:18:13', '2025-07-15 07:18:13'),
(3079, 55, 'BELT TIMER BELT 780-40-T10', 'NOs', 9.00, 9.00, NULL, '2025-07-15 07:18:13', '2025-07-15 07:18:13'),
(3080, 55, 'BELT TIMER BELT 810-50-T10', 'NOs', 9.00, 9.00, NULL, '2025-07-15 07:18:13', '2025-07-15 07:18:13'),
(3081, 55, 'BELT V BELT', 'NOs', 9.00, 9.00, NULL, '2025-07-15 07:18:13', '2025-07-15 07:18:13'),
(3082, 55, 'BELT V BELT 2310', 'NOs', 9.00, 9.00, NULL, '2025-07-15 07:18:13', '2025-07-15 07:18:13'),
(3083, 55, 'BELT V BELT B38', 'NOs', 9.00, 9.00, NULL, '2025-07-15 07:18:13', '2025-07-15 07:18:13'),
(3084, 55, 'BELT V BELT B75', 'NOs', 9.00, 9.00, NULL, '2025-07-15 07:18:13', '2025-07-15 07:18:13'),
(3085, 55, 'BELT XPS 1150', 'NOs', 9.00, 9.00, NULL, '2025-07-15 07:18:13', '2025-07-15 07:18:13'),
(3086, 55, 'COUPLING RUBBER PADS 55X41X20 M24', 'NOs', 9.00, 9.00, NULL, '2025-07-15 07:18:13', '2025-07-15 07:18:13'),
(3087, 55, 'COUPLING SET CI', 'NOs', 9.00, 9.00, NULL, '2025-07-15 07:18:13', '2025-07-15 07:18:13'),
(3088, 55, 'LJ COUPLING L110 TRANSMISSION COUPLING', 'NOs', 9.00, 9.00, NULL, '2025-07-15 07:18:13', '2025-07-15 07:18:13'),
(3089, 55, 'PMS COUPLING 6X1/4 ED', 'NOs', 9.00, 9.00, NULL, '2025-07-15 07:18:13', '2025-07-15 07:18:13'),
(3090, 55, 'PU STAR', 'NOs', 9.00, 9.00, NULL, '2025-07-15 07:18:13', '2025-07-15 07:18:13'),
(3091, 55, 'RUBBER PAD 2MM 55MMX500MM', 'NOs', 9.00, 9.00, NULL, '2025-07-15 07:18:13', '2025-07-15 07:18:13'),
(3092, 55, 'RUBBER PAD 600X55X20MM', 'NOs', 9.00, 9.00, NULL, '2025-07-15 07:18:13', '2025-07-15 07:18:13'),
(3093, 55, 'RUBBER STAR', 'NOs', 9.00, 9.00, NULL, '2025-07-15 07:18:13', '2025-07-15 07:18:13'),
(3094, 55, 'V BELT A33', 'NOs', 9.00, 9.00, NULL, '2025-07-15 07:18:13', '2025-07-15 07:18:13'),
(3095, 55, 'V BELT A36', 'NOs', 9.00, 9.00, NULL, '2025-07-15 07:18:13', '2025-07-15 07:18:13'),
(3096, 55, 'V BELT A37', 'NOs', 9.00, 9.00, NULL, '2025-07-15 07:18:13', '2025-07-15 07:18:13'),
(3097, 55, 'V BELT A74', 'NOs', 9.00, 9.00, NULL, '2025-07-15 07:18:13', '2025-07-15 07:18:13'),
(3098, 55, 'V BELT B56', 'NOs', 9.00, 9.00, NULL, '2025-07-15 07:18:13', '2025-07-15 07:18:13'),
(3099, 56, 'DENIM TROUSERS BLUE NORMAL FIT', 'NOs', 2.50, 2.50, NULL, '2025-07-15 07:18:13', '2025-07-15 07:18:13'),
(3100, 56, 'POLO T-SHIRT WITH LOGO BRANDING + I FRONT POCKET RG3 BLACK WITH GRAY COMBO NORMAL FIT', 'NOs', 2.50, 2.50, NULL, '2025-07-15 07:18:13', '2025-07-15 07:18:13'),
(3101, 56, 'POLO T-SHIRT WITH LOGO BRANDING + I FRONT POCKET SP-22 MAROON WITH WHITE TIP NORMAL FIT', 'NOs', 2.50, 2.50, NULL, '2025-07-15 07:18:13', '2025-07-15 07:18:13'),
(3102, 56, 'UNIFORM JEANS PANTS', 'NOs', 2.50, 2.50, NULL, '2025-07-15 07:18:13', '2025-07-15 07:18:13'),
(3103, 56, 'UNIFORM T SHIRTS', 'NOs', 2.50, 2.50, NULL, '2025-07-15 07:18:13', '2025-07-15 07:18:13'),
(3104, 57, 'BRASS BRAZING ROD', 'Kgs', 9.00, 9.00, NULL, '2025-07-15 07:18:13', '2025-07-15 07:18:13'),
(3105, 57, 'BRASS BRAZING ROD 3.0mm', 'Kgs', 9.00, 9.00, NULL, '2025-07-15 07:18:13', '2025-07-15 07:18:13'),
(3106, 57, 'CUTTING NOZZLE B 3/64', 'NOs', 9.00, 9.00, NULL, '2025-07-15 07:18:13', '2025-07-15 07:18:13'),
(3107, 57, 'CUTTING NOZZLE ESAB P16 1/16', 'NOs', 9.00, 9.00, NULL, '2025-07-15 07:18:13', '2025-07-15 07:18:13'),
(3108, 57, 'CUTTING NOZZLE ESAB P16 1/32', 'NOs', 9.00, 9.00, NULL, '2025-07-15 07:18:13', '2025-07-15 07:18:13'),
(3109, 57, 'CUTTING NOZZLE ESAB P20 5/64', 'NOs', 9.00, 9.00, NULL, '2025-07-15 07:18:13', '2025-07-15 07:18:13'),
(3110, 57, 'CUTTING NOZZLE MESSER 1/16', 'NOs', 9.00, 9.00, NULL, '2025-07-15 07:18:13', '2025-07-15 07:18:13'),
(3111, 57, 'CUTTING NOZZLE MESSER 5/64', 'NOs', 9.00, 9.00, NULL, '2025-07-15 07:18:13', '2025-07-15 07:18:13'),
(3112, 57, 'CUTTING REGULATOR FR18 PAIR', 'NOs', 9.00, 9.00, NULL, '2025-07-15 07:18:13', '2025-07-15 07:18:13'),
(3113, 57, 'FACE SHEILD', 'NOs', 9.00, 9.00, NULL, '2025-07-15 07:18:13', '2025-07-15 07:18:13'),
(3114, 57, 'GAS BURNER HEAD', 'NOs', 9.00, 9.00, NULL, '2025-07-15 07:18:13', '2025-07-15 07:18:13'),
(3115, 57, 'GAS VALVE', 'NOs', 9.00, 9.00, NULL, '2025-07-15 07:18:13', '2025-07-15 07:18:13'),
(3116, 57, 'LBT201 ANTI SPATTER SPRAY', 'NOs', 9.00, 9.00, NULL, '2025-07-15 07:18:13', '2025-07-15 07:18:13'),
(3117, 57, 'MAGIC SPOT SPRAY', 'NOs', 9.00, 9.00, NULL, '2025-07-15 07:18:13', '2025-07-15 07:18:13'),
(3118, 57, 'MAGIC SPOT SPRAY 550ML', 'NOs', 9.00, 9.00, NULL, '2025-07-15 07:18:13', '2025-07-15 07:18:13'),
(3119, 57, 'OXYGEN  REGULATOR', 'NOs', 9.00, 9.00, NULL, '2025-07-15 07:18:13', '2025-07-15 07:18:13'),
(3120, 57, 'OXYGEN NUT & NIPPLE', 'NOs', 9.00, 9.00, NULL, '2025-07-15 07:18:13', '2025-07-15 07:18:13'),
(3121, 57, 'OXYGEN REGULATOR D M', 'NOs', 9.00, 9.00, NULL, '2025-07-15 07:18:13', '2025-07-15 07:18:13'),
(3122, 57, 'OXYGEN REGULATOR REPAIR', 'NOs', 9.00, 9.00, NULL, '2025-07-15 07:18:13', '2025-07-15 07:18:13'),
(3123, 57, 'PIN TIP HOLDER (N) 500 (O.T.)', 'NOs', 9.00, 9.00, NULL, '2025-07-15 07:18:13', '2025-07-15 07:18:13'),
(3124, 57, 'SAW FLUX OVEN DTC', 'NOs', 9.00, 9.00, NULL, '2025-07-15 07:18:13', '2025-07-15 07:18:13'),
(3125, 57, 'SAW WELDING MACHINE REPAIR CHARGES', 'NOs', 9.00, 9.00, NULL, '2025-07-15 07:18:13', '2025-07-15 07:18:13'),
(3126, 57, 'SAW WELDING TIP', 'NOs', 9.00, 9.00, NULL, '2025-07-15 07:18:13', '2025-07-15 07:18:13'),
(3127, 57, 'SOLDERING LEAD100 GRAM', 'ROLL', 9.00, 9.00, NULL, '2025-07-15 07:18:13', '2025-07-15 07:18:13'),
(3128, 57, 'SS 309 ELECTRODE 3.15MM', 'NOs', 9.00, 9.00, NULL, '2025-07-15 07:18:13', '2025-07-15 07:18:13'),
(3129, 57, 'SS 316 ELECTRODES 3.15MM', 'NOs', 9.00, 9.00, NULL, '2025-07-15 07:18:13', '2025-07-15 07:18:13'),
(3130, 57, 'SS ELECTRODES 2.5MM SS304', 'NOs', 9.00, 9.00, NULL, '2025-07-15 07:18:13', '2025-07-15 07:18:13'),
(3131, 57, 'SS WELDING ROD 3.15MM', 'NOs', 9.00, 9.00, NULL, '2025-07-15 07:18:13', '2025-07-15 07:18:13'),
(3132, 57, 'TORCH LINER', 'NOs', 9.00, 9.00, NULL, '2025-07-15 07:18:13', '2025-07-15 07:18:13'),
(3133, 57, 'WELDING ALFA TIGFILL 1.6mm', 'NOs', 9.00, 9.00, NULL, '2025-07-15 07:18:13', '2025-07-15 07:18:13'),
(3134, 57, 'WELDING BLACK WELDING GLASS', 'NOs', 9.00, 9.00, NULL, '2025-07-15 07:18:13', '2025-07-15 07:18:13'),
(3135, 57, 'WELDING BLACK WELDING GLASS DIN 11', 'NOs', 9.00, 9.00, NULL, '2025-07-15 07:18:13', '2025-07-15 07:18:13'),
(3136, 57, 'WELDING CLEAR WELDING GLASS', 'NOs', 9.00, 9.00, NULL, '2025-07-15 07:18:13', '2025-07-15 07:18:13'),
(3137, 57, 'WELDING Co2 NOZZLE 350A', 'NOs', 9.00, 9.00, NULL, '2025-07-15 07:18:13', '2025-07-15 07:18:13'),
(3138, 57, 'WELDING Co2 NOZZLE 500A', 'NOs', 9.00, 9.00, NULL, '2025-07-15 07:18:13', '2025-07-15 07:18:13'),
(3139, 57, 'WELDING CO2 PRE HEATER', 'NOs', 9.00, 9.00, NULL, '2025-07-15 07:18:13', '2025-07-15 07:18:13'),
(3140, 57, 'WELDING CO2 SPRAY', 'NOs', 9.00, 9.00, NULL, '2025-07-15 07:18:13', '2025-07-15 07:18:13'),
(3141, 57, 'WELDING CO2 TIP 1.2', 'NOs', 9.00, 9.00, NULL, '2025-07-15 07:18:13', '2025-07-15 07:18:13'),
(3142, 57, 'WELDING CO2 TIP 1.6', 'NOs', 9.00, 9.00, NULL, '2025-07-15 07:18:13', '2025-07-15 07:18:13'),
(3143, 57, 'WELDING Co2 TIP PANASONIC', 'NOs', 9.00, 9.00, NULL, '2025-07-15 07:18:13', '2025-07-15 07:18:13'),
(3144, 57, 'WELDING CO2 WIRE 1.2mm', 'NOs', 9.00, 9.00, NULL, '2025-07-15 07:18:13', '2025-07-15 07:18:13'),
(3145, 57, 'WELDING CUTTING NOZZLE A 3/64', 'NOs', 9.00, 9.00, NULL, '2025-07-15 07:18:13', '2025-07-15 07:18:13'),
(3146, 57, 'WELDING CUTTING NOZZLE B-1/16\"', 'NOs', 9.00, 9.00, NULL, '2025-07-15 07:18:13', '2025-07-15 07:18:13'),
(3147, 57, 'WELDING CUTTING NOZZLE B-3/64\"', 'NOs', 9.00, 9.00, NULL, '2025-07-15 07:18:13', '2025-07-15 07:18:13'),
(3148, 57, 'WELDING CUTTING NOZZLE B-5/64', 'NOs', 9.00, 9.00, NULL, '2025-07-15 07:18:13', '2025-07-15 07:18:13'),
(3149, 57, 'WELDING CUTTING TORCH', 'NOs', 9.00, 9.00, NULL, '2025-07-15 07:18:13', '2025-07-15 07:18:13'),
(3150, 57, 'WELDING ESAB OK FLUX 10.71L', 'Kgs', 9.00, 9.00, NULL, '2025-07-15 07:18:13', '2025-07-15 07:18:13'),
(3151, 57, 'WELDING FACE SHEILD', 'NOs', 9.00, 9.00, NULL, '2025-07-15 07:18:13', '2025-07-15 07:18:13'),
(3152, 57, 'WELDING FILLET GUAGE', 'NOs', 9.00, 9.00, NULL, '2025-07-15 07:18:13', '2025-07-15 07:18:13'),
(3153, 57, 'WELDING FLUX 10.71L ESAB', 'kg', 9.00, 9.00, NULL, '2025-07-15 07:18:13', '2025-07-15 07:18:13'),
(3154, 57, 'WELDING FLUX SJ101G', 'NOs', 9.00, 9.00, NULL, '2025-07-15 07:18:13', '2025-07-15 07:18:13'),
(3155, 57, 'WELDING GLASS BLACK', 'NOs', 9.00, 9.00, NULL, '2025-07-15 07:18:13', '2025-07-15 07:18:13'),
(3156, 57, 'WELDING GLASS CLEAR', 'NOs', 9.00, 9.00, NULL, '2025-07-15 07:18:13', '2025-07-15 07:18:13'),
(3157, 57, 'WELDING HAND GLOVES', 'PAIR', 9.00, 9.00, NULL, '2025-07-15 07:18:13', '2025-07-15 07:18:13'),
(3158, 57, 'WELDING HELMET', 'NOs', 9.00, 9.00, NULL, '2025-07-15 07:18:13', '2025-07-15 07:18:13'),
(3159, 57, 'WELDING HOLDER', 'NOs', 9.00, 9.00, NULL, '2025-07-15 07:18:13', '2025-07-15 07:18:13'),
(3160, 57, 'WELDING NOZZLE', 'NOs', 9.00, 9.00, NULL, '2025-07-15 07:18:13', '2025-07-15 07:18:13'),
(3161, 57, 'WELDING NOZZLE 1/32', 'NOs', 9.00, 9.00, NULL, '2025-07-15 07:18:13', '2025-07-15 07:18:13'),
(3162, 57, 'WELDING NOZZLE B-1/16', 'NOs', 9.00, 9.00, NULL, '2025-07-15 07:18:13', '2025-07-15 07:18:13'),
(3163, 57, 'WELDING ROD 10G', 'NOs', 9.00, 9.00, NULL, '2025-07-15 07:18:13', '2025-07-15 07:18:13'),
(3164, 57, 'WELDING ROD 2.5 MM ESAB', 'NOs', 9.00, 9.00, NULL, '2025-07-15 07:18:13', '2025-07-15 07:18:13'),
(3165, 57, 'WELDING ROD 3.15MM', 'NOs', 9.00, 9.00, NULL, '2025-07-15 07:18:13', '2025-07-15 07:18:13'),
(3166, 57, 'WELDING ROD 3.15MM ESAB', 'kg', 9.00, 9.00, NULL, '2025-07-15 07:18:13', '2025-07-15 07:18:13'),
(3167, 57, 'WELDING ROD 4.0MM', 'NOs', 9.00, 9.00, NULL, '2025-07-15 07:18:13', '2025-07-15 07:18:13'),
(3168, 57, 'WELDING ROD ARC 4MM ESAB', 'kg', 9.00, 9.00, NULL, '2025-07-15 07:18:13', '2025-07-15 07:18:13'),
(3169, 57, 'WELDING ROD OK AUTOROD 12.22L 4.0MM', 'Kgs', 9.00, 9.00, NULL, '2025-07-15 07:18:13', '2025-07-15 07:18:13'),
(3170, 57, 'WELDING RODS 7018', 'NOs', 9.00, 9.00, NULL, '2025-07-15 07:18:13', '2025-07-15 07:18:13'),
(3171, 57, 'WELDING RODS ESAAB 3.15MM', 'Kgs', 9.00, 9.00, NULL, '2025-07-15 07:18:13', '2025-07-15 07:18:13'),
(3172, 57, 'WELDING RODS ESAAB 3MM', 'Kgs', 9.00, 9.00, NULL, '2025-07-15 07:18:13', '2025-07-15 07:18:13'),
(3173, 57, 'WELDING RODS ESAAB 4MM', 'Kgs', 9.00, 9.00, NULL, '2025-07-15 07:18:13', '2025-07-15 07:18:13'),
(3174, 57, 'WELDING TIP CO2 1.6', 'NOs', 9.00, 9.00, NULL, '2025-07-15 07:18:13', '2025-07-15 07:18:13'),
(3175, 57, 'WELDING TIP SAW', 'NOs', 9.00, 9.00, NULL, '2025-07-15 07:18:13', '2025-07-15 07:18:13'),
(3176, 57, 'WELDING TORCH LEVER', 'NOs', 9.00, 9.00, NULL, '2025-07-15 07:18:13', '2025-07-15 07:18:13'),
(3177, 57, 'WELDING WIRE 1.2MM CCMS', 'Kgs', 9.00, 9.00, NULL, '2025-07-15 07:18:13', '2025-07-15 07:18:13'),
(3178, 57, 'WELDING WIRE COPPER COATED 1.2MM CCMS 20 SPOOLS', 'kg', 9.00, 9.00, NULL, '2025-07-15 07:18:13', '2025-07-15 07:18:13'),
(3179, 57, 'WELDING WIRE COPPER COATED 1.2MM WELDWELL 20 SPOOLS', 'kg', 9.00, 9.00, NULL, '2025-07-15 07:18:13', '2025-07-15 07:18:13'),
(3180, 57, 'WELDING WIRE COPPER COATED SAW 4.0MM ESAAB', 'kg', 9.00, 9.00, NULL, '2025-07-15 07:18:13', '2025-07-15 07:18:13'),
(3181, 57, 'WELDING WIRE EM12K COPPER COATED WIRE 4.0MM 30 KG SPOOL', 'NOs', 9.00, 9.00, NULL, '2025-07-15 07:18:13', '2025-07-15 07:18:13'),
(3182, 51, 'HONING CHARGES', 'NOs', 6.00, 6.00, NULL, '2025-07-15 07:18:13', '2025-07-15 07:18:13'),
(3183, 43, 'PIPE FITTINGS 3 CPVC MTA BRASS', 'NOs', 9.00, 9.00, NULL, '2025-07-15 07:18:13', '2025-07-15 07:18:13'),
(3184, 43, 'PIPE FITTINGS 3 CPVC COLLAR', 'NOs', 9.00, 9.00, NULL, '2025-07-15 07:18:13', '2025-07-15 07:18:13'),
(3185, 42, 'PIPE 3 CPVC PIPE', 'NOs', 9.00, 9.00, NULL, '2025-07-15 07:18:13', '2025-07-15 07:18:13'),
(3186, 47, 'WIND TURBO VENTILATOR POLYCARBONATE BASE', 'NOs', 9.00, 9.00, NULL, '2025-07-15 07:18:13', '2025-07-15 07:18:13'),
(3187, 35, '64T X 2.25M X 26F/W GEAR', 'NOs', 6.00, 6.00, NULL, '2025-07-15 07:18:13', '2025-07-15 07:18:13'),
(3188, 35, '74T X 1.75M X 26F/W GEAR', 'NOs', 6.00, 6.00, NULL, '2025-07-15 07:18:13', '2025-07-15 07:18:13'),
(3189, 35, '46T X 2.25M X 13F/W GEAR', 'NOs', 6.00, 6.00, NULL, '2025-07-15 07:18:13', '2025-07-15 07:18:13'),
(3190, 35, '44T X 2M X 11.25F/W GEAR', 'NOs', 6.00, 6.00, NULL, '2025-07-15 07:18:13', '2025-07-15 07:18:13'),
(3191, 35, '39T X 1.75M X 13F/W GEAR', 'NOs', 6.00, 6.00, NULL, '2025-07-15 07:18:13', '2025-07-15 07:18:13'),
(3192, 35, '20T X 2M X 15.2LG SHAFT', 'NOs', 6.00, 6.00, NULL, '2025-07-15 07:18:13', '2025-07-15 07:18:13'),
(3193, 35, '28T X 2.25M X 30F/W GEAR', 'NOs', 6.00, 6.00, NULL, '2025-07-15 07:18:13', '2025-07-15 07:18:13'),
(3194, 35, '11T X 10DP X 255F/W GEAR', 'NOs', 6.00, 6.00, NULL, '2025-07-15 07:18:13', '2025-07-15 07:18:13'),
(3195, 54, 'INSERT TDT3E 1.5U  ST1125', 'NOs', 9.00, 9.00, NULL, '2025-07-15 07:18:13', '2025-07-15 07:18:13'),
(3196, 58, 'LASHING BELT 2\"', 'MTR', 6.00, 6.00, NULL, '2025-07-15 07:18:13', '2025-07-15 07:18:13'),
(3197, 1, 'EMERY MOP WHEEL 20X20X60', 'NOs', 9.00, 9.00, NULL, '2025-07-15 07:18:13', '2025-07-15 07:18:13'),
(3198, 35, 'MACHINE LAMP', 'NOs', 9.00, 9.00, NULL, '2025-07-15 07:18:13', '2025-07-15 07:18:13'),
(3199, 35, 'TOWER LAMP', 'NOs', 9.00, 9.00, NULL, '2025-07-15 07:18:13', '2025-07-15 07:18:13'),
(3200, 59, 'FILTER WRENCH 300MM', 'NOs', 9.00, 9.00, NULL, '2025-07-15 07:18:13', '2025-07-15 07:18:13'),
(3201, 51, 'ROOM RENT PAID', 'DAYS', 6.00, 6.00, NULL, '2025-07-15 07:18:13', '2025-07-15 07:18:13'),
(3202, 35, 'HYD FERRULE CON-4', 'NOs', 9.00, 9.00, NULL, '2025-07-15 07:18:13', '2025-07-15 07:18:13'),
(3203, 35, 'HYD FERRULE CON-8', 'NOs', 9.00, 9.00, NULL, '2025-07-15 07:18:13', '2025-07-15 07:18:13'),
(3204, 35, 'HYD NUT DIA 8', 'NOs', 9.00, 9.00, NULL, '2025-07-15 07:18:13', '2025-07-15 07:18:13'),
(3205, 35, 'NYLON TUBE NT-4', 'MTR', 9.00, 9.00, NULL, '2025-07-15 07:18:13', '2025-07-15 07:18:13'),
(3206, 35, 'NYLON TUBE NT-8', 'MTR', 9.00, 9.00, NULL, '2025-07-15 07:18:13', '2025-07-15 07:18:13'),
(3207, 35, 'LUBRICATION CARTRIDGE 0.1cc', 'NOs', 14.00, 14.00, NULL, '2025-07-15 07:18:13', '2025-07-15 07:18:13'),
(3208, 15, 'BEARING THRUST 51105', 'KG', 9.00, 9.00, NULL, '2025-07-15 07:18:13', '2025-07-15 07:18:13'),
(3209, 51, 'HEAT TREATMENT CHARGES', 'KG', 6.00, 6.00, NULL, '2025-07-15 07:18:13', '2025-07-15 07:18:13'),
(3210, 42, 'HYD HOSE 3/8\" R1 X 730MM ST ST 12 DIA', 'NOs', 9.00, 9.00, NULL, '2025-07-15 07:18:13', '2025-07-15 07:18:13'),
(3211, 42, 'HYD HOSE 3/8\" R1 X 580MM ST ST 12 DIA', 'NOs', 9.00, 9.00, NULL, '2025-07-15 07:18:13', '2025-07-15 07:18:13'),
(3212, 42, 'HYD HOSE 3/8\" R1 X 2100MM ST ST 12 DIA', 'NOs', 9.00, 9.00, NULL, '2025-07-15 07:18:13', '2025-07-15 07:18:13'),
(3213, 42, 'HYD HOSE 3/8\" R1 X 780MM ST BEND 3/8\" BSP', 'NOs', 9.00, 9.00, NULL, '2025-07-15 07:18:13', '2025-07-15 07:18:13'),
(3214, 42, 'HYD HOSE 3/8\" R1 X 800MM BOTH SIDE BEND 3/8\" BSP', 'NOs', 9.00, 9.00, NULL, '2025-07-15 07:18:13', '2025-07-15 07:18:13'),
(3215, 42, 'HYD HOSE 3/8\" R1 X 1430MM ST BEND 3/8\" BSP', 'NOs', 9.00, 9.00, NULL, '2025-07-15 07:18:13', '2025-07-15 07:18:13'),
(3216, 42, 'HYD HOSE 3/8\" R1 X 700MM BOTH SIDE BEND 3/8\" BSP', 'NOs', 9.00, 9.00, NULL, '2025-07-15 07:18:13', '2025-07-15 07:18:13'),
(3217, 42, 'HYD HOSE 3/8\" R1 X 700MM ST BEND 3/8\" BSP', 'NOs', 9.00, 9.00, NULL, '2025-07-15 07:18:13', '2025-07-15 07:18:13'),
(3218, 42, 'HYD HOSE 3/8\" R1 X 3700MM ST BEND 3/8\" BSP', 'NOs', 9.00, 9.00, NULL, '2025-07-15 07:18:13', '2025-07-15 07:18:13'),
(3219, 42, 'HYD HOSE 3/8\" R1 X 7200MM ST 1/2\" BSP BEND 12DA', 'NOs', 9.00, 9.00, NULL, '2025-07-15 07:18:13', '2025-07-15 07:18:13'),
(3220, 42, 'HYD HOSE 3/8\" R1 X 3600MM ST ST 3/8\" BSP', 'NOs', 9.00, 9.00, NULL, '2025-07-15 07:18:13', '2025-07-15 07:18:13'),
(3221, 42, 'HYD HOSE 5/16\" R1 X 7450MM ST 3/8\" BSP BEND 10 DIA', 'NOs', 9.00, 9.00, NULL, '2025-07-15 07:18:13', '2025-07-15 07:18:13'),
(3222, 42, 'HYD HOSE 5/16\" R1 X 6950MM ST 3/8\" BSP BEND 10 DIA', 'NOs', 9.00, 9.00, NULL, '2025-07-15 07:18:13', '2025-07-15 07:18:13'),
(3223, 42, 'HYD HOSE 5/16\" R1 X 7570MM ST 3/8\" BSP BEND 10 DIA', 'NOs', 9.00, 9.00, NULL, '2025-07-15 07:18:13', '2025-07-15 07:18:13'),
(3224, 42, 'HYD HOSE 5/16\" R1 X 6900MM ST 3/8\" BSP BEND 10 DIA', 'NOs', 9.00, 9.00, NULL, '2025-07-15 07:18:13', '2025-07-15 07:18:13'),
(3225, 42, 'HYD HOSE 5/16\" R1 X 500MM ST 3/8\" BSP ST 10 DIA', 'NOs', 9.00, 9.00, NULL, '2025-07-15 07:18:13', '2025-07-15 07:18:13'),
(3226, 42, 'HYD HOSE 1/2\" R2 X 600MM ST ST 16 DIA', 'NOs', 9.00, 9.00, NULL, '2025-07-15 07:18:13', '2025-07-15 07:18:13'),
(3227, 42, 'HYD HOSE 1/2\" R2 X 700MM ST ST 18 DIA', 'NOs', 9.00, 9.00, NULL, '2025-07-15 07:18:13', '2025-07-15 07:18:13'),
(3228, 42, 'HYD HOSE 1/2\" R1 X 3600MM ST ST 1/2\" BSP', 'NOs', 9.00, 9.00, NULL, '2025-07-15 07:18:13', '2025-07-15 07:18:13'),
(3229, 42, 'HYD HOSE 3/4\" R1 X 12500MM ST ST 22DIA', 'NOs', 9.00, 9.00, NULL, '2025-07-15 07:18:13', '2025-07-15 07:18:13'),
(3230, 42, 'HYD HOSE 3/4\" R1 X 900MM ST ST 22DIA', 'NOs', 9.00, 9.00, NULL, '2025-07-15 07:18:13', '2025-07-15 07:18:13'),
(3231, 51, 'SERVICE CHARGES', 'NOs', 6.00, 6.00, NULL, '2025-07-15 07:18:13', '2025-07-15 07:18:13'),
(3232, 51, 'EXPENCE REIMBURSEMENT', 'NOs', NULL, NULL, NULL, '2025-07-15 07:18:13', '2025-07-15 07:18:13'),
(3233, 59, 'C SPANNER ER32 HOOK TYPE', 'NOs', 9.00, 9.00, NULL, '2025-07-15 07:18:13', '2025-07-15 07:18:13'),
(3234, 51, 'LABOUR WELFARE FUND REIMBURSEMENT', 'NOs', 9.00, 9.00, NULL, '2025-07-15 07:18:13', '2025-07-15 07:18:13'),
(3235, 34, 'WATER PURIFIER', 'NOs', 9.00, 9.00, NULL, '2025-07-15 07:18:13', '2025-07-15 07:18:13'),
(3236, 36, 'FLOORING TILES 1200X600', 'NOs', 9.00, 9.00, NULL, '2025-07-15 07:18:13', '2025-07-15 07:18:13'),
(3237, 60, 'RM M S PLATES 80MM', 'KG', 9.00, 9.00, NULL, '2025-07-15 07:18:13', '2025-07-15 07:18:13'),
(3238, 60, 'RM M S PLATES 36MM', 'KG', 9.00, 9.00, NULL, '2025-07-15 07:18:13', '2025-07-15 07:18:13'),
(3239, 51, 'WELDING CHARGES', 'NOs', 6.00, 6.00, NULL, '2025-07-15 07:18:13', '2025-07-15 07:18:13'),
(3240, 51, 'INTERNAL KEYWAY SLOTTING CHARGES', 'NOs', 6.00, 6.00, NULL, '2025-07-15 07:18:13', '2025-07-15 07:18:13'),
(3241, 51, 'PROFESSIONAL CHARGES FOR EPFO/ESI', 'NOs', NULL, NULL, NULL, '2025-07-15 07:18:13', '2025-07-15 07:18:13'),
(3242, 35, 'CUTTING NOZZLE MESSER 3/64', 'NOs', 9.00, 9.00, NULL, '2025-07-15 07:18:13', '2025-07-15 07:18:13'),
(3243, 25, 'EYE BOLT M42', 'NOs', 9.00, 9.00, NULL, '2025-07-15 07:18:13', '2025-07-15 07:18:13'),
(3244, 15, 'BEARINGS : 61828-2RSR-Y-FAG', 'NOs', 9.00, 9.00, NULL, '2025-07-15 07:18:13', '2025-07-15 07:18:13'),
(3245, 15, 'BEARINGS: 51128 FAG', 'NOs', 9.00, 9.00, NULL, '2025-07-15 07:18:13', '2025-07-15 07:18:13'),
(3246, 15, 'BEARINGS: SRB50115 F L INA', 'NOs', 9.00, 9.00, NULL, '2025-07-15 07:18:13', '2025-07-15 07:18:13'),
(3247, 15, 'BEARINGS: RAXNZ560 IKO JAPAN', 'NOs', 9.00, 9.00, NULL, '2025-07-15 07:18:13', '2025-07-15 07:18:13'),
(3248, 15, 'BEARINGS:IM20650', 'NOs', 9.00, 9.00, NULL, '2025-07-15 07:18:13', '2025-07-15 07:18:13'),
(3249, 54, 'INSERTS LNMU0303-MJ LG9030', 'NOs', 9.00, 9.00, NULL, '2025-07-15 07:18:13', '2025-07-15 07:18:13'),
(3250, 54, 'MILLING CUTTER LNMU EXNO3R16D150L2T', 'NOs', 9.00, 9.00, NULL, '2025-07-15 07:18:13', '2025-07-15 07:18:13'),
(3251, 51, 'CALIBRATION CHARGES VERNIER CALIPER ANALOG 0-2000', 'NOs', 9.00, 9.00, NULL, '2025-07-15 07:18:13', '2025-07-15 07:18:13'),
(3252, 51, 'CALIBRATION CHARGES  MICROMETER ANALOG 700-725', 'NOs', 9.00, 9.00, NULL, '2025-07-15 07:18:13', '2025-07-15 07:18:13'),
(3253, 51, 'CALIBRATION CHARGES  MICROMETER ANALOG 325-350', 'NOs', 9.00, 9.00, NULL, '2025-07-15 07:18:13', '2025-07-15 07:18:13'),
(3254, 51, 'CALIBRATION CHARGES  MICROMETER ANALOG 300-325', 'NOs', 9.00, 9.00, NULL, '2025-07-15 07:18:13', '2025-07-15 07:18:13');
INSERT INTO `stock_items` (`id`, `category_id`, `item_name`, `uom`, `sgst`, `cgst`, `igst`, `created_at`, `updated_at`) VALUES
(3255, 51, 'CALIBRATION CHARGES  MICROMETER ANALOG 425-450', 'NOs', 9.00, 9.00, NULL, '2025-07-15 07:18:13', '2025-07-15 07:18:13'),
(3256, 25, 'FSTNR HHB 20X150', 'NOs', 9.00, 9.00, NULL, '2025-07-15 07:18:13', '2025-07-15 07:18:13'),
(3257, 25, 'FSTNR SHCS 6X35', 'NOs', 9.00, 9.00, NULL, '2025-07-15 07:18:13', '2025-07-15 07:18:13'),
(3258, 25, 'FSTNR SHCS FT M8X100', 'NOs', 9.00, 9.00, NULL, '2025-07-15 07:18:13', '2025-07-15 07:18:13'),
(3259, 25, 'FSTNR SHCS FT M10X90', 'NOs', 9.00, 9.00, NULL, '2025-07-15 07:18:13', '2025-07-15 07:18:13'),
(3260, 51, 'INSTALLATION CHARGES', 'NOs', 9.00, 9.00, NULL, '2025-07-15 07:18:13', '2025-07-15 07:18:13'),
(3261, 61, 'WHEEL ON PU MOULDING', 'NOs', 9.00, 9.00, NULL, '2025-07-15 07:18:13', '2025-07-15 07:18:13'),
(3262, 51, 'TRUCK HIRE CHARGES', 'NOs', NULL, NULL, NULL, '2025-07-15 07:18:13', '2025-07-15 07:18:13'),
(3263, 15, 'BEARING LINEAR ROLLER  INA RUS 26102 KS LINEAR', 'NOs', 9.00, 9.00, NULL, '2025-07-15 07:18:13', '2025-07-15 07:18:13'),
(3264, 62, 'HOUSE RENT PAID', 'NOs', NULL, NULL, NULL, '2025-07-15 07:18:13', '2025-07-15 07:18:13'),
(3265, 8, 'PAINT APC GLOSS ENAMEL 500ML', 'NOs', 9.00, 9.00, NULL, '2025-07-15 07:18:13', '2025-07-15 07:18:13'),
(3266, 51, 'SUPPORT SERVICS - TRANSPORTATION', 'NOs', 9.00, 9.00, NULL, '2025-07-15 07:18:13', '2025-07-15 07:18:13'),
(3267, 42, 'RM STEEL SQUARE TUBE  150X150X3MM', 'KGS', 9.00, 9.00, NULL, '2025-07-15 07:18:13', '2025-07-15 07:18:13'),
(3268, 60, 'RM CHEKKER PLATE 4MM', 'KGS', 9.00, 9.00, NULL, '2025-07-15 07:18:13', '2025-07-15 07:18:13'),
(3269, 51, 'NORMALISING CHARGES', 'NOs', 6.00, 6.00, NULL, '2025-07-15 07:18:13', '2025-07-15 07:18:13'),
(3270, 57, 'CI NON MACHINABLE ROD 3.15MM', 'NOs', 9.00, 9.00, NULL, '2025-07-15 07:18:13', '2025-07-15 07:18:13'),
(3271, 35, 'MAGNETIC TAPE WITH GVS100 ASSEMBLY 3500MM', 'NOs', 9.00, 9.00, NULL, '2025-07-15 07:18:13', '2025-07-15 07:18:13'),
(3272, 54, 'TOOLS WOOD CUTTING BLADE 12\" 60 teeth', 'NOs', 9.00, 9.00, NULL, '2025-07-15 07:18:13', '2025-07-15 07:18:13'),
(3273, 15, 'BEARING BALL 6203 SKF', 'NOs', 9.00, 9.00, NULL, '2025-07-15 07:18:13', '2025-07-15 07:18:13'),
(3274, 51, 'TRANSFORMER RENT', 'NOs', 9.00, 9.00, NULL, '2025-07-15 07:18:13', '2025-07-15 07:18:13'),
(3275, 51, 'REGRINDING CENTRE BULLETS', 'NOs', 9.00, 9.00, NULL, '2025-07-15 07:18:13', '2025-07-15 07:18:13'),
(3276, 63, 'ELE FITTING LUGS ALU TUBULAR 400 SQMM', 'NOs', 9.00, 9.00, NULL, '2025-07-15 07:18:13', '2025-07-15 07:18:13'),
(3277, 63, 'ELE FITTING LUGS ALU TUBULAR 240 SQMM', 'NOs', 9.00, 9.00, NULL, '2025-07-15 07:18:13', '2025-07-15 07:18:13'),
(3278, 58, 'PLASTIC  TWINE', 'NOs', 9.00, 9.00, NULL, '2025-07-15 07:18:13', '2025-07-15 07:18:13'),
(3279, 59, 'FLAME GUN ALL DIRECTION', 'NOs', 9.00, 9.00, NULL, '2025-07-15 07:18:13', '2025-07-15 07:18:13'),
(3280, 59, 'HANDTOOL CRIMPING TOOL 400 SQ MM', 'NOs', 9.00, 9.00, NULL, '2025-07-15 07:18:13', '2025-07-15 07:18:13'),
(3281, 63, 'ELE FITTING CABLE TIE 250MM KSS', 'NOs', 9.00, 9.00, NULL, '2025-07-15 07:18:13', '2025-07-15 07:18:13'),
(3282, 57, 'CUTTING NOZZLE MESSER 3/32', 'NOs', 9.00, 9.00, NULL, '2025-07-15 07:18:13', '2025-07-15 07:18:13'),
(3283, 54, 'INSERT WNMG SHIM', 'NOs', 9.00, 9.00, NULL, '2025-07-15 07:18:13', '2025-07-15 07:18:13'),
(3284, 42, 'PIPE FITTING1/2 GI COLLAR', 'NOs', 9.00, 9.00, NULL, '2025-07-15 07:18:13', '2025-07-15 07:18:13'),
(3285, 42, 'PIPE FITTING1/2 GI ELBOW', 'NOs', 9.00, 9.00, NULL, '2025-07-15 07:18:13', '2025-07-15 07:18:13'),
(3286, 15, 'BEARING ROLLER PWTR25 INA', 'NOs', 9.00, 9.00, NULL, '2025-07-15 07:18:13', '2025-07-15 07:18:13'),
(3287, 15, 'BEARING ROLLER PWTR30 INA', 'NOs', 9.00, 9.00, NULL, '2025-07-15 07:18:13', '2025-07-15 07:18:13'),
(3288, 59, 'HANDTOOL TAP WRENCH 1\"', 'NOs', 9.00, 9.00, NULL, '2025-07-15 07:18:13', '2025-07-15 07:18:13'),
(3289, 46, 'REGRINDING END MILL CARBIDE 11X2F', 'NOs', 6.00, 6.00, NULL, '2025-07-15 07:18:13', '2025-07-15 07:18:13'),
(3290, 25, 'ITTP M10X45', 'NOs', 9.00, 9.00, NULL, '2025-07-15 07:18:13', '2025-07-15 07:18:13'),
(3291, 25, 'FSTNR SHCS 16X75', 'NOs', 9.00, 9.00, NULL, '2025-07-15 07:18:13', '2025-07-15 07:18:13'),
(3292, 25, 'FSTNR SHCS 4X30', 'NOs', 9.00, 9.00, NULL, '2025-07-15 07:18:13', '2025-07-15 07:18:13'),
(3293, 25, 'FSTNR SHCS 4X35', 'NOs', 9.00, 9.00, NULL, '2025-07-15 07:18:13', '2025-07-15 07:18:13'),
(3294, 25, 'FSTNR SHCS 3X20', 'NOs', 9.00, 9.00, NULL, '2025-07-15 07:18:13', '2025-07-15 07:18:13'),
(3295, 25, 'PLAIN WASHER A 6.4', 'NOs', 9.00, 9.00, NULL, '2025-07-15 07:18:13', '2025-07-15 07:18:13'),
(3296, 25, 'FSTNR SOCKET SET SCREW M16X30', 'NOs', 9.00, 9.00, NULL, '2025-07-15 07:18:13', '2025-07-15 07:18:13'),
(3297, 25, 'FSTNR SOCKET SET SCREW  M6X10', 'NOs', 9.00, 9.00, NULL, '2025-07-15 07:18:13', '2025-07-15 07:18:13'),
(3298, 25, 'T NUT M20X80', 'NOs', 9.00, 9.00, NULL, '2025-07-15 07:18:13', '2025-07-15 07:18:13'),
(3299, 25, 'FSTNR  HEX NUTS 5/8 UNF', 'NOs', 9.00, 9.00, NULL, '2025-07-15 07:18:13', '2025-07-15 07:18:13'),
(3300, 25, 'FSTNR SQ HEAD BOLT 10X50', 'NOs', 9.00, 9.00, NULL, '2025-07-15 07:18:13', '2025-07-15 07:18:13'),
(3301, 64, 'PAID', 'TIME', 0.00, 0.00, 0.00, '2025-07-15 07:18:13', '2025-07-15 07:18:13'),
(3302, 1, 'COMBI WHEEL 100X100X80G', 'NOs', 9.00, 9.00, NULL, '2025-07-15 07:18:13', '2025-07-15 07:18:13'),
(3303, 1, 'ADAPTOR FOR COMBI WHEEL', 'NOs', 9.00, 9.00, NULL, '2025-07-15 07:18:13', '2025-07-15 07:18:13'),
(3304, 1, 'DC WHEELS S125 6.0 24.00', 'NOs', 9.00, 9.00, NULL, '2025-07-15 07:18:13', '2025-07-15 07:18:13'),
(3305, 51, 'TRANSFORMER REPAIR', 'NOs', 9.00, 9.00, NULL, '2025-07-15 07:18:13', '2025-07-15 07:18:13'),
(3306, 54, 'TOOLS SRO 23 M11', 'NOs', 9.00, 9.00, NULL, '2025-07-15 07:18:13', '2025-07-15 07:18:13'),
(3307, 54, 'TOOLS SRO 36 M11', 'NOs', 9.00, 9.00, NULL, '2025-07-15 07:18:13', '2025-07-15 07:18:13'),
(3308, 54, 'TOOLS SRO 42 M11', 'NOs', 9.00, 9.00, NULL, '2025-07-15 07:18:13', '2025-07-15 07:18:13'),
(3309, 31, 'INSERTS 16U ER/L AG60-6 BMA', 'NOs', 9.00, 9.00, NULL, '2025-07-15 07:18:13', '2025-07-15 07:18:13'),
(3310, 32, 'MEASURING TAPE 30MTR FIBRE', 'NOs', 9.00, 9.00, NULL, '2025-07-15 07:18:13', '2025-07-15 07:18:13'),
(3311, 51, 'LASER CALIBRATION CHARGES', 'NOs', 9.00, 9.00, NULL, '2025-07-15 07:18:13', '2025-07-15 07:18:13'),
(3312, 31, 'INSERT TDT 5RU LG1125', 'NOs', 9.00, 9.00, NULL, '2025-07-15 07:18:13', '2025-07-15 07:18:13'),
(3313, 31, 'INSERT TDT 4E 2.0 LG1125', 'NOs', 9.00, 9.00, NULL, '2025-07-15 07:18:13', '2025-07-15 07:18:13'),
(3314, 15, 'BEARING 45 TAC75C-SU-H-PN7C NSK', 'NOs', 9.00, 9.00, NULL, '2025-07-15 07:18:13', '2025-07-15 07:18:13'),
(3315, 43, 'PIPE FITTING 3/4 GI HOSE COLLAR', 'NOs', 9.00, 9.00, NULL, '2025-07-15 07:18:13', '2025-07-15 07:18:13'),
(3316, 42, 'PIPE HOSE 3/4 WHITE BRAIDED PIPE', 'MTR', 9.00, 9.00, NULL, '2025-07-15 07:18:13', '2025-07-15 07:18:13'),
(3317, 42, 'PIPE FITTING 3/4 HOSE CLAMP', 'NOs', 9.00, 9.00, NULL, '2025-07-15 07:18:13', '2025-07-15 07:18:13'),
(3318, 15, 'BEARING BALL 6212 FAG', 'NOs', 9.00, 9.00, NULL, '2025-07-15 07:18:13', '2025-07-15 07:18:13'),
(3319, 15, 'BEARING BALL 16012 FAG', 'NOs', 9.00, 9.00, NULL, '2025-07-15 07:18:13', '2025-07-15 07:18:13'),
(3320, 65, 'BULL NIN 45 (BULL BIN 348X210X200MM)', 'NOs', 9.00, 9.00, NULL, '2025-07-15 07:18:13', '2025-07-15 07:18:13'),
(3321, 65, '612/B (HIPPO BIN 355X220X150MM)', 'NOs', 9.00, 9.00, NULL, '2025-07-15 07:18:13', '2025-07-15 07:18:13'),
(3322, 65, 'PSB-402(PANDA BIN 415X100X110MM - 2 PARTITIONS)', 'NOs', 9.00, 9.00, NULL, '2025-07-15 07:18:13', '2025-07-15 07:18:13'),
(3323, 66, 'WEIGHING SCALE', 'NOs', 9.00, 9.00, NULL, '2025-07-15 07:18:13', '2025-07-15 07:18:13'),
(3324, 15, 'BEARING BALL 608-ZZ SKF', 'NOs', 9.00, 9.00, NULL, '2025-07-15 07:18:13', '2025-07-15 07:18:13'),
(3325, 51, 'SERVICE CHARGES 18', 'NOs', 9.00, 9.00, NULL, '2025-07-15 07:18:13', '2025-07-15 07:18:13'),
(3326, 25, 'FSTNR SHCS 20X80', 'NOs', 9.00, 9.00, NULL, '2025-07-15 07:18:13', '2025-07-15 07:18:13'),
(3327, 25, 'FSTNR SHCS 16X140', 'NOs', 9.00, 9.00, NULL, '2025-07-15 07:18:13', '2025-07-15 07:18:13'),
(3328, 25, 'FSTNR HHB 10X100', 'NOs', 9.00, 9.00, NULL, '2025-07-15 07:18:13', '2025-07-15 07:18:13'),
(3329, 25, 'COTTER PIN 4X25', 'NOs', 9.00, 9.00, NULL, '2025-07-15 07:18:13', '2025-07-15 07:18:13'),
(3330, 25, 'FSTNR SOCKET SET SCREW  M5X16', 'NOs', 9.00, 9.00, NULL, '2025-07-15 07:18:13', '2025-07-15 07:18:13'),
(3331, 54, 'deep hole drill cartridges', 'NOs', 9.00, 9.00, NULL, '2025-07-15 07:18:13', '2025-07-15 07:18:13'),
(3332, 59, 'HANDTOOL ALLEN KEY T6', 'NOs', 9.00, 9.00, NULL, '2025-07-15 07:18:13', '2025-07-15 07:18:13'),
(3333, 59, 'HANDTOOL ALLEN KEY T8', 'NOs', 9.00, 9.00, NULL, '2025-07-15 07:18:13', '2025-07-15 07:18:13'),
(3334, 59, 'HANDTOOL ALLEN KEY T10', 'NOs', 9.00, 9.00, NULL, '2025-07-15 07:18:13', '2025-07-15 07:18:13'),
(3335, 25, 'TOOL HOLDER SCREWS M2.5X6', 'NOs', 9.00, 9.00, NULL, '2025-07-15 07:18:13', '2025-07-15 07:18:13'),
(3336, 25, 'TOOL HOLDER SCREWS M3X8', 'NOs', 9.00, 9.00, NULL, '2025-07-15 07:18:13', '2025-07-15 07:18:13'),
(3337, 25, 'TOOL HOLDER SCREWS M1.8', 'NOs', 9.00, 9.00, NULL, '2025-07-15 07:18:13', '2025-07-15 07:18:13'),
(3338, 46, 'REGRINDING DIA 8 HSS-32.5', 'NOs', 6.00, 6.00, NULL, '2025-07-15 07:18:13', '2025-07-15 07:18:13'),
(3339, 46, 'REGRINDING DIA 7.5 HSS-32.5', 'NOs', 6.00, 6.00, NULL, '2025-07-15 07:18:13', '2025-07-15 07:18:13'),
(3340, 46, 'REGRINDING REAMER HSS 25X3F', 'NOs', 6.00, 6.00, NULL, '2025-07-15 07:18:13', '2025-07-15 07:18:13'),
(3341, 46, 'RESHARPENING 1\"UNC TAP', 'NOs', 6.00, 6.00, NULL, '2025-07-15 07:18:13', '2025-07-15 07:18:13'),
(3342, 46, 'RESHARPENING M20 TAP', 'NOs', 6.00, 6.00, NULL, '2025-07-15 07:18:13', '2025-07-15 07:18:13'),
(3343, 46, 'REGRINDING ENDMILL HSS 40 X 4F', 'NOs', 6.00, 6.00, NULL, '2025-07-15 07:18:13', '2025-07-15 07:18:13'),
(3344, 46, 'REGRINDING ENDMILL CARBIDE 30X6F', 'NOs', 6.00, 6.00, NULL, '2025-07-15 07:18:13', '2025-07-15 07:18:13'),
(3345, 46, 'REGRINDING ENDMILL CARBIDE 7/8\" X6F', 'NOs', 6.00, 6.00, NULL, '2025-07-15 07:18:13', '2025-07-15 07:18:13'),
(3346, 46, 'REGRINDING ENDMILL CARBIDE 21.97X6F', 'NOs', 6.00, 6.00, NULL, '2025-07-15 07:18:13', '2025-07-15 07:18:13'),
(3347, 15, 'BEARING THRUST 51307 NTN', 'NOs', 9.00, 9.00, NULL, '2025-07-15 07:18:13', '2025-07-15 07:18:13'),
(3348, 25, 'DEEP HOLE DRILL SCREWS 7375N-IP9-1-', 'NOs', 9.00, 9.00, NULL, '2025-07-15 07:18:13', '2025-07-15 07:18:13'),
(3349, 34, 'BOSCH PENCIL   GRINDING MACHINE', 'NOs', 9.00, 9.00, NULL, '2025-07-15 07:18:13', '2025-07-15 07:18:13');

-- --------------------------------------------------------

--
-- Table structure for table `tax_invoices`
--

CREATE TABLE `tax_invoices` (
  `id` bigint(20) UNSIGNED NOT NULL,
  `invoice_no` varchar(255) NOT NULL,
  `invoice_date` date NOT NULL,
  `delivery_note` varchar(255) DEFAULT NULL,
  `terms_payment` varchar(255) DEFAULT NULL,
  `reference_no` varchar(255) DEFAULT NULL,
  `other_reference` varchar(255) DEFAULT NULL,
  `company_id` bigint(20) UNSIGNED NOT NULL,
  `address` text DEFAULT NULL,
  `gst` varchar(255) DEFAULT NULL,
  `phone` varchar(255) DEFAULT NULL,
  `email` varchar(255) DEFAULT NULL,
  `buyer_order_no` varchar(255) DEFAULT NULL,
  `reference_date` date DEFAULT NULL,
  `dispatch_through` varchar(255) DEFAULT NULL,
  `destination` varchar(255) DEFAULT NULL,
  `vehicle_no` varchar(255) DEFAULT NULL,
  `terms_of_delivery` varchar(255) DEFAULT NULL,
  `taxable_value` decimal(10,2) DEFAULT 0.00,
  `sgst` decimal(10,2) DEFAULT 0.00,
  `cgst` decimal(10,2) DEFAULT 0.00,
  `igst` decimal(10,2) DEFAULT 0.00,
  `total_tax_amount` decimal(10,2) DEFAULT 0.00,
  `total_amount` decimal(10,2) DEFAULT 0.00,
  `amount_in_words` varchar(255) DEFAULT NULL,
  `created_at` timestamp NULL DEFAULT NULL,
  `updated_at` timestamp NULL DEFAULT NULL
) ENGINE=InnoDB DEFAULT CHARSET=utf8mb4 COLLATE=utf8mb4_unicode_ci;

--
-- Dumping data for table `tax_invoices`
--

INSERT INTO `tax_invoices` (`id`, `invoice_no`, `invoice_date`, `delivery_note`, `terms_payment`, `reference_no`, `other_reference`, `company_id`, `address`, `gst`, `phone`, `email`, `buyer_order_no`, `reference_date`, `dispatch_through`, `destination`, `vehicle_no`, `terms_of_delivery`, `taxable_value`, `sgst`, `cgst`, `igst`, `total_tax_amount`, `total_amount`, `amount_in_words`, `created_at`, `updated_at`) VALUES
(5, 'UEPL/P/INV/0001', '2025-08-02', NULL, NULL, NULL, NULL, 21, 'NO. 87/2, MUNESHWARA LAYOUT, THIGALARAPALYA MAIN ROAD, PEENYA 2ND STAGE, BENGALURU - 560058', '29ABIFA8267E1Z5', '9535372743', 'maheshadityametallizing@gmail.com', NULL, '2025-08-02', NULL, NULL, NULL, NULL, 63232.00, 11381.76, 59438.08, 26557.44, 97377.28, 160610.00, 'One Lakh Sixty Thousand Six Hundred Ten Only', '2025-08-02 02:01:22', '2025-08-02 02:01:22'),
(7, 'UEPL/P/INV/0003', '2025-08-02', NULL, NULL, NULL, NULL, 21, 'NO. 87/2, MUNESHWARA LAYOUT, THIGALARAPALYA MAIN ROAD, PEENYA 2ND STAGE, BENGALURU - 560058', '29ABIFA8267E1Z5', '9535372743', 'maheshadityametallizing@gmail.com', NULL, '2025-08-02', NULL, NULL, NULL, NULL, 63232.00, 11381.76, 59438.08, 26557.44, 97377.28, 160610.00, 'One Lakh Sixty Thousand Six Hundred Ten Only', '2025-08-02 02:02:01', '2025-08-02 02:02:01'),
(8, 'UEPL/P/INV/0004', '2025-08-04', NULL, NULL, NULL, NULL, 21, 'NO. 87/2, MUNESHWARA LAYOUT, THIGALARAPALYA MAIN ROAD, PEENYA 2ND STAGE, BENGALURU - 560058', '29ABIFA8267E1Z5', '9535372743', 'maheshadityametallizing@gmail.com', NULL, '2025-08-02', NULL, NULL, NULL, NULL, 63232.00, 5690.88, 5690.88, 0.00, 11381.76, 74614.00, 'Seventy Four Thousand Six Hundred Fourteen Only', '2025-08-04 03:47:56', '2025-08-04 03:47:56');

-- --------------------------------------------------------

--
-- Table structure for table `tax_invoice_items`
--

CREATE TABLE `tax_invoice_items` (
  `id` bigint(20) UNSIGNED NOT NULL,
  `tax_invoice_id` bigint(20) UNSIGNED NOT NULL,
  `description` text DEFAULT NULL,
  `hsn` varchar(255) DEFAULT NULL,
  `quantity` decimal(10,2) DEFAULT NULL,
  `rate` decimal(10,2) DEFAULT NULL,
  `per` varchar(255) DEFAULT NULL,
  `sgst` decimal(10,2) DEFAULT 0.00,
  `cgst` decimal(10,2) DEFAULT 0.00,
  `igst` decimal(10,2) DEFAULT 0.00,
  `amount` decimal(10,2) DEFAULT NULL,
  `created_at` timestamp NULL DEFAULT NULL,
  `updated_at` timestamp NULL DEFAULT NULL
) ENGINE=InnoDB DEFAULT CHARSET=utf8mb4 COLLATE=utf8mb4_unicode_ci;

--
-- Dumping data for table `tax_invoice_items`
--

INSERT INTO `tax_invoice_items` (`id`, `tax_invoice_id`, `description`, `hsn`, `quantity`, `rate`, `per`, `sgst`, `cgst`, `igst`, `amount`, `created_at`, `updated_at`) VALUES
(7, 5, 'Laborum iusto cupidi', 'Ipsa eos et pariat', 832.00, 76.00, 'Velit voluptates est', 1.00, 5.00, 2.00, 160609.28, '2025-08-02 02:01:22', '2025-08-02 02:01:22'),
(9, 7, 'Laborum iusto cupidi', 'Ipsa eos et pariat', 832.00, 76.00, 'Velit voluptates est', 1.00, 5.00, 2.00, 160609.28, '2025-08-02 02:02:01', '2025-08-02 02:02:01'),
(10, 8, 'Ipsa est ab qui qua-Laborum iusto cupidi', 'Ipsa eos et pariat', 832.00, 76.00, 'Velit voluptates est', 5.00, 5.00, 0.00, 74613.76, '2025-08-04 03:47:56', '2025-08-04 03:47:56');

--
-- Indexes for dumped tables
--

--
-- Indexes for table `account_types`
--
ALTER TABLE `account_types`
  ADD PRIMARY KEY (`id`);

--
-- Indexes for table `categories`
--
ALTER TABLE `categories`
  ADD PRIMARY KEY (`id`),
  ADD UNIQUE KEY `categories_name_unique` (`name`);

--
-- Indexes for table `company_types`
--
ALTER TABLE `company_types`
  ADD PRIMARY KEY (`id`);

--
-- Indexes for table `contact_persons`
--
ALTER TABLE `contact_persons`
  ADD PRIMARY KEY (`id`),
  ADD UNIQUE KEY `contact_persons_email_unique` (`email`),
  ADD KEY `contact_persons_customer_vendor_id_foreign` (`customer_vendor_id`);

--
-- Indexes for table `conversion_processes`
--
ALTER TABLE `conversion_processes`
  ADD PRIMARY KEY (`id`);

--
-- Indexes for table `credit_notes`
--
ALTER TABLE `credit_notes`
  ADD PRIMARY KEY (`id`),
  ADD UNIQUE KEY `credit_notes_credit_note_no_unique` (`credit_note_no`),
  ADD KEY `credit_notes_party_id_foreign` (`party_id`);

--
-- Indexes for table `customer_vendors`
--
ALTER TABLE `customer_vendors`
  ADD PRIMARY KEY (`id`),
  ADD UNIQUE KEY `customer_vendors_gstno_unique` (`gstno`);

--
-- Indexes for table `employees`
--
ALTER TABLE `employees`
  ADD PRIMARY KEY (`id`),
  ADD UNIQUE KEY `employees_employee_id_unique` (`employee_id`);

--
-- Indexes for table `employee_attendances`
--
ALTER TABLE `employee_attendances`
  ADD PRIMARY KEY (`id`);

--
-- Indexes for table `employee_daily_reports`
--
ALTER TABLE `employee_daily_reports`
  ADD PRIMARY KEY (`id`);

--
-- Indexes for table `employee_leaves`
--
ALTER TABLE `employee_leaves`
  ADD PRIMARY KEY (`id`);

--
-- Indexes for table `employee_salary_details`
--
ALTER TABLE `employee_salary_details`
  ADD PRIMARY KEY (`id`),
  ADD KEY `employee_salary_details_employee_id_foreign` (`employee_id`);

--
-- Indexes for table `failed_jobs`
--
ALTER TABLE `failed_jobs`
  ADD PRIMARY KEY (`id`),
  ADD UNIQUE KEY `failed_jobs_uuid_unique` (`uuid`);

--
-- Indexes for table `grns`
--
ALTER TABLE `grns`
  ADD PRIMARY KEY (`id`),
  ADD UNIQUE KEY `grns_grn_no_unique` (`grn_no`);

--
-- Indexes for table `grn_product_details`
--
ALTER TABLE `grn_product_details`
  ADD PRIMARY KEY (`id`),
  ADD KEY `grn_product_details_grn_id_foreign` (`grn_id`);

--
-- Indexes for table `jobs`
--
ALTER TABLE `jobs`
  ADD PRIMARY KEY (`id`),
  ADD KEY `jobs_queue_index` (`queue`);

--
-- Indexes for table `job_batches`
--
ALTER TABLE `job_batches`
  ADD PRIMARY KEY (`id`);

--
-- Indexes for table `machines`
--
ALTER TABLE `machines`
  ADD PRIMARY KEY (`id`),
  ADD UNIQUE KEY `machines_machine_id_unique` (`machine_id`);

--
-- Indexes for table `machine_operator`
--
ALTER TABLE `machine_operator`
  ADD PRIMARY KEY (`id`);

--
-- Indexes for table `manufacturing_plans`
--
ALTER TABLE `manufacturing_plans`
  ADD PRIMARY KEY (`id`);

--
-- Indexes for table `migrations`
--
ALTER TABLE `migrations`
  ADD PRIMARY KEY (`id`);

--
-- Indexes for table `processes`
--
ALTER TABLE `processes`
  ADD PRIMARY KEY (`id`),
  ADD KEY `processes_product_type_id_foreign` (`product_type_id`);

--
-- Indexes for table `process_machine`
--
ALTER TABLE `process_machine`
  ADD PRIMARY KEY (`id`),
  ADD KEY `process_id` (`process_id`),
  ADD KEY `machine_id` (`machine_id`);

--
-- Indexes for table `process_operator`
--
ALTER TABLE `process_operator`
  ADD PRIMARY KEY (`id`);

--
-- Indexes for table `product_types`
--
ALTER TABLE `product_types`
  ADD PRIMARY KEY (`id`),
  ADD UNIQUE KEY `product_types_name_unique` (`name`);

--
-- Indexes for table `purchases`
--
ALTER TABLE `purchases`
  ADD PRIMARY KEY (`id`),
  ADD UNIQUE KEY `purchases_invoice_no_unique` (`invoice_no`),
  ADD UNIQUE KEY `purchases_purchase_id_unique` (`purchase_id`),
  ADD KEY `purchases_party_id_foreign` (`party_id`);

--
-- Indexes for table `purchasesv1`
--
ALTER TABLE `purchasesv1`
  ADD PRIMARY KEY (`id`),
  ADD UNIQUE KEY `purchase_no_unique` (`purchase_no`);

--
-- Indexes for table `purchase_files`
--
ALTER TABLE `purchase_files`
  ADD PRIMARY KEY (`id`);

--
-- Indexes for table `purchase_items`
--
ALTER TABLE `purchase_items`
  ADD PRIMARY KEY (`id`);

--
-- Indexes for table `purchase_orders`
--
ALTER TABLE `purchase_orders`
  ADD PRIMARY KEY (`id`),
  ADD UNIQUE KEY `purchase_orders_purchase_order_no_unique` (`purchase_order_no`);

--
-- Indexes for table `purchase_order_items`
--
ALTER TABLE `purchase_order_items`
  ADD PRIMARY KEY (`id`),
  ADD KEY `purchase_order_items_purchase_order_id_foreign` (`purchase_order_id`);

--
-- Indexes for table `purchase_quotations`
--
ALTER TABLE `purchase_quotations`
  ADD PRIMARY KEY (`id`) USING BTREE,
  ADD UNIQUE KEY `purchase_quotations_quotation_no_unique` (`quotation_no`) USING BTREE;

--
-- Indexes for table `purchase_quotation_files`
--
ALTER TABLE `purchase_quotation_files`
  ADD PRIMARY KEY (`id`);

--
-- Indexes for table `purchase_quotation_items`
--
ALTER TABLE `purchase_quotation_items`
  ADD PRIMARY KEY (`id`) USING BTREE,
  ADD KEY `purchase_quotation_items_purchase_quotation_id_foreign` (`purchase_quotation_id`) USING BTREE;

--
-- Indexes for table `purchase_rfqs`
--
ALTER TABLE `purchase_rfqs`
  ADD PRIMARY KEY (`id`),
  ADD UNIQUE KEY `purchase_rfqs_rfq_no_unique` (`rfq_no`),
  ADD KEY `purchase_rfqs_vendor_id_foreign` (`vendor_id`);

--
-- Indexes for table `purchase_rfq_files`
--
ALTER TABLE `purchase_rfq_files`
  ADD PRIMARY KEY (`id`),
  ADD KEY `purchase_rfq_files_rfq_id_foreign` (`rfq_id`);

--
-- Indexes for table `purchase_rfq_items`
--
ALTER TABLE `purchase_rfq_items`
  ADD PRIMARY KEY (`id`),
  ADD KEY `purchase_rfq_items_rfq_id_foreign` (`rfq_id`);

--
-- Indexes for table `qc_approvals`
--
ALTER TABLE `qc_approvals`
  ADD PRIMARY KEY (`id`),
  ADD KEY `qc_approvals_process_id_foreign` (`process_id`);

--
-- Indexes for table `quality_controls`
--
ALTER TABLE `quality_controls`
  ADD PRIMARY KEY (`id`);

--
-- Indexes for table `quotations`
--
ALTER TABLE `quotations`
  ADD PRIMARY KEY (`id`);

--
-- Indexes for table `raw_materials`
--
ALTER TABLE `raw_materials`
  ADD PRIMARY KEY (`id`),
  ADD UNIQUE KEY `rm_grade` (`rm_grade`);

--
-- Indexes for table `raw_material_files`
--
ALTER TABLE `raw_material_files`
  ADD PRIMARY KEY (`id`),
  ADD KEY `raw_material_files_raw_material_id_foreign` (`raw_material_id`);

--
-- Indexes for table `rfqs`
--
ALTER TABLE `rfqs`
  ADD PRIMARY KEY (`id`);

--
-- Indexes for table `rfq_files`
--
ALTER TABLE `rfq_files`
  ADD PRIMARY KEY (`id`),
  ADD KEY `rfq_files_rfq_id_foreign` (`rfq_id`);

--
-- Indexes for table `rfq_types`
--
ALTER TABLE `rfq_types`
  ADD PRIMARY KEY (`id`);

--
-- Indexes for table `route_cards`
--
ALTER TABLE `route_cards`
  ADD PRIMARY KEY (`id`);

--
-- Indexes for table `route_card_processes`
--
ALTER TABLE `route_card_processes`
  ADD PRIMARY KEY (`id`),
  ADD KEY `route_card_processes_route_card_id_foreign` (`route_card_id`);

--
-- Indexes for table `sales_orders`
--
ALTER TABLE `sales_orders`
  ADD PRIMARY KEY (`id`);

--
-- Indexes for table `sales_order_items`
--
ALTER TABLE `sales_order_items`
  ADD PRIMARY KEY (`id`),
  ADD KEY `sales_order_id` (`sales_order_id`);

--
-- Indexes for table `sessions`
--
ALTER TABLE `sessions`
  ADD PRIMARY KEY (`id`),
  ADD KEY `sessions_user_id_index` (`user_id`),
  ADD KEY `sessions_last_activity_index` (`last_activity`);

--
-- Indexes for table `skumaster`
--
ALTER TABLE `skumaster`
  ADD PRIMARY KEY (`id`);

--
-- Indexes for table `sku_approvals`
--
ALTER TABLE `sku_approvals`
  ADD PRIMARY KEY (`id`);

--
-- Indexes for table `sku_movements`
--
ALTER TABLE `sku_movements`
  ADD PRIMARY KEY (`id`),
  ADD UNIQUE KEY `sku_movements_reference_unique` (`reference`);

--
-- Indexes for table `stock_items`
--
ALTER TABLE `stock_items`
  ADD PRIMARY KEY (`id`),
  ADD KEY `stock_items_category_id_foreign` (`category_id`);

--
-- Indexes for table `tax_invoices`
--
ALTER TABLE `tax_invoices`
  ADD PRIMARY KEY (`id`),
  ADD UNIQUE KEY `tax_invoices_invoice_no_unique` (`invoice_no`);

--
-- Indexes for table `tax_invoice_items`
--
ALTER TABLE `tax_invoice_items`
  ADD PRIMARY KEY (`id`),
  ADD KEY `tax_invoice_items_tax_invoice_id_foreign` (`tax_invoice_id`);

--
-- AUTO_INCREMENT for dumped tables
--

--
-- AUTO_INCREMENT for table `account_types`
--
ALTER TABLE `account_types`
  MODIFY `id` bigint(20) UNSIGNED NOT NULL AUTO_INCREMENT, AUTO_INCREMENT=22;

--
-- AUTO_INCREMENT for table `categories`
--
ALTER TABLE `categories`
  MODIFY `id` bigint(20) UNSIGNED NOT NULL AUTO_INCREMENT, AUTO_INCREMENT=67;

--
-- AUTO_INCREMENT for table `company_types`
--
ALTER TABLE `company_types`
  MODIFY `id` bigint(20) UNSIGNED NOT NULL AUTO_INCREMENT, AUTO_INCREMENT=28;

--
-- AUTO_INCREMENT for table `contact_persons`
--
ALTER TABLE `contact_persons`
  MODIFY `id` bigint(20) UNSIGNED NOT NULL AUTO_INCREMENT, AUTO_INCREMENT=41;

--
-- AUTO_INCREMENT for table `conversion_processes`
--
ALTER TABLE `conversion_processes`
  MODIFY `id` bigint(20) UNSIGNED NOT NULL AUTO_INCREMENT, AUTO_INCREMENT=27;

--
-- AUTO_INCREMENT for table `credit_notes`
--
ALTER TABLE `credit_notes`
  MODIFY `id` bigint(20) UNSIGNED NOT NULL AUTO_INCREMENT, AUTO_INCREMENT=10;

--
-- AUTO_INCREMENT for table `customer_vendors`
--
ALTER TABLE `customer_vendors`
  MODIFY `id` bigint(20) UNSIGNED NOT NULL AUTO_INCREMENT, AUTO_INCREMENT=2004;

--
-- AUTO_INCREMENT for table `employees`
--
ALTER TABLE `employees`
  MODIFY `id` bigint(20) UNSIGNED NOT NULL AUTO_INCREMENT, AUTO_INCREMENT=103;

--
-- AUTO_INCREMENT for table `employee_attendances`
--
ALTER TABLE `employee_attendances`
  MODIFY `id` bigint(20) UNSIGNED NOT NULL AUTO_INCREMENT, AUTO_INCREMENT=181;

--
-- AUTO_INCREMENT for table `employee_daily_reports`
--
ALTER TABLE `employee_daily_reports`
  MODIFY `id` bigint(20) UNSIGNED NOT NULL AUTO_INCREMENT, AUTO_INCREMENT=5;

--
-- AUTO_INCREMENT for table `employee_leaves`
--
ALTER TABLE `employee_leaves`
  MODIFY `id` bigint(20) UNSIGNED NOT NULL AUTO_INCREMENT, AUTO_INCREMENT=16;

--
-- AUTO_INCREMENT for table `employee_salary_details`
--
ALTER TABLE `employee_salary_details`
  MODIFY `id` bigint(20) UNSIGNED NOT NULL AUTO_INCREMENT, AUTO_INCREMENT=7;

--
-- AUTO_INCREMENT for table `failed_jobs`
--
ALTER TABLE `failed_jobs`
  MODIFY `id` bigint(20) UNSIGNED NOT NULL AUTO_INCREMENT;

--
-- AUTO_INCREMENT for table `grns`
--
ALTER TABLE `grns`
  MODIFY `id` bigint(20) UNSIGNED NOT NULL AUTO_INCREMENT, AUTO_INCREMENT=19;

--
-- AUTO_INCREMENT for table `grn_product_details`
--
ALTER TABLE `grn_product_details`
  MODIFY `id` bigint(20) UNSIGNED NOT NULL AUTO_INCREMENT, AUTO_INCREMENT=34;

--
-- AUTO_INCREMENT for table `jobs`
--
ALTER TABLE `jobs`
  MODIFY `id` bigint(20) UNSIGNED NOT NULL AUTO_INCREMENT;

--
-- AUTO_INCREMENT for table `machines`
--
ALTER TABLE `machines`
  MODIFY `id` bigint(20) UNSIGNED NOT NULL AUTO_INCREMENT, AUTO_INCREMENT=56;

--
-- AUTO_INCREMENT for table `machine_operator`
--
ALTER TABLE `machine_operator`
  MODIFY `id` bigint(20) UNSIGNED NOT NULL AUTO_INCREMENT, AUTO_INCREMENT=11;

--
-- AUTO_INCREMENT for table `manufacturing_plans`
--
ALTER TABLE `manufacturing_plans`
  MODIFY `id` bigint(20) UNSIGNED NOT NULL AUTO_INCREMENT;

--
-- AUTO_INCREMENT for table `migrations`
--
ALTER TABLE `migrations`
  MODIFY `id` int(10) UNSIGNED NOT NULL AUTO_INCREMENT, AUTO_INCREMENT=56;

--
-- AUTO_INCREMENT for table `processes`
--
ALTER TABLE `processes`
  MODIFY `id` bigint(20) UNSIGNED NOT NULL AUTO_INCREMENT, AUTO_INCREMENT=58;

--
-- AUTO_INCREMENT for table `process_machine`
--
ALTER TABLE `process_machine`
  MODIFY `id` bigint(20) UNSIGNED NOT NULL AUTO_INCREMENT, AUTO_INCREMENT=36;

--
-- AUTO_INCREMENT for table `process_operator`
--
ALTER TABLE `process_operator`
  MODIFY `id` bigint(20) UNSIGNED NOT NULL AUTO_INCREMENT, AUTO_INCREMENT=14;

--
-- AUTO_INCREMENT for table `product_types`
--
ALTER TABLE `product_types`
  MODIFY `id` bigint(20) UNSIGNED NOT NULL AUTO_INCREMENT, AUTO_INCREMENT=14;

--
-- AUTO_INCREMENT for table `purchases`
--
ALTER TABLE `purchases`
  MODIFY `id` bigint(20) UNSIGNED NOT NULL AUTO_INCREMENT, AUTO_INCREMENT=32;

--
-- AUTO_INCREMENT for table `purchasesv1`
--
ALTER TABLE `purchasesv1`
  MODIFY `id` bigint(20) UNSIGNED NOT NULL AUTO_INCREMENT, AUTO_INCREMENT=19;

--
-- AUTO_INCREMENT for table `purchase_files`
--
ALTER TABLE `purchase_files`
  MODIFY `id` bigint(20) UNSIGNED NOT NULL AUTO_INCREMENT, AUTO_INCREMENT=13;

--
-- AUTO_INCREMENT for table `purchase_items`
--
ALTER TABLE `purchase_items`
  MODIFY `id` bigint(20) NOT NULL AUTO_INCREMENT, AUTO_INCREMENT=24;

--
-- AUTO_INCREMENT for table `purchase_orders`
--
ALTER TABLE `purchase_orders`
  MODIFY `id` bigint(20) UNSIGNED NOT NULL AUTO_INCREMENT, AUTO_INCREMENT=52;

--
-- AUTO_INCREMENT for table `purchase_order_items`
--
ALTER TABLE `purchase_order_items`
  MODIFY `id` bigint(20) UNSIGNED NOT NULL AUTO_INCREMENT, AUTO_INCREMENT=143;

--
-- AUTO_INCREMENT for table `purchase_quotations`
--
ALTER TABLE `purchase_quotations`
  MODIFY `id` bigint(20) UNSIGNED NOT NULL AUTO_INCREMENT, AUTO_INCREMENT=63;

--
-- AUTO_INCREMENT for table `purchase_quotation_files`
--
ALTER TABLE `purchase_quotation_files`
  MODIFY `id` bigint(20) NOT NULL AUTO_INCREMENT, AUTO_INCREMENT=9;

--
-- AUTO_INCREMENT for table `purchase_quotation_items`
--
ALTER TABLE `purchase_quotation_items`
  MODIFY `id` bigint(20) UNSIGNED NOT NULL AUTO_INCREMENT, AUTO_INCREMENT=165;

--
-- AUTO_INCREMENT for table `purchase_rfqs`
--
ALTER TABLE `purchase_rfqs`
  MODIFY `id` bigint(20) UNSIGNED NOT NULL AUTO_INCREMENT, AUTO_INCREMENT=44;

--
-- AUTO_INCREMENT for table `purchase_rfq_files`
--
ALTER TABLE `purchase_rfq_files`
  MODIFY `id` bigint(20) UNSIGNED NOT NULL AUTO_INCREMENT, AUTO_INCREMENT=9;

--
-- AUTO_INCREMENT for table `purchase_rfq_items`
--
ALTER TABLE `purchase_rfq_items`
  MODIFY `id` bigint(20) UNSIGNED NOT NULL AUTO_INCREMENT, AUTO_INCREMENT=102;

--
-- AUTO_INCREMENT for table `qc_approvals`
--
ALTER TABLE `qc_approvals`
  MODIFY `id` bigint(20) UNSIGNED NOT NULL AUTO_INCREMENT, AUTO_INCREMENT=31;

--
-- AUTO_INCREMENT for table `quality_controls`
--
ALTER TABLE `quality_controls`
  MODIFY `id` bigint(20) UNSIGNED NOT NULL AUTO_INCREMENT;

--
-- AUTO_INCREMENT for table `quotations`
--
ALTER TABLE `quotations`
  MODIFY `id` bigint(20) UNSIGNED NOT NULL AUTO_INCREMENT, AUTO_INCREMENT=24;

--
-- AUTO_INCREMENT for table `raw_materials`
--
ALTER TABLE `raw_materials`
  MODIFY `id` bigint(20) UNSIGNED NOT NULL AUTO_INCREMENT, AUTO_INCREMENT=17;

--
-- AUTO_INCREMENT for table `raw_material_files`
--
ALTER TABLE `raw_material_files`
  MODIFY `id` bigint(20) UNSIGNED NOT NULL AUTO_INCREMENT, AUTO_INCREMENT=9;

--
-- AUTO_INCREMENT for table `rfqs`
--
ALTER TABLE `rfqs`
  MODIFY `id` bigint(20) UNSIGNED NOT NULL AUTO_INCREMENT, AUTO_INCREMENT=19;

--
-- AUTO_INCREMENT for table `rfq_files`
--
ALTER TABLE `rfq_files`
  MODIFY `id` bigint(20) UNSIGNED NOT NULL AUTO_INCREMENT, AUTO_INCREMENT=14;

--
-- AUTO_INCREMENT for table `rfq_types`
--
ALTER TABLE `rfq_types`
  MODIFY `id` bigint(20) UNSIGNED NOT NULL AUTO_INCREMENT, AUTO_INCREMENT=19;

--
-- AUTO_INCREMENT for table `route_cards`
--
ALTER TABLE `route_cards`
  MODIFY `id` bigint(20) UNSIGNED NOT NULL AUTO_INCREMENT, AUTO_INCREMENT=67;

--
-- AUTO_INCREMENT for table `route_card_processes`
--
ALTER TABLE `route_card_processes`
  MODIFY `id` bigint(20) UNSIGNED NOT NULL AUTO_INCREMENT, AUTO_INCREMENT=178;

--
-- AUTO_INCREMENT for table `sales_orders`
--
ALTER TABLE `sales_orders`
  MODIFY `id` bigint(20) UNSIGNED NOT NULL AUTO_INCREMENT, AUTO_INCREMENT=32;

--
-- AUTO_INCREMENT for table `sales_order_items`
--
ALTER TABLE `sales_order_items`
  MODIFY `id` bigint(20) UNSIGNED NOT NULL AUTO_INCREMENT, AUTO_INCREMENT=40;

--
-- AUTO_INCREMENT for table `skumaster`
--
ALTER TABLE `skumaster`
  MODIFY `id` bigint(20) UNSIGNED NOT NULL AUTO_INCREMENT, AUTO_INCREMENT=11;

--
-- AUTO_INCREMENT for table `sku_approvals`
--
ALTER TABLE `sku_approvals`
  MODIFY `id` bigint(20) UNSIGNED NOT NULL AUTO_INCREMENT, AUTO_INCREMENT=3;

--
-- AUTO_INCREMENT for table `sku_movements`
--
ALTER TABLE `sku_movements`
  MODIFY `id` bigint(20) UNSIGNED NOT NULL AUTO_INCREMENT, AUTO_INCREMENT=13;

--
-- AUTO_INCREMENT for table `stock_items`
--
ALTER TABLE `stock_items`
  MODIFY `id` bigint(20) UNSIGNED NOT NULL AUTO_INCREMENT, AUTO_INCREMENT=3350;

--
-- AUTO_INCREMENT for table `tax_invoices`
--
ALTER TABLE `tax_invoices`
  MODIFY `id` bigint(20) UNSIGNED NOT NULL AUTO_INCREMENT, AUTO_INCREMENT=9;

--
-- AUTO_INCREMENT for table `tax_invoice_items`
--
ALTER TABLE `tax_invoice_items`
  MODIFY `id` bigint(20) UNSIGNED NOT NULL AUTO_INCREMENT, AUTO_INCREMENT=11;

--
-- Constraints for dumped tables
--

--
-- Constraints for table `contact_persons`
--
ALTER TABLE `contact_persons`
  ADD CONSTRAINT `contact_persons_customer_vendor_id_foreign` FOREIGN KEY (`customer_vendor_id`) REFERENCES `customer_vendors` (`id`) ON DELETE CASCADE;

--
-- Constraints for table `credit_notes`
--
ALTER TABLE `credit_notes`
  ADD CONSTRAINT `credit_notes_party_id_foreign` FOREIGN KEY (`party_id`) REFERENCES `customer_vendors` (`id`);

--
-- Constraints for table `employee_salary_details`
--
ALTER TABLE `employee_salary_details`
  ADD CONSTRAINT `employee_salary_details_employee_id_foreign` FOREIGN KEY (`employee_id`) REFERENCES `employees` (`id`) ON DELETE CASCADE;

--
-- Constraints for table `grn_product_details`
--
ALTER TABLE `grn_product_details`
  ADD CONSTRAINT `grn_product_details_grn_id_foreign` FOREIGN KEY (`grn_id`) REFERENCES `grns` (`id`) ON DELETE CASCADE;

--
-- Constraints for table `processes`
--
ALTER TABLE `processes`
  ADD CONSTRAINT `processes_product_type_id_foreign` FOREIGN KEY (`product_type_id`) REFERENCES `product_types` (`id`) ON DELETE CASCADE;

--
-- Constraints for table `process_machine`
--
ALTER TABLE `process_machine`
  ADD CONSTRAINT `process_machine_ibfk_1` FOREIGN KEY (`process_id`) REFERENCES `processes` (`id`) ON DELETE CASCADE,
  ADD CONSTRAINT `process_machine_ibfk_2` FOREIGN KEY (`machine_id`) REFERENCES `machines` (`id`) ON DELETE CASCADE;

--
-- Constraints for table `purchases`
--
ALTER TABLE `purchases`
  ADD CONSTRAINT `purchases_party_id_foreign` FOREIGN KEY (`party_id`) REFERENCES `customer_vendors` (`id`);

--
-- Constraints for table `purchase_order_items`
--
ALTER TABLE `purchase_order_items`
  ADD CONSTRAINT `purchase_order_items_purchase_order_id_foreign` FOREIGN KEY (`purchase_order_id`) REFERENCES `purchase_orders` (`id`) ON DELETE CASCADE;

--
-- Constraints for table `purchase_quotation_items`
--
ALTER TABLE `purchase_quotation_items`
  ADD CONSTRAINT `purchase_quotation_items_purchase_quotation_id_foreign` FOREIGN KEY (`purchase_quotation_id`) REFERENCES `purchase_quotations` (`id`) ON DELETE CASCADE ON UPDATE NO ACTION;

--
-- Constraints for table `purchase_rfqs`
--
ALTER TABLE `purchase_rfqs`
  ADD CONSTRAINT `purchase_rfqs_vendor_id_foreign` FOREIGN KEY (`vendor_id`) REFERENCES `customer_vendors` (`id`) ON DELETE CASCADE;

--
-- Constraints for table `purchase_rfq_files`
--
ALTER TABLE `purchase_rfq_files`
  ADD CONSTRAINT `purchase_rfq_files_rfq_id_foreign` FOREIGN KEY (`rfq_id`) REFERENCES `purchase_rfqs` (`id`) ON DELETE CASCADE;

--
-- Constraints for table `purchase_rfq_items`
--
ALTER TABLE `purchase_rfq_items`
  ADD CONSTRAINT `purchase_rfq_items_rfq_id_foreign` FOREIGN KEY (`rfq_id`) REFERENCES `purchase_rfqs` (`id`) ON DELETE CASCADE;

--
-- Constraints for table `qc_approvals`
--
ALTER TABLE `qc_approvals`
  ADD CONSTRAINT `qc_approvals_process_id_foreign` FOREIGN KEY (`process_id`) REFERENCES `route_card_processes` (`id`) ON DELETE CASCADE;

--
-- Constraints for table `raw_material_files`
--
ALTER TABLE `raw_material_files`
  ADD CONSTRAINT `raw_material_files_raw_material_id_foreign` FOREIGN KEY (`raw_material_id`) REFERENCES `raw_materials` (`id`) ON DELETE CASCADE;

--
-- Constraints for table `rfq_files`
--
ALTER TABLE `rfq_files`
  ADD CONSTRAINT `rfq_files_rfq_id_foreign` FOREIGN KEY (`rfq_id`) REFERENCES `rfqs` (`id`) ON DELETE CASCADE;

--
-- Constraints for table `route_card_processes`
--
ALTER TABLE `route_card_processes`
  ADD CONSTRAINT `route_card_processes_route_card_id_foreign` FOREIGN KEY (`route_card_id`) REFERENCES `route_cards` (`id`) ON DELETE CASCADE;

--
-- Constraints for table `sales_order_items`
--
ALTER TABLE `sales_order_items`
  ADD CONSTRAINT `fk_sales_order` FOREIGN KEY (`sales_order_id`) REFERENCES `sales_orders` (`id`) ON DELETE CASCADE;

--
-- Constraints for table `stock_items`
--
ALTER TABLE `stock_items`
  ADD CONSTRAINT `stock_items_category_id_foreign` FOREIGN KEY (`category_id`) REFERENCES `categories` (`id`) ON DELETE CASCADE;

--
-- Constraints for table `tax_invoice_items`
--
ALTER TABLE `tax_invoice_items`
  ADD CONSTRAINT `tax_invoice_items_tax_invoice_id_foreign` FOREIGN KEY (`tax_invoice_id`) REFERENCES `tax_invoices` (`id`) ON DELETE CASCADE;
COMMIT;

